{"id":462,"date":"2019-01-24T04:18:02","date_gmt":"2019-01-24T04:18:02","guid":{"rendered":"https:\/\/demoapus2.com\/ogami\/?page_id=462"},"modified":"2023-02-10T15:15:55","modified_gmt":"2023-02-10T15:15:55","slug":"nosotros","status":"publish","type":"page","link":"https:\/\/macronaturalsshop.com\/?page_id=462","title":{"rendered":"Nosotros"},"content":{"rendered":"\t\t<div data-elementor-type=\"wp-post\" data-elementor-id=\"462\" class=\"elementor elementor-462\">\n\t\t\t\t\t\t<section class=\"elementor-section elementor-top-section elementor-element elementor-element-1481a8b elementor-section-stretched elementor-section-content-middle elementor-section-boxed elementor-section-height-default elementor-section-height-default\" data-id=\"1481a8b\" data-element_type=\"section\" data-settings=\"{&quot;stretch_section&quot;:&quot;section-stretched&quot;}\">\n\t\t\t\t\t\t<div class=\"elementor-container elementor-column-gap-wider\">\n\t\t\t\t\t<div class=\"elementor-column elementor-col-50 elementor-top-column elementor-element elementor-element-f6ac98e\" data-id=\"f6ac98e\" data-element_type=\"column\">\n\t\t\t<div class=\"elementor-widget-wrap elementor-element-populated\">\n\t\t\t\t\t\t<div class=\"elementor-element elementor-element-5effa91 elementor-widget elementor-widget-ogami_heading\" data-id=\"5effa91\" data-element_type=\"widget\" data-widget_type=\"ogami_heading.default\">\n\t\t\t\t<div class=\"elementor-widget-container\">\n\t\t\t<h2 class=\"ogami-heading-title ogami-size-default\">Nosotros<\/h2><div class=\"image-wrapper\"><img decoding=\"async\" width=\"90\" height=\"3\" src=\"image\/svg+xml;charset=utf-8,%3Csvg xmlns%3D&#039;http%3A%2F%2Fwww.w3.org%2F2000%2Fsvg&#039; viewBox%3D&#039;0 0 90 3&#039;%2F%3E\" class=\"attachment-full size-full unveil-image\" alt=\"\" data-src=\"https:\/\/macronaturalsshop.com\/wp-content\/uploads\/2019\/01\/line.jpg\" \/><\/div>\t\t<\/div>\n\t\t\t\t<\/div>\n\t\t\t\t<div class=\"elementor-element elementor-element-5aa6bc4 elementor-widget elementor-widget-text-editor\" data-id=\"5aa6bc4\" data-element_type=\"widget\" data-widget_type=\"text-editor.default\">\n\t\t\t\t<div class=\"elementor-widget-container\">\n\t\t\t\t\t\t\t<p>Como un anhelo, <strong>Macrobi\u00f3tica Natural\u2019s Shop<\/strong> es \u2018\u2019un sue\u00f1o hecho realidad\u2019\u2019, somos una peque\u00f1a empresa familiar, cuyo objetivo es ayudar y servir a nuestros clientes.<\/p><p>Tenemos una tienda f\u00edsica ubicada en <strong>San Pablo de Heredia<\/strong> y como parte de nuestro proceso de expansi\u00f3n, hemos dispuesto de este sitio web para que, desde la facilidad de su casa u oficina pueda adquirir nuestros excelentes productos.<\/p><p>Ofrecemos <strong>alternativas naturales y org\u00e1nicas<\/strong> para mejorar y cuidar la calidad de vida de las personas.<br \/>Nuestra meta y lo m\u00e1s importante es generar felicidad y bienestar a nuestros clientes cada d\u00eda.<\/p><p>Para <strong>Macrobi\u00f3tica Natural\u2019s Shop<\/strong>, es un placer atenderle y poder ayudarle en sus necesidades cada d\u00eda.<\/p>\t\t\t\t\t\t<\/div>\n\t\t\t\t<\/div>\n\t\t\t\t\t<\/div>\n\t\t<\/div>\n\t\t\t\t<div class=\"elementor-column elementor-col-50 elementor-top-column elementor-element elementor-element-f3703bc\" data-id=\"f3703bc\" data-element_type=\"column\">\n\t\t\t<div class=\"elementor-widget-wrap elementor-element-populated\">\n\t\t\t\t\t\t<div class=\"elementor-element elementor-element-fea8a48 elementor-widget elementor-widget-image\" data-id=\"fea8a48\" data-element_type=\"widget\" data-widget_type=\"image.default\">\n\t\t\t\t<div class=\"elementor-widget-container\">\n\t\t\t\t\t\t\t\t\t\t\t\t\t<img fetchpriority=\"high\" decoding=\"async\" width=\"660\" height=\"518\" src=\"https:\/\/macronaturalsshop.com\/wp-content\/uploads\/2023\/02\/Recurso-6-1024x804.png\" class=\"attachment-large size-large wp-image-1810\" alt=\"\" srcset=\"https:\/\/macronaturalsshop.com\/wp-content\/uploads\/2023\/02\/Recurso-6-1024x804.png 1024w, https:\/\/macronaturalsshop.com\/wp-content\/uploads\/2023\/02\/Recurso-6-300x235.png 300w, https:\/\/macronaturalsshop.com\/wp-content\/uploads\/2023\/02\/Recurso-6-768x603.png 768w, https:\/\/macronaturalsshop.com\/wp-content\/uploads\/2023\/02\/Recurso-6-1536x1205.png 1536w, https:\/\/macronaturalsshop.com\/wp-content\/uploads\/2023\/02\/Recurso-6-600x471.png 600w, https:\/\/macronaturalsshop.com\/wp-content\/uploads\/2023\/02\/Recurso-6.png 1886w\" sizes=\"(max-width: 660px) 100vw, 660px\" \/>\t\t\t\t\t\t\t\t\t\t\t\t\t<\/div>\n\t\t\t\t<\/div>\n\t\t\t\t\t<\/div>\n\t\t<\/div>\n\t\t\t\t\t<\/div>\n\t\t<\/section>\n\t\t\t\t<\/div>\n\t\t","protected":false},"excerpt":{"rendered":"<p>Nosotros Como un anhelo, Macrobi\u00f3tica Natural\u2019s Shop es \u2018\u2019un sue\u00f1o hecho realidad\u2019\u2019, somos una peque\u00f1a empresa familiar, cuyo objetivo es ayudar y servir a nuestros clientes. Tenemos una tienda f\u00edsica ubicada en San Pablo de Heredia y como parte de nuestro proceso de expansi\u00f3n, hemos dispuesto de este sitio web para que, desde la facilidad &hellip; <br \/><a href=\"https:\/\/macronaturalsshop.com\/?page_id=462\" class=\"more-link\">Continue reading <span class=\"screen-reader-text\">Nosotros<\/span><\/a><\/p>\n","protected":false},"author":1,"featured_media":0,"parent":0,"menu_order":0,"comment_status":"closed","ping_status":"closed","template":"","meta":{"footnotes":""},"class_list":["post-462","page","type-page","status-publish","hentry"],"jetpack_sharing_enabled":true,"_links":{"self":[{"href":"https:\/\/macronaturalsshop.com\/index.php?rest_route=\/wp\/v2\/pages\/462"}],"collection":[{"href":"https:\/\/macronaturalsshop.com\/index.php?rest_route=\/wp\/v2\/pages"}],"about":[{"href":"https:\/\/macronaturalsshop.com\/index.php?rest_route=\/wp\/v2\/types\/page"}],"author":[{"embeddable":true,"href":"https:\/\/macronaturalsshop.com\/index.php?rest_route=\/wp\/v2\/users\/1"}],"replies":[{"embeddable":true,"href":"https:\/\/macronaturalsshop.com\/index.php?rest_route=%2Fwp%2Fv2%2Fcomments&post=462"}],"version-history":[{"count":17,"href":"https:\/\/macronaturalsshop.com\/index.php?rest_route=\/wp\/v2\/pages\/462\/revisions"}],"predecessor-version":[{"id":1828,"href":"https:\/\/macronaturalsshop.com\/index.php?rest_route=\/wp\/v2\/pages\/462\/revisions\/1828"}],"wp:attachment":[{"href":"https:\/\/macronaturalsshop.com\/index.php?rest_route=%2Fwp%2Fv2%2Fmedia&parent=462"}],"curies":[{"name":"wp","href":"https:\/\/api.w.org\/{rel}","templated":true}]}}