{"id":1764,"date":"2025-08-29T07:00:46","date_gmt":"2025-08-29T07:00:46","guid":{"rendered":"https:\/\/macronaturalsshop.com\/?post_type=product&#038;p=1764"},"modified":"2025-08-29T23:14:41","modified_gmt":"2025-08-29T23:14:41","slug":"serocap","status":"publish","type":"product","link":"https:\/\/macronaturalsshop.com\/?product=serocap","title":{"rendered":"Serocap 60 c\u00e1ps"},"content":{"rendered":"<p>Se utiliza para aumentar la serotonina para no pasar m\u00e1s estr\u00e9s, angustia y p\u00e1nico.<\/p>\n<p>Ayuda a mejorar la calidad del sue\u00f1o.<\/p>\n","protected":false},"excerpt":{"rendered":"<p>Aumenta la serotonina.<br \/>\nNo m\u00e1s estr\u00e9s, angustia y p\u00e1nico.<br \/>\nMejoras las hormonas sexuales.<\/p>\n","protected":false},"featured_media":3629,"comment_status":"open","ping_status":"closed","template":"","meta":[],"product_brand":[456],"product_cat":[404],"product_tag":[530,502,500,501,520,503],"class_list":{"0":"post-1764","1":"product","2":"type-product","3":"status-publish","4":"has-post-thumbnail","6":"product_brand-betesda","7":"product_cat-ansiedad-y-estres","8":"product_tag-control-de-estres","9":"product_tag-heredia","10":"product_tag-macrobiotica","11":"product_tag-natural","12":"product_tag-natural-shop","13":"product_tag-san-pablo","15":"first","16":"instock","17":"shipping-taxable","18":"purchasable","19":"product-type-simple"},"jetpack_sharing_enabled":true,"_links":{"self":[{"href":"https:\/\/macronaturalsshop.com\/index.php?rest_route=\/wp\/v2\/product\/1764"}],"collection":[{"href":"https:\/\/macronaturalsshop.com\/index.php?rest_route=\/wp\/v2\/product"}],"about":[{"href":"https:\/\/macronaturalsshop.com\/index.php?rest_route=\/wp\/v2\/types\/product"}],"replies":[{"embeddable":true,"href":"https:\/\/macronaturalsshop.com\/index.php?rest_route=%2Fwp%2Fv2%2Fcomments&post=1764"}],"wp:featuredmedia":[{"embeddable":true,"href":"https:\/\/macronaturalsshop.com\/index.php?rest_route=\/wp\/v2\/media\/3629"}],"wp:attachment":[{"href":"https:\/\/macronaturalsshop.com\/index.php?rest_route=%2Fwp%2Fv2%2Fmedia&parent=1764"}],"wp:term":[{"taxonomy":"product_brand","embeddable":true,"href":"https:\/\/macronaturalsshop.com\/index.php?rest_route=%2Fwp%2Fv2%2Fproduct_brand&post=1764"},{"taxonomy":"product_cat","embeddable":true,"href":"https:\/\/macronaturalsshop.com\/index.php?rest_route=%2Fwp%2Fv2%2Fproduct_cat&post=1764"},{"taxonomy":"product_tag","embeddable":true,"href":"https:\/\/macronaturalsshop.com\/index.php?rest_route=%2Fwp%2Fv2%2Fproduct_tag&post=1764"}],"curies":[{"name":"wp","href":"https:\/\/api.w.org\/{rel}","templated":true}]}}