{"id":1771,"date":"2025-08-11T01:01:21","date_gmt":"2025-08-11T01:01:21","guid":{"rendered":"https:\/\/macronaturalsshop.com\/?post_type=product&#038;p=1771"},"modified":"2025-08-11T20:04:15","modified_gmt":"2025-08-11T20:04:15","slug":"cod-liver-oil","status":"publish","type":"product","link":"https:\/\/macronaturalsshop.com\/?product=cod-liver-oil","title":{"rendered":"Cod Liver Oil"},"content":{"rendered":"<p>El aceite de h\u00edgado es un suplemento proporciona una serie de beneficios entre los que se destacan; mejor visi\u00f3n y concentraci\u00f3n, mantenimiento de huesos fuertes y saludables, fortalecimiento de los bronquios, tratamiento de enfermedad renal, prevenci\u00f3n de la depresi\u00f3n, mayor resistencia a enfermedades respiratorias, contribuye a un sistema nervioso m\u00e1s saludable y fortalece el sistema inmunol\u00f3gico.<br \/>\nEs un suplemento nutricional dise\u00f1ado para ayudar a mantener la salud en general, al proporcionar \u00e1cidos grasos esenciales omega-3 (EPA y DHA) y vitaminas A y D.<\/p>\n","protected":false},"excerpt":{"rendered":"<p>El aceite de h\u00edgado de bacalao es una fuente natural de vitaminas A y D.<\/p>\n","protected":false},"featured_media":2672,"comment_status":"open","ping_status":"closed","template":"","meta":[],"product_brand":[454],"product_cat":[379,398],"product_tag":[507,502,563,500,501,520,503,551,568],"class_list":{"0":"post-1771","1":"product","2":"type-product","3":"status-publish","4":"has-post-thumbnail","6":"product_brand-alfa","7":"product_cat-sistema-inmunologico","8":"product_cat-vit-y-min","9":"product_tag-concentracion","10":"product_tag-heredia","11":"product_tag-huesos","12":"product_tag-macrobiotica","13":"product_tag-natural","14":"product_tag-natural-shop","15":"product_tag-san-pablo","16":"product_tag-vista","17":"product_tag-vitaminas","19":"first","20":"instock","21":"shipping-taxable","22":"purchasable","23":"product-type-simple"},"jetpack_sharing_enabled":true,"_links":{"self":[{"href":"https:\/\/macronaturalsshop.com\/index.php?rest_route=\/wp\/v2\/product\/1771"}],"collection":[{"href":"https:\/\/macronaturalsshop.com\/index.php?rest_route=\/wp\/v2\/product"}],"about":[{"href":"https:\/\/macronaturalsshop.com\/index.php?rest_route=\/wp\/v2\/types\/product"}],"replies":[{"embeddable":true,"href":"https:\/\/macronaturalsshop.com\/index.php?rest_route=%2Fwp%2Fv2%2Fcomments&post=1771"}],"wp:featuredmedia":[{"embeddable":true,"href":"https:\/\/macronaturalsshop.com\/index.php?rest_route=\/wp\/v2\/media\/2672"}],"wp:attachment":[{"href":"https:\/\/macronaturalsshop.com\/index.php?rest_route=%2Fwp%2Fv2%2Fmedia&parent=1771"}],"wp:term":[{"taxonomy":"product_brand","embeddable":true,"href":"https:\/\/macronaturalsshop.com\/index.php?rest_route=%2Fwp%2Fv2%2Fproduct_brand&post=1771"},{"taxonomy":"product_cat","embeddable":true,"href":"https:\/\/macronaturalsshop.com\/index.php?rest_route=%2Fwp%2Fv2%2Fproduct_cat&post=1771"},{"taxonomy":"product_tag","embeddable":true,"href":"https:\/\/macronaturalsshop.com\/index.php?rest_route=%2Fwp%2Fv2%2Fproduct_tag&post=1771"}],"curies":[{"name":"wp","href":"https:\/\/api.w.org\/{rel}","templated":true}]}}