{"id":1776,"date":"2025-08-29T07:01:38","date_gmt":"2025-08-29T07:01:38","guid":{"rendered":"https:\/\/macronaturalsshop.com\/?post_type=product&#038;p=1776"},"modified":"2025-08-30T00:02:17","modified_gmt":"2025-08-30T00:02:17","slug":"maca-alfa-1000mg","status":"publish","type":"product","link":"https:\/\/macronaturalsshop.com\/?product=maca-alfa-1000mg","title":{"rendered":"Maca 1000mg 60 c\u00e1ps"},"content":{"rendered":"<p>Es un potente antioxidante, por lo que elimina de forma natural las toxinas presentes en el cuerpo, incrementa la energ\u00eda y vitalidad, optimiza el sistema nervioso, disminuye los dolores menstruales, contrarresta los s\u00edntomas de fatiga cr\u00f3nica y<br \/>\nfibromialgia, incrementa las defensas, ayuda al crecimiento del cabello y rejuvenecimiento de la piel, mejora el \u00e1mbito sexual, aumenta la masa muscular, mejora la memoria y la concentraci\u00f3n ya que aumenta la circulaci\u00f3n cerebral, disminuye el estr\u00e9s, funciona como antidepresivo, favorece el sue\u00f1o profundo y reparador y se considera un potente expectorante.<\/p>\n","protected":false},"excerpt":{"rendered":"<p>Aumenta la resistencia, la l\u00edbido, el rendimiento deportivo y el bienestar general<br \/>\nRegula y aumenta la funci\u00f3n del sistema endocrino<br \/>\nApoya las gl\u00e1ndulas suprarrenales<br \/>\nAlivia los s\u00edntomas premenstruales y de la menopausia<br \/>\nAumenta la fertilidad y la funci\u00f3n sexual.<\/p>\n","protected":false},"featured_media":1795,"comment_status":"open","ping_status":"closed","template":"","meta":[],"product_brand":[454],"product_cat":[393],"product_tag":[502,500,501,520,503],"class_list":{"0":"post-1776","1":"product","2":"type-product","3":"status-publish","4":"has-post-thumbnail","6":"product_brand-alfa","7":"product_cat-energia","8":"product_tag-heredia","9":"product_tag-macrobiotica","10":"product_tag-natural","11":"product_tag-natural-shop","12":"product_tag-san-pablo","14":"first","15":"instock","16":"shipping-taxable","17":"purchasable","18":"product-type-simple"},"jetpack_sharing_enabled":true,"_links":{"self":[{"href":"https:\/\/macronaturalsshop.com\/index.php?rest_route=\/wp\/v2\/product\/1776"}],"collection":[{"href":"https:\/\/macronaturalsshop.com\/index.php?rest_route=\/wp\/v2\/product"}],"about":[{"href":"https:\/\/macronaturalsshop.com\/index.php?rest_route=\/wp\/v2\/types\/product"}],"replies":[{"embeddable":true,"href":"https:\/\/macronaturalsshop.com\/index.php?rest_route=%2Fwp%2Fv2%2Fcomments&post=1776"}],"wp:featuredmedia":[{"embeddable":true,"href":"https:\/\/macronaturalsshop.com\/index.php?rest_route=\/wp\/v2\/media\/1795"}],"wp:attachment":[{"href":"https:\/\/macronaturalsshop.com\/index.php?rest_route=%2Fwp%2Fv2%2Fmedia&parent=1776"}],"wp:term":[{"taxonomy":"product_brand","embeddable":true,"href":"https:\/\/macronaturalsshop.com\/index.php?rest_route=%2Fwp%2Fv2%2Fproduct_brand&post=1776"},{"taxonomy":"product_cat","embeddable":true,"href":"https:\/\/macronaturalsshop.com\/index.php?rest_route=%2Fwp%2Fv2%2Fproduct_cat&post=1776"},{"taxonomy":"product_tag","embeddable":true,"href":"https:\/\/macronaturalsshop.com\/index.php?rest_route=%2Fwp%2Fv2%2Fproduct_tag&post=1776"}],"curies":[{"name":"wp","href":"https:\/\/api.w.org\/{rel}","templated":true}]}}