{"id":1971,"date":"2025-08-29T07:25:02","date_gmt":"2025-08-29T07:25:02","guid":{"rendered":"https:\/\/macronaturalsshop.com\/?post_type=product&#038;p=1971"},"modified":"2025-09-22T00:31:59","modified_gmt":"2025-09-22T00:31:59","slug":"collagen-c","status":"publish","type":"product","link":"https:\/\/macronaturalsshop.com\/?product=collagen-c","title":{"rendered":"Collagen C Hydrolysate 120c\u00e1p"},"content":{"rendered":"<p><strong>Mayor potencia de col\u00e1geno y f\u00f3rmula VIT-C:<\/strong> el col\u00e1geno es un importante bloque de construcci\u00f3n de tu piel, huesos y m\u00fasculos magros. El hidrolizado de col\u00e1geno premium de Alfa Vitamins proporciona a tu cuerpo el apoyo que se merece al proporcionarle un suministro adicional de col\u00e1geno, as\u00ed como vitamina C.<\/p>\n<p><strong>Soporte de salud para la piel, u\u00f1as y cabello: <\/strong>un ingrediente muy popular para muchos cosm\u00e9ticos y productos de cuidado personal, el col\u00e1geno tambi\u00e9n es vital para la piel, las u\u00f1as y la salud del cabello, invierte el envejecimiento prematuro y restaura tu brillo juvenil perdido.<\/p>\n<p><strong>F\u00f3rmula potente antioxidante:<\/strong> contiene una generosa cantidad de vitamina C (\u00e1cido asc\u00f3rbico), este suplemento nutricional aumenta la capacidad del cuerpo para producir col\u00e1geno de forma natural. Adem\u00e1s, es un potente antioxidante con efectos antienvejecimiento.<\/p>\n","protected":false},"excerpt":{"rendered":"<p>El col\u00e1geno C Hidrolizado es un suplemento nutricional que incluye en su f\u00f3rmula la vitamina C, la cual es necesaria para la formaci\u00f3n de col\u00e1geno y una mejor asimilaci\u00f3n de \u00e9ste en el cuerpo. El col\u00e1geno se encuentra naturalmente en casi todos los tejidos del organismo y se ve disminuido conforme aumenta la edad.<\/p>\n","protected":false},"featured_media":2674,"comment_status":"open","ping_status":"closed","template":"","meta":[],"product_brand":[454],"product_cat":[380,389],"product_tag":[559,502,500,501,520,503],"class_list":{"0":"post-1971","1":"product","2":"type-product","3":"status-publish","4":"has-post-thumbnail","6":"product_brand-alfa","7":"product_cat-articulaciones","8":"product_cat-colageno","9":"product_tag-colageno","10":"product_tag-heredia","11":"product_tag-macrobiotica","12":"product_tag-natural","13":"product_tag-natural-shop","14":"product_tag-san-pablo","16":"first","17":"instock","18":"shipping-taxable","19":"purchasable","20":"product-type-simple"},"jetpack_sharing_enabled":true,"_links":{"self":[{"href":"https:\/\/macronaturalsshop.com\/index.php?rest_route=\/wp\/v2\/product\/1971"}],"collection":[{"href":"https:\/\/macronaturalsshop.com\/index.php?rest_route=\/wp\/v2\/product"}],"about":[{"href":"https:\/\/macronaturalsshop.com\/index.php?rest_route=\/wp\/v2\/types\/product"}],"replies":[{"embeddable":true,"href":"https:\/\/macronaturalsshop.com\/index.php?rest_route=%2Fwp%2Fv2%2Fcomments&post=1971"}],"wp:featuredmedia":[{"embeddable":true,"href":"https:\/\/macronaturalsshop.com\/index.php?rest_route=\/wp\/v2\/media\/2674"}],"wp:attachment":[{"href":"https:\/\/macronaturalsshop.com\/index.php?rest_route=%2Fwp%2Fv2%2Fmedia&parent=1971"}],"wp:term":[{"taxonomy":"product_brand","embeddable":true,"href":"https:\/\/macronaturalsshop.com\/index.php?rest_route=%2Fwp%2Fv2%2Fproduct_brand&post=1971"},{"taxonomy":"product_cat","embeddable":true,"href":"https:\/\/macronaturalsshop.com\/index.php?rest_route=%2Fwp%2Fv2%2Fproduct_cat&post=1971"},{"taxonomy":"product_tag","embeddable":true,"href":"https:\/\/macronaturalsshop.com\/index.php?rest_route=%2Fwp%2Fv2%2Fproduct_tag&post=1971"}],"curies":[{"name":"wp","href":"https:\/\/api.w.org\/{rel}","templated":true}]}}