{"id":2013,"date":"2025-08-29T07:40:24","date_gmt":"2025-08-29T07:40:24","guid":{"rendered":"https:\/\/macronaturalsshop.com\/?post_type=product&#038;p=2013"},"modified":"2025-08-30T00:19:08","modified_gmt":"2025-08-30T00:19:08","slug":"green-tea","status":"publish","type":"product","link":"https:\/\/macronaturalsshop.com\/?product=green-tea","title":{"rendered":"Green Tea 800mg"},"content":{"rendered":"<p><strong>El t\u00e9 verde<\/strong><\/p>\n<p>Contiene una serie de flavonoides, los que resultan beneficiosos para la salud, al comportarse como antioxidante, tiene la capacidad de eliminar radicales libres, ayudando a potenciar el sistema inmune, previniendo la propagaci\u00f3n de virus, bacterias y otros agentes infecciosos.<\/p>\n<p>Presenta propiedades termog\u00e9nicas, generando la oxidaci\u00f3n de grasa y por lo tanto p\u00e9rdida de peso. El t\u00e9 verde disminuye los niveles de az\u00facar en sangre, es decir, es hipoglucemiante y por sus acciones estimulantes del sistema nervioso, puede emplearse para aliviar tanto la fatiga f\u00edsica como la fatiga mental.<\/p>\n","protected":false},"excerpt":{"rendered":"<p>Ayuda a la p\u00e9rdida de peso.<br \/>\nAlivia la fatiga f\u00edsica y mental.<br \/>\nAyuda a disminuir los niveles de az\u00facar en la sangre.<\/p>\n","protected":false},"featured_media":3838,"comment_status":"open","ping_status":"closed","template":"","meta":[],"product_brand":[454],"product_cat":[382,388,379],"product_tag":[605,584,613,502,501,503],"class_list":{"0":"post-2013","1":"product","2":"type-product","3":"status-publish","4":"has-post-thumbnail","6":"product_brand-alfa","7":"product_cat-antioxidante","8":"product_cat-control-de-peso","9":"product_cat-sistema-inmunologico","10":"product_tag-azucar-en-la-sangre","11":"product_tag-control-de-peso","12":"product_tag-fatiga","13":"product_tag-heredia","14":"product_tag-natural","15":"product_tag-san-pablo","17":"first","18":"instock","19":"shipping-taxable","20":"purchasable","21":"product-type-simple"},"jetpack_sharing_enabled":true,"_links":{"self":[{"href":"https:\/\/macronaturalsshop.com\/index.php?rest_route=\/wp\/v2\/product\/2013"}],"collection":[{"href":"https:\/\/macronaturalsshop.com\/index.php?rest_route=\/wp\/v2\/product"}],"about":[{"href":"https:\/\/macronaturalsshop.com\/index.php?rest_route=\/wp\/v2\/types\/product"}],"replies":[{"embeddable":true,"href":"https:\/\/macronaturalsshop.com\/index.php?rest_route=%2Fwp%2Fv2%2Fcomments&post=2013"}],"wp:featuredmedia":[{"embeddable":true,"href":"https:\/\/macronaturalsshop.com\/index.php?rest_route=\/wp\/v2\/media\/3838"}],"wp:attachment":[{"href":"https:\/\/macronaturalsshop.com\/index.php?rest_route=%2Fwp%2Fv2%2Fmedia&parent=2013"}],"wp:term":[{"taxonomy":"product_brand","embeddable":true,"href":"https:\/\/macronaturalsshop.com\/index.php?rest_route=%2Fwp%2Fv2%2Fproduct_brand&post=2013"},{"taxonomy":"product_cat","embeddable":true,"href":"https:\/\/macronaturalsshop.com\/index.php?rest_route=%2Fwp%2Fv2%2Fproduct_cat&post=2013"},{"taxonomy":"product_tag","embeddable":true,"href":"https:\/\/macronaturalsshop.com\/index.php?rest_route=%2Fwp%2Fv2%2Fproduct_tag&post=2013"}],"curies":[{"name":"wp","href":"https:\/\/api.w.org\/{rel}","templated":true}]}}