{"id":2047,"date":"2025-08-29T08:30:51","date_gmt":"2025-08-29T08:30:51","guid":{"rendered":"https:\/\/macronaturalsshop.com\/?post_type=product&#038;p=2047"},"modified":"2025-08-30T01:51:24","modified_gmt":"2025-08-30T01:51:24","slug":"memorin","status":"publish","type":"product","link":"https:\/\/macronaturalsshop.com\/?product=memorin","title":{"rendered":"Memorin"},"content":{"rendered":"<p>Es un suplemento diet\u00e9tico que combina nutrientes esenciales para un sistema nervioso saludable. Combinaci\u00f3n de vitaminas B1, B6 y B12, \u00e1cido f\u00f3lico, calcio mineral, ginkgo biloba, \u00e1cido glut\u00e1mico y bitartrato de colina, asociado con el complejo de vitaminas B. Promueve un sistema cardiovascular saludable, mejora el rendimiento de la actividad cognitiva y el bienestar psicol\u00f3gico, aumenta la producci\u00f3n de energ\u00eda, y el desarrollo celular.<\/p>\n","protected":false},"excerpt":{"rendered":"<p>Proporciona nutrientes esenciales para la salud del cerebro y del sistema nervioso.<br \/>\nMejora el rendimiento de la actividad cognitiva y el bienestar psicol\u00f3gico.<br \/>\nAumenta la producci\u00f3n de energ\u00eda.<br \/>\nMejora la concentraci\u00f3n.<\/p>\n","protected":false},"featured_media":3856,"comment_status":"open","ping_status":"closed","template":"","meta":[],"product_brand":[454],"product_cat":[398],"product_tag":[502,500,501,520,503,568],"class_list":{"0":"post-2047","1":"product","2":"type-product","3":"status-publish","4":"has-post-thumbnail","6":"product_brand-alfa","7":"product_cat-vit-y-min","8":"product_tag-heredia","9":"product_tag-macrobiotica","10":"product_tag-natural","11":"product_tag-natural-shop","12":"product_tag-san-pablo","13":"product_tag-vitaminas","15":"first","16":"instock","17":"shipping-taxable","18":"purchasable","19":"product-type-simple"},"jetpack_sharing_enabled":true,"_links":{"self":[{"href":"https:\/\/macronaturalsshop.com\/index.php?rest_route=\/wp\/v2\/product\/2047"}],"collection":[{"href":"https:\/\/macronaturalsshop.com\/index.php?rest_route=\/wp\/v2\/product"}],"about":[{"href":"https:\/\/macronaturalsshop.com\/index.php?rest_route=\/wp\/v2\/types\/product"}],"replies":[{"embeddable":true,"href":"https:\/\/macronaturalsshop.com\/index.php?rest_route=%2Fwp%2Fv2%2Fcomments&post=2047"}],"wp:featuredmedia":[{"embeddable":true,"href":"https:\/\/macronaturalsshop.com\/index.php?rest_route=\/wp\/v2\/media\/3856"}],"wp:attachment":[{"href":"https:\/\/macronaturalsshop.com\/index.php?rest_route=%2Fwp%2Fv2%2Fmedia&parent=2047"}],"wp:term":[{"taxonomy":"product_brand","embeddable":true,"href":"https:\/\/macronaturalsshop.com\/index.php?rest_route=%2Fwp%2Fv2%2Fproduct_brand&post=2047"},{"taxonomy":"product_cat","embeddable":true,"href":"https:\/\/macronaturalsshop.com\/index.php?rest_route=%2Fwp%2Fv2%2Fproduct_cat&post=2047"},{"taxonomy":"product_tag","embeddable":true,"href":"https:\/\/macronaturalsshop.com\/index.php?rest_route=%2Fwp%2Fv2%2Fproduct_tag&post=2047"}],"curies":[{"name":"wp","href":"https:\/\/api.w.org\/{rel}","templated":true}]}}