{"id":2122,"date":"2025-08-29T09:15:27","date_gmt":"2025-08-29T09:15:27","guid":{"rendered":"https:\/\/macronaturalsshop.com\/?post_type=product&#038;p=2122"},"modified":"2025-08-30T02:20:10","modified_gmt":"2025-08-30T02:20:10","slug":"chitosan","status":"publish","type":"product","link":"https:\/\/macronaturalsshop.com\/?product=chitosan","title":{"rendered":"Chitosan 1200mg"},"content":{"rendered":"<p>Es un suplemento diet\u00e9tico a base de fibras naturales obtenidas del caparaz\u00f3n de los crust\u00e1ceos. Es un coadyuvante para regular el peso, bajar el colesterol, los triglic\u00e9ridos, ayuda en los tratamientos del h\u00edgado graso y mejora el proceso de la digesti\u00f3n, en patolog\u00edas como la gastritis, el reflujo y las \u00falceras g\u00e1stricas, debido a su alto contenido de fibra facilita el tr\u00e1nsito intestinal.<\/p>\n<p>Adem\u00e1s presenta propiedades antimicrobianas, por lo que resulta \u00fatil para combatir la candidiasis. No se recomienda el uso en menores de 12 a\u00f1os, mujeres embarazadas o en lactancia sin antes consultar al m\u00e9dico<\/p>\n","protected":false},"excerpt":{"rendered":"<p>Es un suplemento diet\u00e9tico a base de fibras naturales obtenidas del caparaz\u00f3n de los crust\u00e1ceos. Es un coadyuvante para regular el peso, bajar el colesterol, los triglic\u00e9ridos, ayuda en los tratamientos del h\u00edgado graso y mejora el proceso de la digesti\u00f3n, en patolog\u00edas como la gastritis, el reflujo y las \u00falceras g\u00e1stricas, debido a su alto contenido de fibra facilita el tr\u00e1nsito intestinal<\/p>\n","protected":false},"featured_media":2654,"comment_status":"open","ping_status":"closed","template":"","meta":[],"product_brand":[454],"product_cat":[395,388,396],"product_tag":[584,502,500,501,520,503,547,568],"class_list":{"0":"post-2122","1":"product","2":"type-product","3":"status-publish","4":"has-post-thumbnail","6":"product_brand-alfa","7":"product_cat-trigliceridos","8":"product_cat-control-de-peso","9":"product_cat-sistema-digestivo","10":"product_tag-control-de-peso","11":"product_tag-heredia","12":"product_tag-macrobiotica","13":"product_tag-natural","14":"product_tag-natural-shop","15":"product_tag-san-pablo","16":"product_tag-trigliceridos","17":"product_tag-vitaminas","19":"first","20":"instock","21":"shipping-taxable","22":"purchasable","23":"product-type-simple"},"jetpack_sharing_enabled":true,"_links":{"self":[{"href":"https:\/\/macronaturalsshop.com\/index.php?rest_route=\/wp\/v2\/product\/2122"}],"collection":[{"href":"https:\/\/macronaturalsshop.com\/index.php?rest_route=\/wp\/v2\/product"}],"about":[{"href":"https:\/\/macronaturalsshop.com\/index.php?rest_route=\/wp\/v2\/types\/product"}],"replies":[{"embeddable":true,"href":"https:\/\/macronaturalsshop.com\/index.php?rest_route=%2Fwp%2Fv2%2Fcomments&post=2122"}],"wp:featuredmedia":[{"embeddable":true,"href":"https:\/\/macronaturalsshop.com\/index.php?rest_route=\/wp\/v2\/media\/2654"}],"wp:attachment":[{"href":"https:\/\/macronaturalsshop.com\/index.php?rest_route=%2Fwp%2Fv2%2Fmedia&parent=2122"}],"wp:term":[{"taxonomy":"product_brand","embeddable":true,"href":"https:\/\/macronaturalsshop.com\/index.php?rest_route=%2Fwp%2Fv2%2Fproduct_brand&post=2122"},{"taxonomy":"product_cat","embeddable":true,"href":"https:\/\/macronaturalsshop.com\/index.php?rest_route=%2Fwp%2Fv2%2Fproduct_cat&post=2122"},{"taxonomy":"product_tag","embeddable":true,"href":"https:\/\/macronaturalsshop.com\/index.php?rest_route=%2Fwp%2Fv2%2Fproduct_tag&post=2122"}],"curies":[{"name":"wp","href":"https:\/\/api.w.org\/{rel}","templated":true}]}}