{"id":2146,"date":"2025-08-29T09:20:54","date_gmt":"2025-08-29T09:20:54","guid":{"rendered":"https:\/\/macronaturalsshop.com\/?post_type=product&#038;p=2146"},"modified":"2025-08-30T02:24:22","modified_gmt":"2025-08-30T02:24:22","slug":"ortileon-bets","status":"publish","type":"product","link":"https:\/\/macronaturalsshop.com\/?product=ortileon-bets","title":{"rendered":"Ortileon Bets"},"content":{"rendered":"<p>Eficaz para el colesterol y los triglic\u00e9ridos.<br \/>\nPurifica la sangre de toxinas, grasas y sustancias qu\u00edmicas.<br \/>\nAyuda al paciente diab\u00e9tico.<br \/>\nDe propiedades antinflamatorias, regeneradoras y digestivas, entre otras, se utiliza desde hace miles de a\u00f1os para tratar infinidad de dolencias f\u00edsicas, sobre todo trastornos digestivos y enfermedades del h\u00edgado<\/p>\n","protected":false},"excerpt":{"rendered":"<div class=\"x11i5rnm xat24cr x1mh8g0r x1vvkbs xtlvy1s x126k92a\">\n<div dir=\"auto\">Ortileon Bets contiene Diente de le\u00f3n y ortiga que purifica la sangre de toxinas, grasas y sustancias qu\u00edmicas.<\/div>\n<\/div>\n<div class=\"x11i5rnm xat24cr x1mh8g0r x1vvkbs xtlvy1s x126k92a\">\n<div dir=\"auto\">Es eficaz para bajar el colesterol y triglic\u00e9rido, ayuda a la diabetes.<\/div>\n<\/div>\n","protected":false},"featured_media":2147,"comment_status":"open","ping_status":"closed","template":"","meta":[],"product_brand":[456],"product_cat":[430,395,396],"product_tag":[584,500,501,520,503,547],"class_list":{"0":"post-2146","1":"product","2":"type-product","3":"status-publish","4":"has-post-thumbnail","6":"product_brand-betesda","7":"product_cat-antinflamatorio-y-dolores","8":"product_cat-trigliceridos","9":"product_cat-sistema-digestivo","10":"product_tag-control-de-peso","11":"product_tag-macrobiotica","12":"product_tag-natural","13":"product_tag-natural-shop","14":"product_tag-san-pablo","15":"product_tag-trigliceridos","17":"first","18":"instock","19":"shipping-taxable","20":"purchasable","21":"product-type-simple"},"jetpack_sharing_enabled":true,"_links":{"self":[{"href":"https:\/\/macronaturalsshop.com\/index.php?rest_route=\/wp\/v2\/product\/2146"}],"collection":[{"href":"https:\/\/macronaturalsshop.com\/index.php?rest_route=\/wp\/v2\/product"}],"about":[{"href":"https:\/\/macronaturalsshop.com\/index.php?rest_route=\/wp\/v2\/types\/product"}],"replies":[{"embeddable":true,"href":"https:\/\/macronaturalsshop.com\/index.php?rest_route=%2Fwp%2Fv2%2Fcomments&post=2146"}],"wp:featuredmedia":[{"embeddable":true,"href":"https:\/\/macronaturalsshop.com\/index.php?rest_route=\/wp\/v2\/media\/2147"}],"wp:attachment":[{"href":"https:\/\/macronaturalsshop.com\/index.php?rest_route=%2Fwp%2Fv2%2Fmedia&parent=2146"}],"wp:term":[{"taxonomy":"product_brand","embeddable":true,"href":"https:\/\/macronaturalsshop.com\/index.php?rest_route=%2Fwp%2Fv2%2Fproduct_brand&post=2146"},{"taxonomy":"product_cat","embeddable":true,"href":"https:\/\/macronaturalsshop.com\/index.php?rest_route=%2Fwp%2Fv2%2Fproduct_cat&post=2146"},{"taxonomy":"product_tag","embeddable":true,"href":"https:\/\/macronaturalsshop.com\/index.php?rest_route=%2Fwp%2Fv2%2Fproduct_tag&post=2146"}],"curies":[{"name":"wp","href":"https:\/\/api.w.org\/{rel}","templated":true}]}}