{"id":2261,"date":"2025-08-16T01:17:12","date_gmt":"2025-08-16T01:17:12","guid":{"rendered":"https:\/\/macronaturalsshop.com\/?post_type=product&#038;p=2261"},"modified":"2025-08-16T19:45:17","modified_gmt":"2025-08-16T19:45:17","slug":"neur-formula","status":"publish","type":"product","link":"https:\/\/macronaturalsshop.com\/?product=neur-formula","title":{"rendered":"Neur-Formula"},"content":{"rendered":"<p>La fosfatidilserina se encuentra en alta concentraci\u00f3n en las membranas de las c\u00e9lulas cerebrales, siendo necesaria para mantener las funciones cerebrales superiores, ayudando a mejorar alteraciones como depresi\u00f3n, fata de memoria, d\u00e9ficit de atenci\u00f3n y concentraci\u00f3n, enfermedad de p\u00e1rkinson, demencia y alzheimer.<\/p>\n","protected":false},"excerpt":{"rendered":"<p>Es un producto natural compuesto por vitaminas B1, B2 , B12 y fosfatidilserina que beneficia la memoria y la concentraci\u00f3n.<\/p>\n","protected":false},"featured_media":2263,"comment_status":"open","ping_status":"closed","template":"","meta":[],"product_brand":[482],"product_cat":[398],"product_tag":[502,500,501,520,503,568],"class_list":{"0":"post-2261","1":"product","2":"type-product","3":"status-publish","4":"has-post-thumbnail","6":"product_brand-natural-system","7":"product_cat-vit-y-min","8":"product_tag-heredia","9":"product_tag-macrobiotica","10":"product_tag-natural","11":"product_tag-natural-shop","12":"product_tag-san-pablo","13":"product_tag-vitaminas","15":"first","16":"instock","17":"shipping-taxable","18":"purchasable","19":"product-type-simple"},"jetpack_sharing_enabled":true,"_links":{"self":[{"href":"https:\/\/macronaturalsshop.com\/index.php?rest_route=\/wp\/v2\/product\/2261"}],"collection":[{"href":"https:\/\/macronaturalsshop.com\/index.php?rest_route=\/wp\/v2\/product"}],"about":[{"href":"https:\/\/macronaturalsshop.com\/index.php?rest_route=\/wp\/v2\/types\/product"}],"replies":[{"embeddable":true,"href":"https:\/\/macronaturalsshop.com\/index.php?rest_route=%2Fwp%2Fv2%2Fcomments&post=2261"}],"wp:featuredmedia":[{"embeddable":true,"href":"https:\/\/macronaturalsshop.com\/index.php?rest_route=\/wp\/v2\/media\/2263"}],"wp:attachment":[{"href":"https:\/\/macronaturalsshop.com\/index.php?rest_route=%2Fwp%2Fv2%2Fmedia&parent=2261"}],"wp:term":[{"taxonomy":"product_brand","embeddable":true,"href":"https:\/\/macronaturalsshop.com\/index.php?rest_route=%2Fwp%2Fv2%2Fproduct_brand&post=2261"},{"taxonomy":"product_cat","embeddable":true,"href":"https:\/\/macronaturalsshop.com\/index.php?rest_route=%2Fwp%2Fv2%2Fproduct_cat&post=2261"},{"taxonomy":"product_tag","embeddable":true,"href":"https:\/\/macronaturalsshop.com\/index.php?rest_route=%2Fwp%2Fv2%2Fproduct_tag&post=2261"}],"curies":[{"name":"wp","href":"https:\/\/api.w.org\/{rel}","templated":true}]}}