{"id":2422,"date":"2025-08-31T02:30:19","date_gmt":"2025-08-31T02:30:19","guid":{"rendered":"https:\/\/macronaturalsshop.com\/?post_type=product&#038;p=2422"},"modified":"2025-08-31T20:16:34","modified_gmt":"2025-08-31T20:16:34","slug":"mineral-cad3k2-90-comprimidos","status":"publish","type":"product","link":"https:\/\/macronaturalsshop.com\/?product=mineral-cad3k2-90-comprimidos","title":{"rendered":"Mineral Calcio + Vitamina D3 + Vitamina K2"},"content":{"rendered":"<p>El calcio y la vitamina K es necesario para el mantenimiento de los huesos en condiciones normales y la vitamina D\u00a0 contribuye a la absorci\u00f3n y utilizaci\u00f3n normal del calcio y el f\u00f3sforo.<\/p>\n","protected":false},"excerpt":{"rendered":"<p>El calcio es necesario para el mantenimiento de los huesos en condiciones normales.<br \/>\nLa vitamina D contribuye a la absorci\u00f3n y utilizaci\u00f3n normal del calcio y el fosforo.<br \/>\nLa vitamina K contribuye al mantenimiento de los huesos en condiciones normales.<\/p>\n","protected":false},"featured_media":5302,"comment_status":"open","ping_status":"closed","template":"","meta":[],"product_brand":[463],"product_cat":[398],"product_tag":[502,500,501,520,503,568],"class_list":{"0":"post-2422","1":"product","2":"type-product","3":"status-publish","4":"has-post-thumbnail","6":"product_brand-drasanvi","7":"product_cat-vit-y-min","8":"product_tag-heredia","9":"product_tag-macrobiotica","10":"product_tag-natural","11":"product_tag-natural-shop","12":"product_tag-san-pablo","13":"product_tag-vitaminas","15":"first","16":"instock","17":"shipping-taxable","18":"purchasable","19":"product-type-simple"},"jetpack_sharing_enabled":true,"_links":{"self":[{"href":"https:\/\/macronaturalsshop.com\/index.php?rest_route=\/wp\/v2\/product\/2422"}],"collection":[{"href":"https:\/\/macronaturalsshop.com\/index.php?rest_route=\/wp\/v2\/product"}],"about":[{"href":"https:\/\/macronaturalsshop.com\/index.php?rest_route=\/wp\/v2\/types\/product"}],"replies":[{"embeddable":true,"href":"https:\/\/macronaturalsshop.com\/index.php?rest_route=%2Fwp%2Fv2%2Fcomments&post=2422"}],"wp:featuredmedia":[{"embeddable":true,"href":"https:\/\/macronaturalsshop.com\/index.php?rest_route=\/wp\/v2\/media\/5302"}],"wp:attachment":[{"href":"https:\/\/macronaturalsshop.com\/index.php?rest_route=%2Fwp%2Fv2%2Fmedia&parent=2422"}],"wp:term":[{"taxonomy":"product_brand","embeddable":true,"href":"https:\/\/macronaturalsshop.com\/index.php?rest_route=%2Fwp%2Fv2%2Fproduct_brand&post=2422"},{"taxonomy":"product_cat","embeddable":true,"href":"https:\/\/macronaturalsshop.com\/index.php?rest_route=%2Fwp%2Fv2%2Fproduct_cat&post=2422"},{"taxonomy":"product_tag","embeddable":true,"href":"https:\/\/macronaturalsshop.com\/index.php?rest_route=%2Fwp%2Fv2%2Fproduct_tag&post=2422"}],"curies":[{"name":"wp","href":"https:\/\/api.w.org\/{rel}","templated":true}]}}