{"id":2429,"date":"2025-08-31T02:50:11","date_gmt":"2025-08-31T02:50:11","guid":{"rendered":"https:\/\/macronaturalsshop.com\/?post_type=product&#038;p=2429"},"modified":"2025-08-31T20:33:56","modified_gmt":"2025-08-31T20:33:56","slug":"collmar-con-queratina-sabor-cereza-350g","status":"publish","type":"product","link":"https:\/\/macronaturalsshop.com\/?product=collmar-con-queratina-sabor-cereza-350g","title":{"rendered":"Collmar con Queratina sabor Cereza 350g"},"content":{"rendered":"<p>Collmar Especial Cabello es un complemento alimenticio que fundamenta su acci\u00f3n en la sinergia de dos de sus ingredientes principales: el Col\u00e1geno Marino hidrolizado enzim\u00e1ticamente y la Queratina. Se trata de dos prote\u00ednas que se encuentran de manera natural en el cabello. Adem\u00e1s, este complemento est\u00e1 reforzado con Biotina y Zinc, los cuales contribuyen al mantenimiento del cabello en condiciones normales. Suplemento a la dieta con Col\u00e1geno Marino Hidrolizado selenio, Biotina, Silicio, Zinc y Queratina.<\/p>\n","protected":false},"excerpt":{"rendered":"<p>Collmar Especial Cabello es un complemento alimenticio que fundamenta su acci\u00f3n en la sinergia de dos de sus ingredientes principales: el Col\u00e1geno Marino hidrolizado enzim\u00e1ticamente con muy bajo peso molecular (2000 Da) y la Queratina. Se trata de dos prote\u00ednas que se encuentran de manera natural en el cabello. Adem\u00e1s, este complemento est\u00e1 reforzado con Biotina y Zinc, los cuales contribuyen al mantenimiento del cabello en condiciones normales.<\/p>\n","protected":false},"featured_media":2430,"comment_status":"open","ping_status":"closed","template":"","meta":[],"product_brand":[463],"product_cat":[389],"product_tag":[559,502,500,501,520,503],"class_list":{"0":"post-2429","1":"product","2":"type-product","3":"status-publish","4":"has-post-thumbnail","6":"product_brand-drasanvi","7":"product_cat-colageno","8":"product_tag-colageno","9":"product_tag-heredia","10":"product_tag-macrobiotica","11":"product_tag-natural","12":"product_tag-natural-shop","13":"product_tag-san-pablo","15":"first","16":"instock","17":"shipping-taxable","18":"purchasable","19":"product-type-simple"},"jetpack_sharing_enabled":true,"_links":{"self":[{"href":"https:\/\/macronaturalsshop.com\/index.php?rest_route=\/wp\/v2\/product\/2429"}],"collection":[{"href":"https:\/\/macronaturalsshop.com\/index.php?rest_route=\/wp\/v2\/product"}],"about":[{"href":"https:\/\/macronaturalsshop.com\/index.php?rest_route=\/wp\/v2\/types\/product"}],"replies":[{"embeddable":true,"href":"https:\/\/macronaturalsshop.com\/index.php?rest_route=%2Fwp%2Fv2%2Fcomments&post=2429"}],"wp:featuredmedia":[{"embeddable":true,"href":"https:\/\/macronaturalsshop.com\/index.php?rest_route=\/wp\/v2\/media\/2430"}],"wp:attachment":[{"href":"https:\/\/macronaturalsshop.com\/index.php?rest_route=%2Fwp%2Fv2%2Fmedia&parent=2429"}],"wp:term":[{"taxonomy":"product_brand","embeddable":true,"href":"https:\/\/macronaturalsshop.com\/index.php?rest_route=%2Fwp%2Fv2%2Fproduct_brand&post=2429"},{"taxonomy":"product_cat","embeddable":true,"href":"https:\/\/macronaturalsshop.com\/index.php?rest_route=%2Fwp%2Fv2%2Fproduct_cat&post=2429"},{"taxonomy":"product_tag","embeddable":true,"href":"https:\/\/macronaturalsshop.com\/index.php?rest_route=%2Fwp%2Fv2%2Fproduct_tag&post=2429"}],"curies":[{"name":"wp","href":"https:\/\/api.w.org\/{rel}","templated":true}]}}