{"id":2431,"date":"2025-08-14T01:00:25","date_gmt":"2025-08-14T01:00:25","guid":{"rendered":"https:\/\/macronaturalsshop.com\/?post_type=product&#038;p=2431"},"modified":"2025-08-15T00:25:51","modified_gmt":"2025-08-15T00:25:51","slug":"collmar-beauty","status":"publish","type":"product","link":"https:\/\/macronaturalsshop.com\/?product=collmar-beauty","title":{"rendered":"Collmar Beauty 275g"},"content":{"rendered":"<p>Complemento alimenticio a base de col\u00e1geno, plantas, \u00e1cido hialur\u00f3nico y biotina. Los complementos alimenticios no deben utilizarse como sustitutivos de una dieta variada y equilibrada y un estilo de vida saludable. No superar la dosis diaria expresamente recomendada.<\/p>\n","protected":false},"excerpt":{"rendered":"<p>Collmar Beauty contribuye al mantenimiento de la piel en condiciones normales por su contenido en Biotina. Suplemento a la dieta con Colageno Marino Hidrolizado, Extracto de Acerola que aporta Vitamina C, Aceite de Onagra, Zumo de Granada, Aceite de Borraja Remolacha, \u00c1cido Hialuronico y Biotina.<\/p>\n","protected":false},"featured_media":4993,"comment_status":"open","ping_status":"closed","template":"","meta":[],"product_brand":[463],"product_cat":[389],"product_tag":[559,502,500,501,520,503],"class_list":{"0":"post-2431","1":"product","2":"type-product","3":"status-publish","4":"has-post-thumbnail","6":"product_brand-drasanvi","7":"product_cat-colageno","8":"product_tag-colageno","9":"product_tag-heredia","10":"product_tag-macrobiotica","11":"product_tag-natural","12":"product_tag-natural-shop","13":"product_tag-san-pablo","15":"first","16":"instock","17":"shipping-taxable","18":"purchasable","19":"product-type-simple"},"jetpack_sharing_enabled":true,"_links":{"self":[{"href":"https:\/\/macronaturalsshop.com\/index.php?rest_route=\/wp\/v2\/product\/2431"}],"collection":[{"href":"https:\/\/macronaturalsshop.com\/index.php?rest_route=\/wp\/v2\/product"}],"about":[{"href":"https:\/\/macronaturalsshop.com\/index.php?rest_route=\/wp\/v2\/types\/product"}],"replies":[{"embeddable":true,"href":"https:\/\/macronaturalsshop.com\/index.php?rest_route=%2Fwp%2Fv2%2Fcomments&post=2431"}],"wp:featuredmedia":[{"embeddable":true,"href":"https:\/\/macronaturalsshop.com\/index.php?rest_route=\/wp\/v2\/media\/4993"}],"wp:attachment":[{"href":"https:\/\/macronaturalsshop.com\/index.php?rest_route=%2Fwp%2Fv2%2Fmedia&parent=2431"}],"wp:term":[{"taxonomy":"product_brand","embeddable":true,"href":"https:\/\/macronaturalsshop.com\/index.php?rest_route=%2Fwp%2Fv2%2Fproduct_brand&post=2431"},{"taxonomy":"product_cat","embeddable":true,"href":"https:\/\/macronaturalsshop.com\/index.php?rest_route=%2Fwp%2Fv2%2Fproduct_cat&post=2431"},{"taxonomy":"product_tag","embeddable":true,"href":"https:\/\/macronaturalsshop.com\/index.php?rest_route=%2Fwp%2Fv2%2Fproduct_tag&post=2431"}],"curies":[{"name":"wp","href":"https:\/\/api.w.org\/{rel}","templated":true}]}}