{"id":2445,"date":"2025-08-31T07:01:41","date_gmt":"2025-08-31T07:01:41","guid":{"rendered":"https:\/\/macronaturalsshop.com\/?post_type=product&#038;p=2445"},"modified":"2025-08-31T23:16:53","modified_gmt":"2025-08-31T23:16:53","slug":"collmar-cao-300-g-drasanvi","status":"publish","type":"product","link":"https:\/\/macronaturalsshop.com\/?product=collmar-cao-300-g-drasanvi","title":{"rendered":"Collmar Cao 300g"},"content":{"rendered":"<ul>\n<li>Las<strong>\u00a0Prote\u00ednas<\/strong>\u00a0 contribuyen a aumentar la masa muscular<\/li>\n<li>La<strong> <a href=\"https:\/\/macronaturalsshop.com\/wp-admin\/edit-tags.php?taxonomy=product_brand&amp;post_type=product\">Marcas<\/a>Vitamina C<\/strong>\u00a0contribuye a la formaci\u00f3n normal del Col\u00e1geno para el funcionamiento normal de cart\u00edlagos, huesos y piel<\/li>\n<li>La<strong>\u00a0Vitamina B2<\/strong>\u00a0contribuye al metabolismo normal del Hierro<\/li>\n<li>La<strong>\u00a0Vitamina B6<\/strong>\u00a0contribuye al metabolismo normal de las prote\u00ednas y del Gluc\u00f3geno<\/li>\n<li>La<strong>\u00a0Vitamina D<\/strong>\u00a0contribuye a la absorci\u00f3n y utilizaci\u00f3n normal del Calcio y el F\u00f3sforo<\/li>\n<li>El<strong>\u00a0Magnesio<\/strong>\u00a0y la\u00a0<strong>Vitamina B12\u00a0<\/strong>contribuyen a disminuir el cansancio y la fatiga<\/li>\n<li>El<strong>\u00a0Calcio\u00a0<\/strong>es necesario para el mantenimiento de los huesos en condiciones normales<\/li>\n<li>El<strong>\u00a0Zinc\u00a0<\/strong>contribuye a la s\u00edntesis proteica normal<\/li>\n<\/ul>\n","protected":false},"excerpt":{"rendered":"<p>Collmar<sup>\u00ae<\/sup>\u00a0Cao es un complemento alimenticio a base de Cacao desgrasado de procedencia ecol\u00f3gica, Col\u00e1geno Marino Hidrolizado enzim\u00e1ticamente con muy bajo peso molecular (2000 Da), DHA, Vitaminas C, D, B1, B5, B6 y B12,\u00a0 y minerales como Hierro, Magnesio y Zinc.La combinaci\u00f3n de todos estos ingredientes lo convierten en un complemento alimenticio muy completo para tomar en el desayuno.<\/p>\n","protected":false},"featured_media":5304,"comment_status":"open","ping_status":"closed","template":"","meta":[],"product_brand":[463],"product_cat":[389,393],"product_tag":[559,502,500,501,520,503,568],"class_list":{"0":"post-2445","1":"product","2":"type-product","3":"status-publish","4":"has-post-thumbnail","6":"product_brand-drasanvi","7":"product_cat-colageno","8":"product_cat-energia","9":"product_tag-colageno","10":"product_tag-heredia","11":"product_tag-macrobiotica","12":"product_tag-natural","13":"product_tag-natural-shop","14":"product_tag-san-pablo","15":"product_tag-vitaminas","17":"first","18":"instock","19":"shipping-taxable","20":"purchasable","21":"product-type-simple"},"jetpack_sharing_enabled":true,"_links":{"self":[{"href":"https:\/\/macronaturalsshop.com\/index.php?rest_route=\/wp\/v2\/product\/2445"}],"collection":[{"href":"https:\/\/macronaturalsshop.com\/index.php?rest_route=\/wp\/v2\/product"}],"about":[{"href":"https:\/\/macronaturalsshop.com\/index.php?rest_route=\/wp\/v2\/types\/product"}],"replies":[{"embeddable":true,"href":"https:\/\/macronaturalsshop.com\/index.php?rest_route=%2Fwp%2Fv2%2Fcomments&post=2445"}],"wp:featuredmedia":[{"embeddable":true,"href":"https:\/\/macronaturalsshop.com\/index.php?rest_route=\/wp\/v2\/media\/5304"}],"wp:attachment":[{"href":"https:\/\/macronaturalsshop.com\/index.php?rest_route=%2Fwp%2Fv2%2Fmedia&parent=2445"}],"wp:term":[{"taxonomy":"product_brand","embeddable":true,"href":"https:\/\/macronaturalsshop.com\/index.php?rest_route=%2Fwp%2Fv2%2Fproduct_brand&post=2445"},{"taxonomy":"product_cat","embeddable":true,"href":"https:\/\/macronaturalsshop.com\/index.php?rest_route=%2Fwp%2Fv2%2Fproduct_cat&post=2445"},{"taxonomy":"product_tag","embeddable":true,"href":"https:\/\/macronaturalsshop.com\/index.php?rest_route=%2Fwp%2Fv2%2Fproduct_tag&post=2445"}],"curies":[{"name":"wp","href":"https:\/\/api.w.org\/{rel}","templated":true}]}}