{"id":2555,"date":"2025-08-16T01:13:40","date_gmt":"2025-08-16T01:13:40","guid":{"rendered":"https:\/\/macronaturalsshop.com\/?post_type=product&#038;p=2555"},"modified":"2025-08-16T18:18:58","modified_gmt":"2025-08-16T18:18:58","slug":"menosan-30-tabletas","status":"publish","type":"product","link":"https:\/\/macronaturalsshop.com\/?product=menosan-30-tabletas","title":{"rendered":"Menosan Tabletas"},"content":{"rendered":"<p>Contiene fitoestr\u00f3genos de diferentes tipos, los cuales funcionan sobre los receptores estrog\u00e9nicos que predominan en el sistema nervioso central, huesos y sistema cardiovascular. No se unen a receptores estrog\u00e9nicos en las mamas ni en el \u00fatero.<br \/>\nControla eficazmente los s\u00edntomas vasomotores del per\u00edodo climat\u00e9rico, depresi\u00f3n, insomnio, mialgias relacionados con insuficiencia estrog\u00e9nica involutiva.<br \/>\nDisminuye el riesgo de accidentes cerebrovasculares, mejora la condici\u00f3n de la piel, contribuye a la conservaci\u00f3n de masa \u00f3sea sin que aumente el riesgo de c\u00e1nceres espec\u00edficamente femeninos.<\/p>\n","protected":false},"excerpt":{"rendered":"<p>Alivia los s\u00edntomas de la menopausia.<\/p>\n","protected":false},"featured_media":5043,"comment_status":"open","ping_status":"closed","template":"","meta":[],"product_brand":[470],"product_cat":[439],"product_tag":[502,500,602,501,520,503],"class_list":{"0":"post-2555","1":"product","2":"type-product","3":"status-publish","4":"has-post-thumbnail","6":"product_brand-himalaya","7":"product_cat-hormonal-mujer","8":"product_tag-heredia","9":"product_tag-macrobiotica","10":"product_tag-menopausia","11":"product_tag-natural","12":"product_tag-natural-shop","13":"product_tag-san-pablo","15":"first","16":"instock","17":"shipping-taxable","18":"purchasable","19":"product-type-simple"},"jetpack_sharing_enabled":true,"_links":{"self":[{"href":"https:\/\/macronaturalsshop.com\/index.php?rest_route=\/wp\/v2\/product\/2555"}],"collection":[{"href":"https:\/\/macronaturalsshop.com\/index.php?rest_route=\/wp\/v2\/product"}],"about":[{"href":"https:\/\/macronaturalsshop.com\/index.php?rest_route=\/wp\/v2\/types\/product"}],"replies":[{"embeddable":true,"href":"https:\/\/macronaturalsshop.com\/index.php?rest_route=%2Fwp%2Fv2%2Fcomments&post=2555"}],"wp:featuredmedia":[{"embeddable":true,"href":"https:\/\/macronaturalsshop.com\/index.php?rest_route=\/wp\/v2\/media\/5043"}],"wp:attachment":[{"href":"https:\/\/macronaturalsshop.com\/index.php?rest_route=%2Fwp%2Fv2%2Fmedia&parent=2555"}],"wp:term":[{"taxonomy":"product_brand","embeddable":true,"href":"https:\/\/macronaturalsshop.com\/index.php?rest_route=%2Fwp%2Fv2%2Fproduct_brand&post=2555"},{"taxonomy":"product_cat","embeddable":true,"href":"https:\/\/macronaturalsshop.com\/index.php?rest_route=%2Fwp%2Fv2%2Fproduct_cat&post=2555"},{"taxonomy":"product_tag","embeddable":true,"href":"https:\/\/macronaturalsshop.com\/index.php?rest_route=%2Fwp%2Fv2%2Fproduct_tag&post=2555"}],"curies":[{"name":"wp","href":"https:\/\/api.w.org\/{rel}","templated":true}]}}