{"id":2612,"date":"2025-09-03T05:01:20","date_gmt":"2025-09-03T05:01:20","guid":{"rendered":"https:\/\/macronaturalsshop.com\/?post_type=product&#038;p=2612"},"modified":"2025-09-04T02:21:59","modified_gmt":"2025-09-04T02:21:59","slug":"agua-micelar-250ml","status":"publish","type":"product","link":"https:\/\/macronaturalsshop.com\/?product=agua-micelar-250ml","title":{"rendered":"Agua Micelar Purificante"},"content":{"rendered":"<p>AGUA TERMAL: agua termal concentrada procedente de las termas naturales de Salies de Bearn. Rica en minerales y oligoelementos hace que la formulaci\u00f3n sea mucho m\u00e1s suave, protegiendo pieles sensibles y delicadas. Gracias a su f\u00f3rmula, es ideal para desmaquillar cara, ojos y labios, siempre y cuando el maquillaje no haya sido muy pesado. Hidrata, suaviza y refresca nuestra piel prepar\u00e1ndola para tratamientos posteriores (aplicaci\u00f3n de s\u00e9rums y cremas).<\/p>\n","protected":false},"excerpt":{"rendered":"<p>Rica en minerales y oligoelementos hace que la formulaci\u00f3n sea mucho m\u00e1s suave, protegiendo pieles sensibles y delicadas<\/p>\n","protected":false},"featured_media":2613,"comment_status":"open","ping_status":"closed","template":"","meta":[],"product_brand":[463],"product_cat":[408],"product_tag":[502,500,501,520,503],"class_list":{"0":"post-2612","1":"product","2":"type-product","3":"status-publish","4":"has-post-thumbnail","6":"product_brand-drasanvi","7":"product_cat-cuidado-personal","8":"product_tag-heredia","9":"product_tag-macrobiotica","10":"product_tag-natural","11":"product_tag-natural-shop","12":"product_tag-san-pablo","14":"first","15":"instock","16":"shipping-taxable","17":"purchasable","18":"product-type-simple"},"jetpack_sharing_enabled":true,"_links":{"self":[{"href":"https:\/\/macronaturalsshop.com\/index.php?rest_route=\/wp\/v2\/product\/2612"}],"collection":[{"href":"https:\/\/macronaturalsshop.com\/index.php?rest_route=\/wp\/v2\/product"}],"about":[{"href":"https:\/\/macronaturalsshop.com\/index.php?rest_route=\/wp\/v2\/types\/product"}],"replies":[{"embeddable":true,"href":"https:\/\/macronaturalsshop.com\/index.php?rest_route=%2Fwp%2Fv2%2Fcomments&post=2612"}],"wp:featuredmedia":[{"embeddable":true,"href":"https:\/\/macronaturalsshop.com\/index.php?rest_route=\/wp\/v2\/media\/2613"}],"wp:attachment":[{"href":"https:\/\/macronaturalsshop.com\/index.php?rest_route=%2Fwp%2Fv2%2Fmedia&parent=2612"}],"wp:term":[{"taxonomy":"product_brand","embeddable":true,"href":"https:\/\/macronaturalsshop.com\/index.php?rest_route=%2Fwp%2Fv2%2Fproduct_brand&post=2612"},{"taxonomy":"product_cat","embeddable":true,"href":"https:\/\/macronaturalsshop.com\/index.php?rest_route=%2Fwp%2Fv2%2Fproduct_cat&post=2612"},{"taxonomy":"product_tag","embeddable":true,"href":"https:\/\/macronaturalsshop.com\/index.php?rest_route=%2Fwp%2Fv2%2Fproduct_tag&post=2612"}],"curies":[{"name":"wp","href":"https:\/\/api.w.org\/{rel}","templated":true}]}}