{"id":2986,"date":"2025-08-15T07:00:22","date_gmt":"2025-08-15T07:00:22","guid":{"rendered":"https:\/\/macronaturalsshop.com\/?post_type=product&#038;p=2986"},"modified":"2025-08-15T21:46:45","modified_gmt":"2025-08-15T21:46:45","slug":"vegan-protein-sabor-frambuesa-600g","status":"publish","type":"product","link":"https:\/\/macronaturalsshop.com\/?product=vegan-protein-sabor-frambuesa-600g","title":{"rendered":"Vegan Protein Sabor Frambuesa 600g"},"content":{"rendered":"<p>Las nuevas tendencias del mercado abogan por la importancia de las prote\u00ednas en la alimentaci\u00f3n diaria. Sin embargo, el exceso de prote\u00ednas animales o diversas formas de alimentaci\u00f3n han colocado a las prote\u00ednas vegetales entre las sustancias m\u00e1s demandadas. Las prote\u00ednas pasan a formar parte de todas las estructuras corporales, entre las que destacamos, por su importancia en el deporte, la conservaci\u00f3n de la masa muscular.<\/p>\n","protected":false},"excerpt":{"rendered":"<p>Proteina a base de arroz, guisante, calabaza y girasol, ideal para las personas que no consumen productos de origen animal, sin azucar a\u00f1adida, ayuda al aumento de la masa muscular sin un aporte de grasa al organismo.<\/p>\n","protected":false},"featured_media":5028,"comment_status":"open","ping_status":"closed","template":"","meta":[],"product_brand":[463],"product_cat":[385],"product_tag":[566,502,500,501,520,503],"class_list":{"0":"post-2986","1":"product","2":"type-product","3":"status-publish","4":"has-post-thumbnail","6":"product_brand-drasanvi","7":"product_cat-deporte","8":"product_tag-deporte","9":"product_tag-heredia","10":"product_tag-macrobiotica","11":"product_tag-natural","12":"product_tag-natural-shop","13":"product_tag-san-pablo","15":"first","16":"instock","17":"shipping-taxable","18":"purchasable","19":"product-type-simple"},"jetpack_sharing_enabled":true,"_links":{"self":[{"href":"https:\/\/macronaturalsshop.com\/index.php?rest_route=\/wp\/v2\/product\/2986"}],"collection":[{"href":"https:\/\/macronaturalsshop.com\/index.php?rest_route=\/wp\/v2\/product"}],"about":[{"href":"https:\/\/macronaturalsshop.com\/index.php?rest_route=\/wp\/v2\/types\/product"}],"replies":[{"embeddable":true,"href":"https:\/\/macronaturalsshop.com\/index.php?rest_route=%2Fwp%2Fv2%2Fcomments&post=2986"}],"wp:featuredmedia":[{"embeddable":true,"href":"https:\/\/macronaturalsshop.com\/index.php?rest_route=\/wp\/v2\/media\/5028"}],"wp:attachment":[{"href":"https:\/\/macronaturalsshop.com\/index.php?rest_route=%2Fwp%2Fv2%2Fmedia&parent=2986"}],"wp:term":[{"taxonomy":"product_brand","embeddable":true,"href":"https:\/\/macronaturalsshop.com\/index.php?rest_route=%2Fwp%2Fv2%2Fproduct_brand&post=2986"},{"taxonomy":"product_cat","embeddable":true,"href":"https:\/\/macronaturalsshop.com\/index.php?rest_route=%2Fwp%2Fv2%2Fproduct_cat&post=2986"},{"taxonomy":"product_tag","embeddable":true,"href":"https:\/\/macronaturalsshop.com\/index.php?rest_route=%2Fwp%2Fv2%2Fproduct_tag&post=2986"}],"curies":[{"name":"wp","href":"https:\/\/api.w.org\/{rel}","templated":true}]}}