{"id":3014,"date":"2025-09-06T01:30:23","date_gmt":"2025-09-06T01:30:23","guid":{"rendered":"https:\/\/macronaturalsshop.com\/?post_type=product&#038;p=3014"},"modified":"2025-09-06T19:36:16","modified_gmt":"2025-09-06T19:36:16","slug":"tribulis-terrestris-500mg-60-capsulas","status":"publish","type":"product","link":"https:\/\/macronaturalsshop.com\/?product=tribulis-terrestris-500mg-60-capsulas","title":{"rendered":"Tribulis Terrestris 500mg"},"content":{"rendered":"<p>En el f\u00edsico culturismo el tribulus es usado por sus propiedades de aumentar la testosterona m\u00e1s que por cualquier otra cualidad.<br \/>\nLos estudios han demostrado aumento en los niveles de testosterona de m\u00e1s del 50% al consumir oralmente el tribulus terrestris. Bien sabido es que la testosterona ayuda a construir m\u00fasculos y aumenta la fuerza.<br \/>\nLo m\u00e1s interesante es que el tribulus no es una hormona. Trabaja completamente diferente que el androstenedione.<br \/>\nEl tribulus incremente la testosterona a trav\u00e9s de la hormona leutinizante (lh) en el cuerpo. La hormona leutinizante es la encargada de decirle al organismo cuanta testosterona debe producir.<br \/>\nEs decir, es un estimulador hormonal, no un suplemento hormonal. Simplemente trabaja dentro de los l\u00edmites naturales del cuerpo ayudando a producir musculatura y fuerza.<\/p>\n","protected":false},"excerpt":{"rendered":"<p>En el f\u00edsico culturismo el tribulus es usado por sus propiedades de aumentar la testosterona m\u00e1s que por cualquier otra cualidad. Trabaja dentro de los l\u00edmites naturales del cuerpo ayudando a producir musculatura y fuerza.<\/p>\n","protected":false},"featured_media":5344,"comment_status":"open","ping_status":"closed","template":"","meta":[],"product_brand":[482],"product_cat":[440],"product_tag":[566,502,500,501,520,503],"class_list":{"0":"post-3014","1":"product","2":"type-product","3":"status-publish","4":"has-post-thumbnail","6":"product_brand-natural-system","7":"product_cat-hormonal-hombre","8":"product_tag-deporte","9":"product_tag-heredia","10":"product_tag-macrobiotica","11":"product_tag-natural","12":"product_tag-natural-shop","13":"product_tag-san-pablo","15":"first","16":"instock","17":"shipping-taxable","18":"purchasable","19":"product-type-simple"},"jetpack_sharing_enabled":true,"_links":{"self":[{"href":"https:\/\/macronaturalsshop.com\/index.php?rest_route=\/wp\/v2\/product\/3014"}],"collection":[{"href":"https:\/\/macronaturalsshop.com\/index.php?rest_route=\/wp\/v2\/product"}],"about":[{"href":"https:\/\/macronaturalsshop.com\/index.php?rest_route=\/wp\/v2\/types\/product"}],"replies":[{"embeddable":true,"href":"https:\/\/macronaturalsshop.com\/index.php?rest_route=%2Fwp%2Fv2%2Fcomments&post=3014"}],"wp:featuredmedia":[{"embeddable":true,"href":"https:\/\/macronaturalsshop.com\/index.php?rest_route=\/wp\/v2\/media\/5344"}],"wp:attachment":[{"href":"https:\/\/macronaturalsshop.com\/index.php?rest_route=%2Fwp%2Fv2%2Fmedia&parent=3014"}],"wp:term":[{"taxonomy":"product_brand","embeddable":true,"href":"https:\/\/macronaturalsshop.com\/index.php?rest_route=%2Fwp%2Fv2%2Fproduct_brand&post=3014"},{"taxonomy":"product_cat","embeddable":true,"href":"https:\/\/macronaturalsshop.com\/index.php?rest_route=%2Fwp%2Fv2%2Fproduct_cat&post=3014"},{"taxonomy":"product_tag","embeddable":true,"href":"https:\/\/macronaturalsshop.com\/index.php?rest_route=%2Fwp%2Fv2%2Fproduct_tag&post=3014"}],"curies":[{"name":"wp","href":"https:\/\/api.w.org\/{rel}","templated":true}]}}