{"id":3088,"date":"2025-08-17T05:25:20","date_gmt":"2025-08-17T05:25:20","guid":{"rendered":"https:\/\/macronaturalsshop.com\/?post_type=product&#038;p=3088"},"modified":"2025-08-18T05:13:20","modified_gmt":"2025-08-18T05:13:20","slug":"koflet-jarabe-100-ml","status":"publish","type":"product","link":"https:\/\/macronaturalsshop.com\/?product=koflet-jarabe-100-ml","title":{"rendered":"Koflet Jarabe"},"content":{"rendered":"<ul>\n<li>Estimula la producci\u00f3n del agente tensoactivo (surfactante) por parte de los alveolocitostipo II, lo que contribuye a mantener los alveolos en condici\u00f3n abierta y aireada; evitando que colapsen (atelectasia).<\/li>\n<li>Antitusivo: las acciones mucol\u00edtica y expectorante reducen la viscosidad de las secreciones bronquiales facilitando la expectoraci\u00f3n. Adem\u00e1s, aten\u00faa la hiperreactividad de los bronquios.<\/li>\n<li>Broncodilatador: al modular la acci\u00f3n de la fosfodiesterasa.<\/li>\n<li>Antiinflamatorio: ya que disminuye el edema de la capa interna de los bronquios.<\/li>\n<li>Antial\u00e9rgico: aten\u00faa la degranulaci\u00f3n de las c\u00e9lulas cebadas y de los bas\u00f3filos circulantes en la sangre.<\/li>\n<li>Disminuye la resistencia bronquial gracias a las acciones antes mencionadas.<\/li>\n<\/ul>\n","protected":false},"excerpt":{"rendered":"<p>Elimina la tos y el broncoespasmo. Con miel de abeja org\u00e1nica.<\/p>\n","protected":false},"featured_media":3089,"comment_status":"open","ping_status":"closed","template":"","meta":[],"product_brand":[470],"product_cat":[412],"product_tag":[616,615,502,500,501,520,503,542],"class_list":{"0":"post-3088","1":"product","2":"type-product","3":"status-publish","4":"has-post-thumbnail","6":"product_brand-himalaya","7":"product_cat-tos","8":"product_tag-antialergico","9":"product_tag-antiinflamatorio","10":"product_tag-heredia","11":"product_tag-macrobiotica","12":"product_tag-natural","13":"product_tag-natural-shop","14":"product_tag-san-pablo","15":"product_tag-tos","17":"first","18":"instock","19":"shipping-taxable","20":"purchasable","21":"product-type-simple"},"jetpack_sharing_enabled":true,"_links":{"self":[{"href":"https:\/\/macronaturalsshop.com\/index.php?rest_route=\/wp\/v2\/product\/3088"}],"collection":[{"href":"https:\/\/macronaturalsshop.com\/index.php?rest_route=\/wp\/v2\/product"}],"about":[{"href":"https:\/\/macronaturalsshop.com\/index.php?rest_route=\/wp\/v2\/types\/product"}],"replies":[{"embeddable":true,"href":"https:\/\/macronaturalsshop.com\/index.php?rest_route=%2Fwp%2Fv2%2Fcomments&post=3088"}],"wp:featuredmedia":[{"embeddable":true,"href":"https:\/\/macronaturalsshop.com\/index.php?rest_route=\/wp\/v2\/media\/3089"}],"wp:attachment":[{"href":"https:\/\/macronaturalsshop.com\/index.php?rest_route=%2Fwp%2Fv2%2Fmedia&parent=3088"}],"wp:term":[{"taxonomy":"product_brand","embeddable":true,"href":"https:\/\/macronaturalsshop.com\/index.php?rest_route=%2Fwp%2Fv2%2Fproduct_brand&post=3088"},{"taxonomy":"product_cat","embeddable":true,"href":"https:\/\/macronaturalsshop.com\/index.php?rest_route=%2Fwp%2Fv2%2Fproduct_cat&post=3088"},{"taxonomy":"product_tag","embeddable":true,"href":"https:\/\/macronaturalsshop.com\/index.php?rest_route=%2Fwp%2Fv2%2Fproduct_tag&post=3088"}],"curies":[{"name":"wp","href":"https:\/\/api.w.org\/{rel}","templated":true}]}}