{"id":3134,"date":"2025-09-06T04:10:56","date_gmt":"2025-09-06T04:10:56","guid":{"rendered":"https:\/\/macronaturalsshop.com\/?post_type=product&#038;p=3134"},"modified":"2025-09-06T20:39:40","modified_gmt":"2025-09-06T20:39:40","slug":"optimem-45-capsulas-de-52155-mg","status":"publish","type":"product","link":"https:\/\/macronaturalsshop.com\/?product=optimem-45-capsulas-de-52155-mg","title":{"rendered":"Optimem Forte"},"content":{"rendered":"<p>Optimem es un complemento alimenticio rico en vitaminas y minerales que incorpora fosfatidilcolina, fosfatidilserina y amino\u00e1cidos como la metionina, fenilalanina, L-glutamina y tript\u00f3fano. Una excelente composici\u00f3n de m\u00e1s de 20 ingredientes que contribuyen al correcto funcionamiento del sistema nervioso y, adem\u00e1s, ayuda a disminuir el cansancio y la fatiga.<\/p>\n","protected":false},"excerpt":{"rendered":"<p>Optimem es un complemento alimenticio rico en vitaminas y minerales.<\/p>\n","protected":false},"featured_media":3135,"comment_status":"open","ping_status":"closed","template":"","meta":[],"product_brand":[463],"product_cat":[398],"product_tag":[502,501,520,503,568],"class_list":{"0":"post-3134","1":"product","2":"type-product","3":"status-publish","4":"has-post-thumbnail","6":"product_brand-drasanvi","7":"product_cat-vit-y-min","8":"product_tag-heredia","9":"product_tag-natural","10":"product_tag-natural-shop","11":"product_tag-san-pablo","12":"product_tag-vitaminas","14":"first","15":"instock","16":"shipping-taxable","17":"purchasable","18":"product-type-simple"},"jetpack_sharing_enabled":true,"_links":{"self":[{"href":"https:\/\/macronaturalsshop.com\/index.php?rest_route=\/wp\/v2\/product\/3134"}],"collection":[{"href":"https:\/\/macronaturalsshop.com\/index.php?rest_route=\/wp\/v2\/product"}],"about":[{"href":"https:\/\/macronaturalsshop.com\/index.php?rest_route=\/wp\/v2\/types\/product"}],"replies":[{"embeddable":true,"href":"https:\/\/macronaturalsshop.com\/index.php?rest_route=%2Fwp%2Fv2%2Fcomments&post=3134"}],"wp:featuredmedia":[{"embeddable":true,"href":"https:\/\/macronaturalsshop.com\/index.php?rest_route=\/wp\/v2\/media\/3135"}],"wp:attachment":[{"href":"https:\/\/macronaturalsshop.com\/index.php?rest_route=%2Fwp%2Fv2%2Fmedia&parent=3134"}],"wp:term":[{"taxonomy":"product_brand","embeddable":true,"href":"https:\/\/macronaturalsshop.com\/index.php?rest_route=%2Fwp%2Fv2%2Fproduct_brand&post=3134"},{"taxonomy":"product_cat","embeddable":true,"href":"https:\/\/macronaturalsshop.com\/index.php?rest_route=%2Fwp%2Fv2%2Fproduct_cat&post=3134"},{"taxonomy":"product_tag","embeddable":true,"href":"https:\/\/macronaturalsshop.com\/index.php?rest_route=%2Fwp%2Fv2%2Fproduct_tag&post=3134"}],"curies":[{"name":"wp","href":"https:\/\/api.w.org\/{rel}","templated":true}]}}