{"id":3162,"date":"2025-09-06T06:00:05","date_gmt":"2025-09-06T06:00:05","guid":{"rendered":"https:\/\/macronaturalsshop.com\/?post_type=product&#038;p=3162"},"modified":"2025-09-06T21:47:22","modified_gmt":"2025-09-06T21:47:22","slug":"axia-45-comprimidos","status":"publish","type":"product","link":"https:\/\/macronaturalsshop.com\/?product=axia-45-comprimidos","title":{"rendered":"Axia"},"content":{"rendered":"<div class=\"WaaZC\">\n<div class=\"RJPOee EIJn2\">\n<div class=\"rPeykc uP58nb\" data-hveid=\"CCYQAQ\" data-ved=\"2ahUKEwjpkvz2jcWPAxUKQzABHYpBLDoQo_EKegQIJhAB\">\n<p><span data-huuid=\"14843509246243787038\"><span role=\"heading\" aria-level=\"2\">Beneficios principales:<\/span><span class=\"pjBG2e\" data-cid=\"d436d94a-0f8a-4426-9e33-9dd05d280289\"><span class=\"UV3uM\">\u00a0<\/span><\/span><\/span><\/p>\n<div class=\"NPrrbc\" data-cid=\"d436d94a-0f8a-4426-9e33-9dd05d280289\" data-uuids=\"14843509246243787038,14843509246243788437,14843509246243790735,14843509246243788937,14843509246243787139,14843509246243789437\">\n<div class=\"BMebGe btku5b fCrZyc LwdV0e FR7ZSc qVhvac OJeuxf\" tabindex=\"0\" role=\"button\" aria-label=\"Ver v\u00ednculos relacionados\" data-hveid=\"CCwQAQ\" data-ved=\"2ahUKEwjpkvz2jcWPAxUKQzABHYpBLDoQ3fYKegQILBAB\"><\/div>\n<\/div>\n<\/div>\n<\/div>\n<\/div>\n<div class=\"WaaZC\">\n<div class=\"RJPOee EIJn2\">\n<ul data-hveid=\"CDcQAQ\" data-ved=\"2ahUKEwjpkvz2jcWPAxUKQzABHYpBLDoQm_YKegQINxAB\">\n<li><span data-huuid=\"14843509246243788437\">Facilita la digesti\u00f3n.<\/span><\/li>\n<li><span data-huuid=\"14843509246243790735\">Ayuda a contrarrestar el estre\u00f1imiento y ablanda las heces.<\/span><\/li>\n<li><span data-huuid=\"14843509246243788937\">Repara y cuida la flora intestinal.<\/span><\/li>\n<li><span data-huuid=\"14843509246243787139\">Estimula la secreci\u00f3n de bilis, mejorando el metabolismo hep\u00e1tico.<\/span><\/li>\n<li><span data-huuid=\"14843509246243789437\">Favorece la expulsi\u00f3n de toxinas.<\/span><\/li>\n<\/ul>\n<\/div>\n<\/div>\n","protected":false},"excerpt":{"rendered":"<p>Mejora la salud digestiva y regular el tr\u00e1nsito intestinal.\u00a0Combina prebi\u00f3ticos (fructooligosac\u00e1ridos), probi\u00f3ticos\u00a0(fermentos l\u00e1cticos\u00a0o bacterias beneficiosas) y extractos de plantas como ruibarbo, sen y c\u00e1scara sagrada para favorecer una digesti\u00f3n saludable, aliviar el estre\u00f1imiento y reparar la microbiota intestinal.<\/p>\n","protected":false},"featured_media":3335,"comment_status":"open","ping_status":"closed","template":"","meta":[],"product_brand":[463],"product_cat":[396],"product_tag":[541,502,500,501,520,503],"class_list":{"0":"post-3162","1":"product","2":"type-product","3":"status-publish","4":"has-post-thumbnail","6":"product_brand-drasanvi","7":"product_cat-sistema-digestivo","8":"product_tag-digestion","9":"product_tag-heredia","10":"product_tag-macrobiotica","11":"product_tag-natural","12":"product_tag-natural-shop","13":"product_tag-san-pablo","15":"first","16":"instock","17":"shipping-taxable","18":"purchasable","19":"product-type-simple"},"jetpack_sharing_enabled":true,"_links":{"self":[{"href":"https:\/\/macronaturalsshop.com\/index.php?rest_route=\/wp\/v2\/product\/3162"}],"collection":[{"href":"https:\/\/macronaturalsshop.com\/index.php?rest_route=\/wp\/v2\/product"}],"about":[{"href":"https:\/\/macronaturalsshop.com\/index.php?rest_route=\/wp\/v2\/types\/product"}],"replies":[{"embeddable":true,"href":"https:\/\/macronaturalsshop.com\/index.php?rest_route=%2Fwp%2Fv2%2Fcomments&post=3162"}],"wp:featuredmedia":[{"embeddable":true,"href":"https:\/\/macronaturalsshop.com\/index.php?rest_route=\/wp\/v2\/media\/3335"}],"wp:attachment":[{"href":"https:\/\/macronaturalsshop.com\/index.php?rest_route=%2Fwp%2Fv2%2Fmedia&parent=3162"}],"wp:term":[{"taxonomy":"product_brand","embeddable":true,"href":"https:\/\/macronaturalsshop.com\/index.php?rest_route=%2Fwp%2Fv2%2Fproduct_brand&post=3162"},{"taxonomy":"product_cat","embeddable":true,"href":"https:\/\/macronaturalsshop.com\/index.php?rest_route=%2Fwp%2Fv2%2Fproduct_cat&post=3162"},{"taxonomy":"product_tag","embeddable":true,"href":"https:\/\/macronaturalsshop.com\/index.php?rest_route=%2Fwp%2Fv2%2Fproduct_tag&post=3162"}],"curies":[{"name":"wp","href":"https:\/\/api.w.org\/{rel}","templated":true}]}}