{"id":3166,"date":"2025-09-06T06:05:43","date_gmt":"2025-09-06T06:05:43","guid":{"rendered":"https:\/\/macronaturalsshop.com\/?post_type=product&#038;p=3166"},"modified":"2025-09-06T21:51:11","modified_gmt":"2025-09-06T21:51:11","slug":"salvia-vitamina-c-30-capsulas","status":"publish","type":"product","link":"https:\/\/macronaturalsshop.com\/?product=salvia-vitamina-c-30-capsulas","title":{"rendered":"Salvia + Vitamina C"},"content":{"rendered":"<p>Se trata de un g\u00e9nero muy amplio, pero de todas ellas es la\u00a0<em>Salvia officinalis\u00a0<\/em>la m\u00e1s conocida. La Salvia es una planta arom\u00e1tica, f\u00e1cilmente identificada por sus flores purp\u00fareas dispuestas en racimo. El nombre de la Salvia proviene del lat\u00edn \u201cSalvare\u201d. Rica en principios activos como aceites esenciales (cuya composici\u00f3n cambia a lo largo del a\u00f1o), Saponinas, \u00c1cido Araquid\u00f3nico, Vitaminas y Fitoestr\u00f3genos (sustancias similares a los Estr\u00f3genos Femeninos).<\/p>\n","protected":false},"excerpt":{"rendered":"<p>Disminuye la intensidad de los s\u00edntomas perimenop\u00e1usicos: sofocos, cambios de temperatura bruscos, insomnio, cansancio f\u00edsico y mental, enrojecimiento y sudoraci\u00f3n evidente, cambios de humor y disminuci\u00f3n en los procesos cognitivos.<\/p>\n","protected":false},"featured_media":5357,"comment_status":"open","ping_status":"closed","template":"","meta":[],"product_brand":[463],"product_cat":[439],"product_tag":[614,502,533,500,501,520,503],"class_list":{"0":"post-3166","1":"product","2":"type-product","3":"status-publish","4":"has-post-thumbnail","6":"product_brand-drasanvi","7":"product_cat-hormonal-mujer","8":"product_tag-cansancio","9":"product_tag-heredia","10":"product_tag-insomnio","11":"product_tag-macrobiotica","12":"product_tag-natural","13":"product_tag-natural-shop","14":"product_tag-san-pablo","16":"first","17":"instock","18":"shipping-taxable","19":"purchasable","20":"product-type-simple"},"jetpack_sharing_enabled":true,"_links":{"self":[{"href":"https:\/\/macronaturalsshop.com\/index.php?rest_route=\/wp\/v2\/product\/3166"}],"collection":[{"href":"https:\/\/macronaturalsshop.com\/index.php?rest_route=\/wp\/v2\/product"}],"about":[{"href":"https:\/\/macronaturalsshop.com\/index.php?rest_route=\/wp\/v2\/types\/product"}],"replies":[{"embeddable":true,"href":"https:\/\/macronaturalsshop.com\/index.php?rest_route=%2Fwp%2Fv2%2Fcomments&post=3166"}],"wp:featuredmedia":[{"embeddable":true,"href":"https:\/\/macronaturalsshop.com\/index.php?rest_route=\/wp\/v2\/media\/5357"}],"wp:attachment":[{"href":"https:\/\/macronaturalsshop.com\/index.php?rest_route=%2Fwp%2Fv2%2Fmedia&parent=3166"}],"wp:term":[{"taxonomy":"product_brand","embeddable":true,"href":"https:\/\/macronaturalsshop.com\/index.php?rest_route=%2Fwp%2Fv2%2Fproduct_brand&post=3166"},{"taxonomy":"product_cat","embeddable":true,"href":"https:\/\/macronaturalsshop.com\/index.php?rest_route=%2Fwp%2Fv2%2Fproduct_cat&post=3166"},{"taxonomy":"product_tag","embeddable":true,"href":"https:\/\/macronaturalsshop.com\/index.php?rest_route=%2Fwp%2Fv2%2Fproduct_tag&post=3166"}],"curies":[{"name":"wp","href":"https:\/\/api.w.org\/{rel}","templated":true}]}}