{"id":3176,"date":"2025-08-15T05:10:52","date_gmt":"2025-08-15T05:10:52","guid":{"rendered":"https:\/\/macronaturalsshop.com\/?post_type=product&#038;p=3176"},"modified":"2025-08-15T20:54:18","modified_gmt":"2025-08-15T20:54:18","slug":"melatonina-bicapa-1-9mg-60-comprimidos","status":"publish","type":"product","link":"https:\/\/macronaturalsshop.com\/?product=melatonina-bicapa-1-9mg-60-comprimidos","title":{"rendered":"Melatonina Bicapa 60 Comprimidos"},"content":{"rendered":"<p>La calidad e higiene del sue\u00f1o son esenciales para nuestro d\u00eda a d\u00eda. Por ello, un sue\u00f1o reparador ayuda a mejorar nuestra vitalidad y calidad de vida. Melatonina Bicapa es un producto destinado a conciliar el sue\u00f1o y promover la relajaci\u00f3n de forma natural gracias a su doble efecto, basado en diferentes velocidades de acci\u00f3n. Por un lado, la capa azul contribuye a conciliar el sue\u00f1o de manera m\u00e1s r\u00e1pida debido a su contenido en melatonia y tript\u00f3fano. Y, por el otro, la capa marr\u00f3n hace que la acci\u00f3n de la valeriana y la pasiflora se vayan notando lentamente durante el proceso de descanso.<\/p>\n","protected":false},"excerpt":{"rendered":"<p>Melatonina Bicapa es un producto destinado a conciliar el sue\u00f1o y promover la relajaci\u00f3n de forma natural gracias a su doble efecto, basado en diferentes velocidades de acci\u00f3n.<\/p>\n","protected":false},"featured_media":5023,"comment_status":"open","ping_status":"closed","template":"","meta":[],"product_brand":[463],"product_cat":[407],"product_tag":[502,500,501,520,503,574],"class_list":{"0":"post-3176","1":"product","2":"type-product","3":"status-publish","4":"has-post-thumbnail","6":"product_brand-drasanvi","7":"product_cat-sueno","8":"product_tag-heredia","9":"product_tag-macrobiotica","10":"product_tag-natural","11":"product_tag-natural-shop","12":"product_tag-san-pablo","13":"product_tag-sueno","15":"first","16":"instock","17":"shipping-taxable","18":"purchasable","19":"product-type-simple"},"jetpack_sharing_enabled":true,"_links":{"self":[{"href":"https:\/\/macronaturalsshop.com\/index.php?rest_route=\/wp\/v2\/product\/3176"}],"collection":[{"href":"https:\/\/macronaturalsshop.com\/index.php?rest_route=\/wp\/v2\/product"}],"about":[{"href":"https:\/\/macronaturalsshop.com\/index.php?rest_route=\/wp\/v2\/types\/product"}],"replies":[{"embeddable":true,"href":"https:\/\/macronaturalsshop.com\/index.php?rest_route=%2Fwp%2Fv2%2Fcomments&post=3176"}],"wp:featuredmedia":[{"embeddable":true,"href":"https:\/\/macronaturalsshop.com\/index.php?rest_route=\/wp\/v2\/media\/5023"}],"wp:attachment":[{"href":"https:\/\/macronaturalsshop.com\/index.php?rest_route=%2Fwp%2Fv2%2Fmedia&parent=3176"}],"wp:term":[{"taxonomy":"product_brand","embeddable":true,"href":"https:\/\/macronaturalsshop.com\/index.php?rest_route=%2Fwp%2Fv2%2Fproduct_brand&post=3176"},{"taxonomy":"product_cat","embeddable":true,"href":"https:\/\/macronaturalsshop.com\/index.php?rest_route=%2Fwp%2Fv2%2Fproduct_cat&post=3176"},{"taxonomy":"product_tag","embeddable":true,"href":"https:\/\/macronaturalsshop.com\/index.php?rest_route=%2Fwp%2Fv2%2Fproduct_tag&post=3176"}],"curies":[{"name":"wp","href":"https:\/\/api.w.org\/{rel}","templated":true}]}}