{"id":3184,"date":"2025-09-06T07:00:36","date_gmt":"2025-09-06T07:00:36","guid":{"rendered":"https:\/\/macronaturalsshop.com\/?post_type=product&#038;p=3184"},"modified":"2025-09-06T22:18:37","modified_gmt":"2025-09-06T22:18:37","slug":"mineral-selenio-hierro-vitamina-c-y-e-90-capsulas","status":"publish","type":"product","link":"https:\/\/macronaturalsshop.com\/?product=mineral-selenio-hierro-vitamina-c-y-e-90-capsulas","title":{"rendered":"Mineral Seleniometionina 90 Comprimidos"},"content":{"rendered":"<p>El Selenio contribuye a la espermatog\u00e9nesis normal.<\/p>\n<p>El Selenio contribuye al mantenimiento del cabello y las u\u00f1as en condiciones normales.<\/p>\n<p>El Selenio contribuye al funcionamiento normal del sistema inmunitario.<\/p>\n<p>El selenio contribuye a la funcion tiroidea normal.<\/p>\n<p>La fuente de Seleniometionina, una fuente org\u00e1nica con mayor tasa de asimilacion que otras fuentes inorg\u00e1nicas de Selenio.<\/p>\n<p>Adem\u00e1s de ha incorporado a la formula el hierro (A\u00f1adido en forma de bisglicinato de hierro), Vitamina C y Vitamina E.<\/p>\n","protected":false},"excerpt":{"rendered":"<p>El Selenio es un mineral esencial para muchas de las funciones de nuestro organismo. Aunque esta presente en todo el cuerpo es m\u00e1s abundante en ri\u00f1ones, higado, bazo, pancreas y test\u00edculos.<\/p>\n","protected":false},"featured_media":5359,"comment_status":"open","ping_status":"closed","template":"","meta":[],"product_brand":[463],"product_cat":[398],"product_tag":[502,500,501,520,503],"class_list":{"0":"post-3184","1":"product","2":"type-product","3":"status-publish","4":"has-post-thumbnail","6":"product_brand-drasanvi","7":"product_cat-vit-y-min","8":"product_tag-heredia","9":"product_tag-macrobiotica","10":"product_tag-natural","11":"product_tag-natural-shop","12":"product_tag-san-pablo","14":"first","15":"instock","16":"shipping-taxable","17":"purchasable","18":"product-type-simple"},"jetpack_sharing_enabled":true,"_links":{"self":[{"href":"https:\/\/macronaturalsshop.com\/index.php?rest_route=\/wp\/v2\/product\/3184"}],"collection":[{"href":"https:\/\/macronaturalsshop.com\/index.php?rest_route=\/wp\/v2\/product"}],"about":[{"href":"https:\/\/macronaturalsshop.com\/index.php?rest_route=\/wp\/v2\/types\/product"}],"replies":[{"embeddable":true,"href":"https:\/\/macronaturalsshop.com\/index.php?rest_route=%2Fwp%2Fv2%2Fcomments&post=3184"}],"wp:featuredmedia":[{"embeddable":true,"href":"https:\/\/macronaturalsshop.com\/index.php?rest_route=\/wp\/v2\/media\/5359"}],"wp:attachment":[{"href":"https:\/\/macronaturalsshop.com\/index.php?rest_route=%2Fwp%2Fv2%2Fmedia&parent=3184"}],"wp:term":[{"taxonomy":"product_brand","embeddable":true,"href":"https:\/\/macronaturalsshop.com\/index.php?rest_route=%2Fwp%2Fv2%2Fproduct_brand&post=3184"},{"taxonomy":"product_cat","embeddable":true,"href":"https:\/\/macronaturalsshop.com\/index.php?rest_route=%2Fwp%2Fv2%2Fproduct_cat&post=3184"},{"taxonomy":"product_tag","embeddable":true,"href":"https:\/\/macronaturalsshop.com\/index.php?rest_route=%2Fwp%2Fv2%2Fproduct_tag&post=3184"}],"curies":[{"name":"wp","href":"https:\/\/api.w.org\/{rel}","templated":true}]}}