{"id":3221,"date":"2025-09-06T08:30:31","date_gmt":"2025-09-06T08:30:31","guid":{"rendered":"https:\/\/macronaturalsshop.com\/?post_type=product&#038;p=3221"},"modified":"2025-09-07T03:28:04","modified_gmt":"2025-09-07T03:28:04","slug":"aceite-esencial-clavo-10ml","status":"publish","type":"product","link":"https:\/\/macronaturalsshop.com\/?product=aceite-esencial-clavo-10ml","title":{"rendered":"Aceite Esencial Clavo 10ml"},"content":{"rendered":"<p>Conocemos, ampliamente, el uso culinario del clavo como especia, pero no tanto su dimensi\u00f3n como aceite esencial. Su amplio espectro de acci\u00f3n hace que est\u00e9 presente en numerosos preparados fitoterap\u00e9uticos, as\u00ed como de aceites esenciales. Es un aceite esencial a tener en cuenta para diferentes necesidades, sobre todo, para aliviar las molestias dentales.<\/p>\n","protected":false},"excerpt":{"rendered":"<p>Es un aceite esencial a tener en cuenta para diferentes necesidades, sobre todo, para aliviar las molestias dentales.<\/p>\n","protected":false},"featured_media":3222,"comment_status":"open","ping_status":"closed","template":"","meta":[],"product_brand":[463],"product_cat":[374],"product_tag":[642,531,502,500,501,520,503],"class_list":{"0":"post-3221","1":"product","2":"type-product","3":"status-publish","4":"has-post-thumbnail","6":"product_brand-drasanvi","7":"product_cat-aceites-esenciales","8":"product_tag-aceite-essencial","9":"product_tag-dolores-cronicos","10":"product_tag-heredia","11":"product_tag-macrobiotica","12":"product_tag-natural","13":"product_tag-natural-shop","14":"product_tag-san-pablo","16":"first","17":"instock","18":"shipping-taxable","19":"purchasable","20":"product-type-simple"},"jetpack_sharing_enabled":true,"_links":{"self":[{"href":"https:\/\/macronaturalsshop.com\/index.php?rest_route=\/wp\/v2\/product\/3221"}],"collection":[{"href":"https:\/\/macronaturalsshop.com\/index.php?rest_route=\/wp\/v2\/product"}],"about":[{"href":"https:\/\/macronaturalsshop.com\/index.php?rest_route=\/wp\/v2\/types\/product"}],"replies":[{"embeddable":true,"href":"https:\/\/macronaturalsshop.com\/index.php?rest_route=%2Fwp%2Fv2%2Fcomments&post=3221"}],"wp:featuredmedia":[{"embeddable":true,"href":"https:\/\/macronaturalsshop.com\/index.php?rest_route=\/wp\/v2\/media\/3222"}],"wp:attachment":[{"href":"https:\/\/macronaturalsshop.com\/index.php?rest_route=%2Fwp%2Fv2%2Fmedia&parent=3221"}],"wp:term":[{"taxonomy":"product_brand","embeddable":true,"href":"https:\/\/macronaturalsshop.com\/index.php?rest_route=%2Fwp%2Fv2%2Fproduct_brand&post=3221"},{"taxonomy":"product_cat","embeddable":true,"href":"https:\/\/macronaturalsshop.com\/index.php?rest_route=%2Fwp%2Fv2%2Fproduct_cat&post=3221"},{"taxonomy":"product_tag","embeddable":true,"href":"https:\/\/macronaturalsshop.com\/index.php?rest_route=%2Fwp%2Fv2%2Fproduct_tag&post=3221"}],"curies":[{"name":"wp","href":"https:\/\/api.w.org\/{rel}","templated":true}]}}