{"id":3242,"date":"2025-09-06T09:00:39","date_gmt":"2025-09-06T09:00:39","guid":{"rendered":"https:\/\/macronaturalsshop.com\/?post_type=product&#038;p=3242"},"modified":"2025-09-07T03:40:34","modified_gmt":"2025-09-07T03:40:34","slug":"aceite-hiperico-50ml","status":"publish","type":"product","link":"https:\/\/macronaturalsshop.com\/?product=aceite-hiperico-50ml","title":{"rendered":"Aceite Macerado Hip\u00e9rico Cosmos Organic Bio 50 ml Vitaroms"},"content":{"rendered":"<p>El Hip\u00e9rico, tambi\u00e9n conocido, habitualmente, como Hiperic\u00f3n o Hierba de San Juan, es una planta f\u00e1cil de encontrar en toda la cuenca mediterr\u00e1nea. Asociada a la cultura popular, se ha usado con diferentes fines, tales como mejorar la circulaci\u00f3n, calmar pieles irritadas, curar quemaduras o por su efecto calmante y sedativo.<\/p>\n<p>El aceite vegetal de Hip\u00e9rico de Vitaroms es obtenido por la maceraci\u00f3n de sus flores en un aceite base BIO. Esto nos asegura contar con todas las propiedades que nos ofrece la planta y, adem\u00e1s, todos los beneficios de un aceite de base BIO, el cual contiene todos sus \u00e1cidos grasos, minerales y vitaminas intactos.<\/p>\n","protected":false},"excerpt":{"rendered":"<p>Usado con diferentes fines, tales como mejorar la circulaci\u00f3n, calmar pieles irritadas, curar quemaduras o por su efecto calmante y sedativo.<\/p>\n","protected":false},"featured_media":3243,"comment_status":"open","ping_status":"closed","template":"","meta":[],"product_brand":[463],"product_cat":[374],"product_tag":[642,502,500,501,520,503],"class_list":{"0":"post-3242","1":"product","2":"type-product","3":"status-publish","4":"has-post-thumbnail","6":"product_brand-drasanvi","7":"product_cat-aceites-esenciales","8":"product_tag-aceite-essencial","9":"product_tag-heredia","10":"product_tag-macrobiotica","11":"product_tag-natural","12":"product_tag-natural-shop","13":"product_tag-san-pablo","15":"first","16":"instock","17":"shipping-taxable","18":"purchasable","19":"product-type-simple"},"jetpack_sharing_enabled":true,"_links":{"self":[{"href":"https:\/\/macronaturalsshop.com\/index.php?rest_route=\/wp\/v2\/product\/3242"}],"collection":[{"href":"https:\/\/macronaturalsshop.com\/index.php?rest_route=\/wp\/v2\/product"}],"about":[{"href":"https:\/\/macronaturalsshop.com\/index.php?rest_route=\/wp\/v2\/types\/product"}],"replies":[{"embeddable":true,"href":"https:\/\/macronaturalsshop.com\/index.php?rest_route=%2Fwp%2Fv2%2Fcomments&post=3242"}],"wp:featuredmedia":[{"embeddable":true,"href":"https:\/\/macronaturalsshop.com\/index.php?rest_route=\/wp\/v2\/media\/3243"}],"wp:attachment":[{"href":"https:\/\/macronaturalsshop.com\/index.php?rest_route=%2Fwp%2Fv2%2Fmedia&parent=3242"}],"wp:term":[{"taxonomy":"product_brand","embeddable":true,"href":"https:\/\/macronaturalsshop.com\/index.php?rest_route=%2Fwp%2Fv2%2Fproduct_brand&post=3242"},{"taxonomy":"product_cat","embeddable":true,"href":"https:\/\/macronaturalsshop.com\/index.php?rest_route=%2Fwp%2Fv2%2Fproduct_cat&post=3242"},{"taxonomy":"product_tag","embeddable":true,"href":"https:\/\/macronaturalsshop.com\/index.php?rest_route=%2Fwp%2Fv2%2Fproduct_tag&post=3242"}],"curies":[{"name":"wp","href":"https:\/\/api.w.org\/{rel}","templated":true}]}}