{"id":3268,"date":"2025-09-07T01:25:58","date_gmt":"2025-09-07T01:25:58","guid":{"rendered":"https:\/\/macronaturalsshop.com\/?post_type=product&#038;p=3268"},"modified":"2025-09-08T01:26:28","modified_gmt":"2025-09-08T01:26:28","slug":"botanica-bio-espino-blanco-50ml","status":"publish","type":"product","link":"https:\/\/macronaturalsshop.com\/?product=botanica-bio-espino-blanco-50ml","title":{"rendered":"Glicerinado de Espino Blanco 50 ml Botanical Bio"},"content":{"rendered":"<p>El Espino Blanco es un \u00e1rbol caduco de la familia de las ros\u00e1ceas. Puede encontrarse en estado salvaje en bordes de bosques en Europa, Norte de Africa, Am\u00e9rica del Norte y Oeste de Asia. El Espino Blanco es rico en Vitexina, Fitoesteroles, \u00c1cido Linoleico, C\u00e1lcio, Cromo, F\u00f3sforo, Selenio, Sodio , Zinc, Vitamina C, Vitamina B3, Vitamina B2, Colina, Niacina, \u00a0Betacarotenos\u2026 Hemos seleccionado un extracto glicerinado de Espino Blanco\u00a0con un ratio 1:3. Esto significa que por cada gramo de extracto se han utilizado 3 gramos de planta. Nuestro Extracto Glicerinado de Espino Blanco est\u00e1 titulado en Vitexina 5 mg\/ ml, aportando 15 mg al d\u00eda.<\/p>\n","protected":false},"excerpt":{"rendered":"<p>Ayuda a calmar algunos s\u00edntomas de la menopausia, los flavonoides en su composici\u00f3n ayudan a mejorar la circulaci\u00f3n, regular las palpitaciones, reducir la ansiedad y disminuir los sofocos. Tambi\u00e9n, gracias a su acci\u00f3n astringente y antiespasm\u00f3dica, ayuda a mejorar problemas digestivos como v\u00f3mitos, dolor estomacal o diarreas.<\/p>\n","protected":false},"featured_media":3269,"comment_status":"open","ping_status":"closed","template":"","meta":[],"product_brand":[463],"product_cat":[379,393],"product_tag":[502,500,501,520,503],"class_list":{"0":"post-3268","1":"product","2":"type-product","3":"status-publish","4":"has-post-thumbnail","6":"product_brand-drasanvi","7":"product_cat-sistema-inmunologico","8":"product_cat-energia","9":"product_tag-heredia","10":"product_tag-macrobiotica","11":"product_tag-natural","12":"product_tag-natural-shop","13":"product_tag-san-pablo","15":"first","16":"instock","17":"shipping-taxable","18":"purchasable","19":"product-type-simple"},"jetpack_sharing_enabled":true,"_links":{"self":[{"href":"https:\/\/macronaturalsshop.com\/index.php?rest_route=\/wp\/v2\/product\/3268"}],"collection":[{"href":"https:\/\/macronaturalsshop.com\/index.php?rest_route=\/wp\/v2\/product"}],"about":[{"href":"https:\/\/macronaturalsshop.com\/index.php?rest_route=\/wp\/v2\/types\/product"}],"replies":[{"embeddable":true,"href":"https:\/\/macronaturalsshop.com\/index.php?rest_route=%2Fwp%2Fv2%2Fcomments&post=3268"}],"wp:featuredmedia":[{"embeddable":true,"href":"https:\/\/macronaturalsshop.com\/index.php?rest_route=\/wp\/v2\/media\/3269"}],"wp:attachment":[{"href":"https:\/\/macronaturalsshop.com\/index.php?rest_route=%2Fwp%2Fv2%2Fmedia&parent=3268"}],"wp:term":[{"taxonomy":"product_brand","embeddable":true,"href":"https:\/\/macronaturalsshop.com\/index.php?rest_route=%2Fwp%2Fv2%2Fproduct_brand&post=3268"},{"taxonomy":"product_cat","embeddable":true,"href":"https:\/\/macronaturalsshop.com\/index.php?rest_route=%2Fwp%2Fv2%2Fproduct_cat&post=3268"},{"taxonomy":"product_tag","embeddable":true,"href":"https:\/\/macronaturalsshop.com\/index.php?rest_route=%2Fwp%2Fv2%2Fproduct_tag&post=3268"}],"curies":[{"name":"wp","href":"https:\/\/api.w.org\/{rel}","templated":true}]}}