{"id":3501,"date":"2025-08-12T03:00:42","date_gmt":"2025-08-12T03:00:42","guid":{"rendered":"https:\/\/macronaturalsshop.com\/?post_type=product&#038;p=3501"},"modified":"2025-08-12T22:08:17","modified_gmt":"2025-08-12T22:08:17","slug":"vitamina-b12-1000mcg-100-capsulas","status":"publish","type":"product","link":"https:\/\/macronaturalsshop.com\/?product=vitamina-b12-1000mcg-100-capsulas","title":{"rendered":"Vitamina B12 1000mcg"},"content":{"rendered":"<p>La vitamina B12 o cianocobalamina es parte del complejo de vitaminas B. Ayuda a  tratar problemas de los nervios y mantener las c\u00e9lulas del cuerpo saludables, convierte los carbohidratos en glucosa y por lo que contribuye en la producci\u00f3n de energ\u00eda y tiene un impacto en la disminuci\u00f3n de la fatiga en el cuerpo, disminuye la depresi\u00f3n y el estr\u00e9s, mantiene en \u00f3ptimas condiciones el sistema digestivo, mejora los niveles de colesterol en el cuerpo y previene problemas cardiovasculares y accidente cerebrovascular. Tambi\u00e9n mejora la salud de la piel, d\u00e1ndole un aspecto vitalizador a las u\u00f1as y el cabello.<\/p>\n","protected":false},"excerpt":{"rendered":"<p>Mejora la salud de la piel, d\u00e1ndole un aspecto vitalizador a las u\u00f1as y el cabello.<br \/>\nProduce energ\u00eda.<br \/>\nAyudar a disminuir los niveles de colesterol.<\/p>\n","protected":false},"featured_media":4962,"comment_status":"open","ping_status":"closed","template":"","meta":[],"product_brand":[454],"product_cat":[398],"product_tag":[502,500,501,520,503,568],"class_list":{"0":"post-3501","1":"product","2":"type-product","3":"status-publish","4":"has-post-thumbnail","6":"product_brand-alfa","7":"product_cat-vit-y-min","8":"product_tag-heredia","9":"product_tag-macrobiotica","10":"product_tag-natural","11":"product_tag-natural-shop","12":"product_tag-san-pablo","13":"product_tag-vitaminas","15":"first","16":"instock","17":"shipping-taxable","18":"purchasable","19":"product-type-simple"},"jetpack_sharing_enabled":true,"_links":{"self":[{"href":"https:\/\/macronaturalsshop.com\/index.php?rest_route=\/wp\/v2\/product\/3501"}],"collection":[{"href":"https:\/\/macronaturalsshop.com\/index.php?rest_route=\/wp\/v2\/product"}],"about":[{"href":"https:\/\/macronaturalsshop.com\/index.php?rest_route=\/wp\/v2\/types\/product"}],"replies":[{"embeddable":true,"href":"https:\/\/macronaturalsshop.com\/index.php?rest_route=%2Fwp%2Fv2%2Fcomments&post=3501"}],"wp:featuredmedia":[{"embeddable":true,"href":"https:\/\/macronaturalsshop.com\/index.php?rest_route=\/wp\/v2\/media\/4962"}],"wp:attachment":[{"href":"https:\/\/macronaturalsshop.com\/index.php?rest_route=%2Fwp%2Fv2%2Fmedia&parent=3501"}],"wp:term":[{"taxonomy":"product_brand","embeddable":true,"href":"https:\/\/macronaturalsshop.com\/index.php?rest_route=%2Fwp%2Fv2%2Fproduct_brand&post=3501"},{"taxonomy":"product_cat","embeddable":true,"href":"https:\/\/macronaturalsshop.com\/index.php?rest_route=%2Fwp%2Fv2%2Fproduct_cat&post=3501"},{"taxonomy":"product_tag","embeddable":true,"href":"https:\/\/macronaturalsshop.com\/index.php?rest_route=%2Fwp%2Fv2%2Fproduct_tag&post=3501"}],"curies":[{"name":"wp","href":"https:\/\/api.w.org\/{rel}","templated":true}]}}