{"id":3630,"date":"2025-09-07T02:20:42","date_gmt":"2025-09-07T02:20:42","guid":{"rendered":"https:\/\/macronaturalsshop.com\/?post_type=product&#038;p=3630"},"modified":"2025-09-08T02:48:16","modified_gmt":"2025-09-08T02:48:16","slug":"betacaroteno-25000ui-100sg","status":"publish","type":"product","link":"https:\/\/macronaturalsshop.com\/?product=betacaroteno-25000ui-100sg","title":{"rendered":"Betacaroteno 25000UI"},"content":{"rendered":"<p>El betacaroteno es un pigmento rojo anaranjado que se encuentra en las plantas y las frutas, especialmente las zanahorias y los vegetales coloridos. El cuerpo humano convierte el betacaroteno en vitamina A (retinol): el betacaroteno es un precursor de la vitamina A. Necesitamos la vitamina A para tener una piel y membranas mucosas saludables, nuestro sistema inmunol\u00f3gico y una buena salud y visi\u00f3n oculares.<\/p>\n","protected":false},"excerpt":{"rendered":"<p>La vitamina A es t\u00f3xica a niveles altos.<br \/>\nEl betacaroteno es un carotenoide y un antioxidante.<br \/>\nLos alimentos ricos en vitamina A incluyen cebollas , zanahorias, guisantes, espinacas y calabaza.<br \/>\nUn estudio mostr\u00f3 que los fumadores con un alto consumo de betacaroteno podr\u00edan tener un mayor riesgo de c\u00e1ncer de pulm\u00f3n<br \/>\nAlgunas evidencias sugieren que el betacaroteno podr\u00eda retardar el deterioro cognitivo<br \/>\nLos suplementos de betacaroteno interact\u00faan con ciertos medicamentos, como las estatinas y el aceite mineral<br \/>\nEl betacaroteno podr\u00eda ayudar a las personas mayores a retener la fuerza de sus pulmones a medida que envejecen.<\/p>\n","protected":false},"featured_media":3822,"comment_status":"open","ping_status":"closed","template":"","meta":[],"product_brand":[454],"product_cat":[398],"product_tag":[502,501,520,503,568],"class_list":{"0":"post-3630","1":"product","2":"type-product","3":"status-publish","4":"has-post-thumbnail","6":"product_brand-alfa","7":"product_cat-vit-y-min","8":"product_tag-heredia","9":"product_tag-natural","10":"product_tag-natural-shop","11":"product_tag-san-pablo","12":"product_tag-vitaminas","14":"first","15":"instock","16":"shipping-taxable","17":"purchasable","18":"product-type-simple"},"jetpack_sharing_enabled":true,"_links":{"self":[{"href":"https:\/\/macronaturalsshop.com\/index.php?rest_route=\/wp\/v2\/product\/3630"}],"collection":[{"href":"https:\/\/macronaturalsshop.com\/index.php?rest_route=\/wp\/v2\/product"}],"about":[{"href":"https:\/\/macronaturalsshop.com\/index.php?rest_route=\/wp\/v2\/types\/product"}],"replies":[{"embeddable":true,"href":"https:\/\/macronaturalsshop.com\/index.php?rest_route=%2Fwp%2Fv2%2Fcomments&post=3630"}],"wp:featuredmedia":[{"embeddable":true,"href":"https:\/\/macronaturalsshop.com\/index.php?rest_route=\/wp\/v2\/media\/3822"}],"wp:attachment":[{"href":"https:\/\/macronaturalsshop.com\/index.php?rest_route=%2Fwp%2Fv2%2Fmedia&parent=3630"}],"wp:term":[{"taxonomy":"product_brand","embeddable":true,"href":"https:\/\/macronaturalsshop.com\/index.php?rest_route=%2Fwp%2Fv2%2Fproduct_brand&post=3630"},{"taxonomy":"product_cat","embeddable":true,"href":"https:\/\/macronaturalsshop.com\/index.php?rest_route=%2Fwp%2Fv2%2Fproduct_cat&post=3630"},{"taxonomy":"product_tag","embeddable":true,"href":"https:\/\/macronaturalsshop.com\/index.php?rest_route=%2Fwp%2Fv2%2Fproduct_tag&post=3630"}],"curies":[{"name":"wp","href":"https:\/\/api.w.org\/{rel}","templated":true}]}}