{"id":3699,"date":"2025-09-08T01:06:06","date_gmt":"2025-09-08T01:06:06","guid":{"rendered":"https:\/\/macronaturalsshop.com\/?post_type=product&#038;p=3699"},"modified":"2025-09-08T14:51:32","modified_gmt":"2025-09-08T14:51:32","slug":"aceite-esencial-ravintsara-10ml","status":"publish","type":"product","link":"https:\/\/macronaturalsshop.com\/?product=aceite-esencial-ravintsara-10ml","title":{"rendered":"Aceite Esencial Ravintsara BIO 10 ml"},"content":{"rendered":"<p>El Ravintsara puede alcanzar los 15 metros creciendo de manera silvestre en los bosques tropicales y h\u00famedos de Madagascar. En malgache su nombre significa hoja buena para todo , haciendo alusi\u00f3n a los numerosos usos que le dan los habitantes de la zona.<\/p>\n","protected":false},"excerpt":{"rendered":"<p>El aceite esencial de Ravintsara es beneficioso para\u00a0fortalecer el sistema inmunitario y prevenir o aliviar infecciones virales y resfriados, gracias a sus propiedades antivirales, antibacterianas y expectorantes.\u00a0Tambi\u00e9n puede ayudar a despejar las v\u00edas respiratorias, aliviar la congesti\u00f3n y aportar calma y serenidad frente al estr\u00e9s.<\/p>\n","protected":false},"featured_media":3700,"comment_status":"open","ping_status":"closed","template":"","meta":[],"product_brand":[463],"product_cat":[374],"product_tag":[502,500,501,520,503],"class_list":{"0":"post-3699","1":"product","2":"type-product","3":"status-publish","4":"has-post-thumbnail","6":"product_brand-drasanvi","7":"product_cat-aceites-esenciales","8":"product_tag-heredia","9":"product_tag-macrobiotica","10":"product_tag-natural","11":"product_tag-natural-shop","12":"product_tag-san-pablo","14":"first","15":"instock","16":"shipping-taxable","17":"purchasable","18":"product-type-simple"},"jetpack_sharing_enabled":true,"_links":{"self":[{"href":"https:\/\/macronaturalsshop.com\/index.php?rest_route=\/wp\/v2\/product\/3699"}],"collection":[{"href":"https:\/\/macronaturalsshop.com\/index.php?rest_route=\/wp\/v2\/product"}],"about":[{"href":"https:\/\/macronaturalsshop.com\/index.php?rest_route=\/wp\/v2\/types\/product"}],"replies":[{"embeddable":true,"href":"https:\/\/macronaturalsshop.com\/index.php?rest_route=%2Fwp%2Fv2%2Fcomments&post=3699"}],"wp:featuredmedia":[{"embeddable":true,"href":"https:\/\/macronaturalsshop.com\/index.php?rest_route=\/wp\/v2\/media\/3700"}],"wp:attachment":[{"href":"https:\/\/macronaturalsshop.com\/index.php?rest_route=%2Fwp%2Fv2%2Fmedia&parent=3699"}],"wp:term":[{"taxonomy":"product_brand","embeddable":true,"href":"https:\/\/macronaturalsshop.com\/index.php?rest_route=%2Fwp%2Fv2%2Fproduct_brand&post=3699"},{"taxonomy":"product_cat","embeddable":true,"href":"https:\/\/macronaturalsshop.com\/index.php?rest_route=%2Fwp%2Fv2%2Fproduct_cat&post=3699"},{"taxonomy":"product_tag","embeddable":true,"href":"https:\/\/macronaturalsshop.com\/index.php?rest_route=%2Fwp%2Fv2%2Fproduct_tag&post=3699"}],"curies":[{"name":"wp","href":"https:\/\/api.w.org\/{rel}","templated":true}]}}