{"id":3713,"date":"2025-09-12T01:00:32","date_gmt":"2025-09-12T01:00:32","guid":{"rendered":"https:\/\/macronaturalsshop.com\/?post_type=product&#038;p=3713"},"modified":"2025-09-12T23:50:31","modified_gmt":"2025-09-12T23:50:31","slug":"botanical-cola-de-caballo-50-ml","status":"publish","type":"product","link":"https:\/\/macronaturalsshop.com\/?product=botanical-cola-de-caballo-50-ml","title":{"rendered":"Glicerinado de Cola de Caballo 50 ml Botanical Bio"},"content":{"rendered":"<p>La Cola de Caballo es una planta que crece en lugares h\u00famedos y su nombre hace referencia a la similitud de su forma con las crines de caballo. Puede llegar a crecer hasta 60 cm y presenta tallos articulados, los cuales pueden ser est\u00e9riles o f\u00e9rtiles. Es rica en muchos oligoelementos, tales como el Silicio, Potasio, Magnesio, Cloro y Sodio, entre otros. Estos est\u00e1n presentes en tallos est\u00e9riles, los cuales son seleccionados para la obtenci\u00f3n de nuestro extracto. La planta tambi\u00e9n es rica en flavonoides. Hemos seleccionado un extracto glicerinado de Cola de Caballo con un ratio 1:16. Esto significa que por cada gramo de Extracto se han utilizado 16 gramos de planta. Nuestro Extracto Glicerinado de Cola de Caballo est\u00e1 titulado en \u00c1cido Sil\u00edcico 12 mg\/ ml, aportando 36 mg al d\u00eda.<\/p>\n","protected":false},"excerpt":{"rendered":"<p>El Glicerinado de Cola de Caballo se utiliza como un suplemento alimenticio para eliminar l\u00edquidos y toxinas, gracias a su efecto diur\u00e9tico y depurativo, contribuyendo as\u00ed a la reducci\u00f3n de la retenci\u00f3n de l\u00edquidos y al apoyo del bienestar general, especialmente para el sistema renal y \u00f3seo por su aporte de silicio.<\/p>\n","protected":false},"featured_media":3714,"comment_status":"open","ping_status":"closed","template":"","meta":[],"product_brand":[463],"product_cat":[396],"product_tag":[502,501,520,503],"class_list":{"0":"post-3713","1":"product","2":"type-product","3":"status-publish","4":"has-post-thumbnail","6":"product_brand-drasanvi","7":"product_cat-sistema-digestivo","8":"product_tag-heredia","9":"product_tag-natural","10":"product_tag-natural-shop","11":"product_tag-san-pablo","13":"first","14":"instock","15":"shipping-taxable","16":"purchasable","17":"product-type-simple"},"jetpack_sharing_enabled":true,"_links":{"self":[{"href":"https:\/\/macronaturalsshop.com\/index.php?rest_route=\/wp\/v2\/product\/3713"}],"collection":[{"href":"https:\/\/macronaturalsshop.com\/index.php?rest_route=\/wp\/v2\/product"}],"about":[{"href":"https:\/\/macronaturalsshop.com\/index.php?rest_route=\/wp\/v2\/types\/product"}],"replies":[{"embeddable":true,"href":"https:\/\/macronaturalsshop.com\/index.php?rest_route=%2Fwp%2Fv2%2Fcomments&post=3713"}],"wp:featuredmedia":[{"embeddable":true,"href":"https:\/\/macronaturalsshop.com\/index.php?rest_route=\/wp\/v2\/media\/3714"}],"wp:attachment":[{"href":"https:\/\/macronaturalsshop.com\/index.php?rest_route=%2Fwp%2Fv2%2Fmedia&parent=3713"}],"wp:term":[{"taxonomy":"product_brand","embeddable":true,"href":"https:\/\/macronaturalsshop.com\/index.php?rest_route=%2Fwp%2Fv2%2Fproduct_brand&post=3713"},{"taxonomy":"product_cat","embeddable":true,"href":"https:\/\/macronaturalsshop.com\/index.php?rest_route=%2Fwp%2Fv2%2Fproduct_cat&post=3713"},{"taxonomy":"product_tag","embeddable":true,"href":"https:\/\/macronaturalsshop.com\/index.php?rest_route=%2Fwp%2Fv2%2Fproduct_tag&post=3713"}],"curies":[{"name":"wp","href":"https:\/\/api.w.org\/{rel}","templated":true}]}}