{"id":3810,"date":"2025-08-18T06:40:54","date_gmt":"2025-08-18T06:40:54","guid":{"rendered":"https:\/\/macronaturalsshop.com\/?post_type=product&#038;p=3810"},"modified":"2025-08-19T01:58:55","modified_gmt":"2025-08-19T01:58:55","slug":"acido-alfalipoico","status":"publish","type":"product","link":"https:\/\/macronaturalsshop.com\/?product=acido-alfalipoico","title":{"rendered":"\u00c1cido Alfalipoico 500mg"},"content":{"rendered":"<p>Potente antioxidante que protege las c\u00e9lulas del da\u00f1o oxidativo, mejora la sensibilidad a la insulina y regula el az\u00facar en la sangre, siendo ideal para personas con resistencia a la insulina o diabetes. Favorece la salud cererbal, cardiovasular y hep\u00e1tica, adem\u00e1s de combatir el envejecimiento cut\u00e1neo.<\/p>\n","protected":false},"excerpt":{"rendered":"<p>El \u00e1cido alfa lipoico (ALA) es un compuesto natural con propiedades antioxidantes y prooxidantes que se encuentra en el cuerpo y en algunos alimentos. Se utiliza como suplemento para el manejo de enfermedades cr\u00f3nicas como la neuropat\u00eda diab\u00e9tica y el s\u00edndrome metab\u00f3lico, debido a sus efectos positivos en la conducci\u00f3n nerviosa y la sensibilidad a la insulina.<\/p>\n","protected":false},"featured_media":3811,"comment_status":"open","ping_status":"closed","template":"","meta":[],"product_brand":[454],"product_cat":[382],"product_tag":[564,502,500,501,520,503],"class_list":{"0":"post-3810","1":"product","2":"type-product","3":"status-publish","4":"has-post-thumbnail","6":"product_brand-alfa","7":"product_cat-antioxidante","8":"product_tag-antioxidante","9":"product_tag-heredia","10":"product_tag-macrobiotica","11":"product_tag-natural","12":"product_tag-natural-shop","13":"product_tag-san-pablo","15":"first","16":"instock","17":"shipping-taxable","18":"purchasable","19":"product-type-simple"},"jetpack_sharing_enabled":true,"_links":{"self":[{"href":"https:\/\/macronaturalsshop.com\/index.php?rest_route=\/wp\/v2\/product\/3810"}],"collection":[{"href":"https:\/\/macronaturalsshop.com\/index.php?rest_route=\/wp\/v2\/product"}],"about":[{"href":"https:\/\/macronaturalsshop.com\/index.php?rest_route=\/wp\/v2\/types\/product"}],"replies":[{"embeddable":true,"href":"https:\/\/macronaturalsshop.com\/index.php?rest_route=%2Fwp%2Fv2%2Fcomments&post=3810"}],"wp:featuredmedia":[{"embeddable":true,"href":"https:\/\/macronaturalsshop.com\/index.php?rest_route=\/wp\/v2\/media\/3811"}],"wp:attachment":[{"href":"https:\/\/macronaturalsshop.com\/index.php?rest_route=%2Fwp%2Fv2%2Fmedia&parent=3810"}],"wp:term":[{"taxonomy":"product_brand","embeddable":true,"href":"https:\/\/macronaturalsshop.com\/index.php?rest_route=%2Fwp%2Fv2%2Fproduct_brand&post=3810"},{"taxonomy":"product_cat","embeddable":true,"href":"https:\/\/macronaturalsshop.com\/index.php?rest_route=%2Fwp%2Fv2%2Fproduct_cat&post=3810"},{"taxonomy":"product_tag","embeddable":true,"href":"https:\/\/macronaturalsshop.com\/index.php?rest_route=%2Fwp%2Fv2%2Fproduct_tag&post=3810"}],"curies":[{"name":"wp","href":"https:\/\/api.w.org\/{rel}","templated":true}]}}