{"id":3949,"date":"2025-08-22T01:30:59","date_gmt":"2025-08-22T01:30:59","guid":{"rendered":"https:\/\/macronaturalsshop.com\/?post_type=product&#038;p=3949"},"modified":"2025-09-22T00:39:27","modified_gmt":"2025-09-22T00:39:27","slug":"triptofano-con-vitb6-120-cap","status":"publish","type":"product","link":"https:\/\/macronaturalsshop.com\/?product=triptofano-con-vitb6-120-cap","title":{"rendered":"Triptofano con vitB6 120 cap"},"content":{"rendered":"<p>El complemento alimenticio ideal para la mejora diaria sin cansancio ni fatiga. Tambi\u00e9n ayuda a conseguir un buen rendimiento intelectual y psicol\u00f3gico. Ayuda a reducir los niveles de estr\u00e9s. Adem\u00e1s en dietas de adelgazamiento o control de peso, ayuda a controlar las ganas de picar entre horas gracias a la regulaci\u00f3n de la ansiedad. Recomendado en depresiones ya que ayuda a calmar los nervios y ansiedad.<\/p>\n","protected":false},"excerpt":{"rendered":"<p>Rendimiento intelectual y psicol\u00f3gico.<br \/>\nAyuda a no tener cansansio ni fatiga.<br \/>\nAyuda contra la ansiedad y nervios.<\/p>\n","protected":false},"featured_media":5182,"comment_status":"open","ping_status":"closed","template":"","meta":[],"product_brand":[461],"product_cat":[404],"product_tag":[614,560,613,502,501,520,503],"class_list":{"0":"post-3949","1":"product","2":"type-product","3":"status-publish","4":"has-post-thumbnail","6":"product_brand-distrisalud","7":"product_cat-ansiedad-y-estres","8":"product_tag-cansancio","9":"product_tag-energia","10":"product_tag-fatiga","11":"product_tag-heredia","12":"product_tag-natural","13":"product_tag-natural-shop","14":"product_tag-san-pablo","16":"first","17":"instock","18":"shipping-taxable","19":"purchasable","20":"product-type-simple"},"jetpack_sharing_enabled":true,"_links":{"self":[{"href":"https:\/\/macronaturalsshop.com\/index.php?rest_route=\/wp\/v2\/product\/3949"}],"collection":[{"href":"https:\/\/macronaturalsshop.com\/index.php?rest_route=\/wp\/v2\/product"}],"about":[{"href":"https:\/\/macronaturalsshop.com\/index.php?rest_route=\/wp\/v2\/types\/product"}],"replies":[{"embeddable":true,"href":"https:\/\/macronaturalsshop.com\/index.php?rest_route=%2Fwp%2Fv2%2Fcomments&post=3949"}],"wp:featuredmedia":[{"embeddable":true,"href":"https:\/\/macronaturalsshop.com\/index.php?rest_route=\/wp\/v2\/media\/5182"}],"wp:attachment":[{"href":"https:\/\/macronaturalsshop.com\/index.php?rest_route=%2Fwp%2Fv2%2Fmedia&parent=3949"}],"wp:term":[{"taxonomy":"product_brand","embeddable":true,"href":"https:\/\/macronaturalsshop.com\/index.php?rest_route=%2Fwp%2Fv2%2Fproduct_brand&post=3949"},{"taxonomy":"product_cat","embeddable":true,"href":"https:\/\/macronaturalsshop.com\/index.php?rest_route=%2Fwp%2Fv2%2Fproduct_cat&post=3949"},{"taxonomy":"product_tag","embeddable":true,"href":"https:\/\/macronaturalsshop.com\/index.php?rest_route=%2Fwp%2Fv2%2Fproduct_tag&post=3949"}],"curies":[{"name":"wp","href":"https:\/\/api.w.org\/{rel}","templated":true}]}}