{"id":3953,"date":"2025-08-29T06:10:57","date_gmt":"2025-08-29T06:10:57","guid":{"rendered":"https:\/\/macronaturalsshop.com\/?post_type=product&#038;p=3953"},"modified":"2025-09-22T01:16:47","modified_gmt":"2025-09-22T01:16:47","slug":"resveratrol-complex-1800mg-90-cap","status":"publish","type":"product","link":"https:\/\/macronaturalsshop.com\/?product=resveratrol-complex-1800mg-90-cap","title":{"rendered":"Resveratrol Complex 1800mg 90 c\u00e1p"},"content":{"rendered":"<div class=\"WaaZC\">\n<div class=\"RJPOee EIJn2\">\n<div class=\"rPeykc uP58nb\" data-hveid=\"CAoQAQ\" data-ved=\"2ahUKEwihjOe-15-PAxUESzABHVQVHP0Qo_EKegQIChAB\"><span data-huuid=\"1337905416842449385\"><span role=\"heading\" aria-level=\"2\">Beneficios principales:<\/span><\/span><\/div>\n<\/div>\n<\/div>\n<div class=\"WaaZC\">\n<div class=\"RJPOee EIJn2\">\n<ul data-hveid=\"CCgQAQ\" data-ved=\"2ahUKEwihjOe-15-PAxUESzABHVQVHP0Qm_YKegQIKBAB\">\n<li class=\"K3KsMc\">\n<div class=\"zMgcWd dSKvsb\" data-il=\"\">\n<div data-crb-p=\"\">\n<div class=\"xFTqob\">\n<div class=\"Gur8Ad\"><span data-huuid=\"1337905416842452412\"><strong>Protecci\u00f3n antioxidante:<\/strong><\/span><\/div>\n<div class=\"vM0jzc\">\n<p><span data-huuid=\"1337905416842449325\">El resveratrol es un potente antioxidante que combate los radicales libres, los cuales pueden da\u00f1ar las c\u00e9lulas y contribuir a diversos problemas de salud relacionados con la edad.<span class=\"pjBG2e\" data-cid=\"ae04c45b-dd2c-4cc8-9c31-b1f09da3721d\"><span class=\"UV3uM\">\u00a0<\/span><\/span><\/span><\/p>\n<div class=\"NPrrbc\" data-cid=\"ae04c45b-dd2c-4cc8-9c31-b1f09da3721d\" data-uuids=\"1337905416842452412,1337905416842449325\">\n<div class=\"BMebGe btku5b fCrZyc LwdV0e FR7ZSc qVhvac OJeuxf\" tabindex=\"0\" role=\"button\" aria-label=\"View related links\" data-hveid=\"CBwQAQ\" data-ved=\"2ahUKEwihjOe-15-PAxUESzABHVQVHP0Q3fYKegQIHBAB\">\n<div class=\"niO4u\">\n<div class=\"kHtcsd\"><\/div>\n<\/div>\n<\/div>\n<\/div>\n<\/div>\n<\/div>\n<\/div>\n<\/div>\n<\/li>\n<li class=\"K3KsMc\">\n<div class=\"zMgcWd dSKvsb\" data-il=\"\">\n<div data-crb-p=\"\">\n<div class=\"xFTqob\">\n<div class=\"Gur8Ad\"><span data-huuid=\"1337905416842451343\"><strong>Salud cardiovascular:<\/strong><\/span><\/div>\n<div class=\"vM0jzc\">\n<p><span data-huuid=\"1337905416842452352\">Ayuda a mantener la salud del coraz\u00f3n y de los vasos sangu\u00edneos, previniendo el da\u00f1o arterial y la formaci\u00f3n de co\u00e1gulos.<span class=\"pjBG2e\" data-cid=\"a29a66d7-cb4c-417b-976f-02ed19aaca7b\"><span class=\"UV3uM\">\u00a0<\/span><\/span><\/span><\/p>\n<div class=\"NPrrbc\" data-cid=\"a29a66d7-cb4c-417b-976f-02ed19aaca7b\" data-uuids=\"1337905416842451343,1337905416842452352\">\n<div class=\"BMebGe btku5b fCrZyc LwdV0e FR7ZSc qVhvac OJeuxf\" tabindex=\"0\" role=\"button\" aria-label=\"View related links\" data-hveid=\"CCMQAQ\" data-ved=\"2ahUKEwihjOe-15-PAxUESzABHVQVHP0Q3fYKegQIIxAB\">\n<div class=\"niO4u\">\n<div class=\"kHtcsd\"><\/div>\n<\/div>\n<\/div>\n<\/div>\n<\/div>\n<\/div>\n<\/div>\n<\/div>\n<\/li>\n<li class=\"K3KsMc\">\n<div class=\"zMgcWd dSKvsb\" data-il=\"\">\n<div data-crb-p=\"\">\n<div class=\"xFTqob\">\n<div class=\"Gur8Ad\"><span data-huuid=\"1337905416842450274\"><strong>Salud cerebral:<\/strong><\/span><\/div>\n<div class=\"vM0jzc\">\n<p><span data-huuid=\"1337905416842451283\">Puede mejorar la funci\u00f3n cognitiva, la memoria y la concentraci\u00f3n.<span class=\"pjBG2e\" data-cid=\"a79150a1-c95e-4593-bd2b-07d024d1c4e5\"><span class=\"UV3uM\">\u00a0<\/span><\/span><\/span><\/p>\n<div class=\"NPrrbc\" data-cid=\"a79150a1-c95e-4593-bd2b-07d024d1c4e5\" data-uuids=\"1337905416842450274,1337905416842451283\">\n<div class=\"BMebGe btku5b fCrZyc LwdV0e FR7ZSc qVhvac OJeuxf\" tabindex=\"0\" role=\"button\" aria-label=\"View related links\" data-hveid=\"CB8QAQ\" data-ved=\"2ahUKEwihjOe-15-PAxUESzABHVQVHP0Q3fYKegQIHxAB\">\n<div class=\"niO4u\">\n<div class=\"kHtcsd\"><\/div>\n<\/div>\n<\/div>\n<\/div>\n<\/div>\n<\/div>\n<\/div>\n<\/div>\n<\/li>\n<li class=\"K3KsMc\">\n<div class=\"zMgcWd dSKvsb\" data-il=\"\">\n<div data-crb-p=\"\">\n<div class=\"xFTqob\">\n<div class=\"Gur8Ad\"><span data-huuid=\"1337905416842449205\"><strong>Salud de la piel:<\/strong><\/span><\/div>\n<div class=\"vM0jzc\">\n<p><span data-huuid=\"1337905416842450214\">Los antioxidantes del resveratrol ayudan a calmar la piel, mejorar su brillo y protegerla del da\u00f1o ambiental.<span class=\"pjBG2e\" data-cid=\"10004ded-7d19-41af-a224-7c8b787ca9a7\"><span class=\"UV3uM\">\u00a0<\/span><\/span><\/span><\/p>\n<div class=\"NPrrbc\" data-cid=\"10004ded-7d19-41af-a224-7c8b787ca9a7\" data-uuids=\"1337905416842449205,1337905416842450214\">\n<div class=\"BMebGe btku5b fCrZyc LwdV0e FR7ZSc qVhvac OJeuxf\" tabindex=\"0\" role=\"button\" aria-label=\"View related links\" data-hveid=\"CB4QAQ\" data-ved=\"2ahUKEwihjOe-15-PAxUESzABHVQVHP0Q3fYKegQIHhAB\">\n<div class=\"niO4u\">\n<div class=\"kHtcsd\"><\/div>\n<\/div>\n<\/div>\n<\/div>\n<\/div>\n<\/div>\n<\/div>\n<\/div>\n<\/li>\n<li class=\"K3KsMc\">\n<div class=\"zMgcWd dSKvsb\" data-il=\"\">\n<div data-crb-p=\"\">\n<div class=\"xFTqob\">\n<div class=\"Gur8Ad\"><span data-huuid=\"1337905416842452232\"><strong>Envejecimiento saludable:<\/strong><\/span><\/div>\n<div class=\"vM0jzc\">\n<p><span data-huuid=\"1337905416842449145\">Promueve la longevidad al proteger las c\u00e9lulas del da\u00f1o y reparar el ADN, contribuyendo a una sensaci\u00f3n de juventud.<span class=\"pjBG2e\" data-cid=\"3b4d0289-d1f1-4e82-8162-55f1cc6a151d\"><span class=\"UV3uM\">\u00a0<\/span><\/span><\/span><\/p>\n<div class=\"NPrrbc\" data-cid=\"3b4d0289-d1f1-4e82-8162-55f1cc6a151d\" data-uuids=\"1337905416842452232,1337905416842449145\">\n<div class=\"BMebGe btku5b fCrZyc LwdV0e FR7ZSc qVhvac OJeuxf\" tabindex=\"0\" role=\"button\" aria-label=\"View related links\" data-hveid=\"CBYQAQ\" data-ved=\"2ahUKEwihjOe-15-PAxUESzABHVQVHP0Q3fYKegQIFhAB\">\n<div class=\"niO4u\">\n<div class=\"kHtcsd\"><\/div>\n<\/div>\n<\/div>\n<\/div>\n<\/div>\n<\/div>\n<\/div>\n<\/div>\n<\/li>\n<li class=\"K3KsMc\">\n<div class=\"zMgcWd dSKvsb\" data-il=\"\">\n<div data-crb-p=\"\">\n<div class=\"xFTqob\">\n<div class=\"Gur8Ad\"><span data-huuid=\"1337905416842451163\"><strong>Regulaci\u00f3n del az\u00facar en la sangre:<\/strong><\/span><\/div>\n<div class=\"vM0jzc\"><span data-huuid=\"1337905416842452172\">Puede aumentar la sensibilidad a la insulina, ayudando a regular los niveles de az\u00facar en la sangre.<span class=\"pjBG2e\" data-cid=\"81dd8c85-24e7-402a-aa50-7338fbf0a85d\"><span class=\"UV3uM\">\u00a0<\/span><\/span><\/span><\/div>\n<\/div>\n<\/div>\n<\/div>\n<\/li>\n<\/ul>\n<\/div>\n<\/div>\n","protected":false},"excerpt":{"rendered":"<p>Es un suplemento antioxidante derivado de fuentes como las uvas rojas, se utilizan para apoyar la salud cardiovascular, proteger el cuerpo del da\u00f1o causado por los radicales libres y el estr\u00e9s oxidativo, promover la salud de la piel y del cerebro, y contribuir a un envejecimiento saludable y a la regulaci\u00f3n de los niveles de az\u00facar en la sangre.<\/p>\n","protected":false},"featured_media":5186,"comment_status":"open","ping_status":"closed","template":"","meta":[],"product_brand":[461],"product_cat":[382],"product_tag":[564,605,507,502,500,501,520,503],"class_list":{"0":"post-3953","1":"product","2":"type-product","3":"status-publish","4":"has-post-thumbnail","6":"product_brand-distrisalud","7":"product_cat-antioxidante","8":"product_tag-antioxidante","9":"product_tag-azucar-en-la-sangre","10":"product_tag-concentracion","11":"product_tag-heredia","12":"product_tag-macrobiotica","13":"product_tag-natural","14":"product_tag-natural-shop","15":"product_tag-san-pablo","17":"first","18":"instock","19":"shipping-taxable","20":"purchasable","21":"product-type-simple"},"jetpack_sharing_enabled":true,"_links":{"self":[{"href":"https:\/\/macronaturalsshop.com\/index.php?rest_route=\/wp\/v2\/product\/3953"}],"collection":[{"href":"https:\/\/macronaturalsshop.com\/index.php?rest_route=\/wp\/v2\/product"}],"about":[{"href":"https:\/\/macronaturalsshop.com\/index.php?rest_route=\/wp\/v2\/types\/product"}],"replies":[{"embeddable":true,"href":"https:\/\/macronaturalsshop.com\/index.php?rest_route=%2Fwp%2Fv2%2Fcomments&post=3953"}],"wp:featuredmedia":[{"embeddable":true,"href":"https:\/\/macronaturalsshop.com\/index.php?rest_route=\/wp\/v2\/media\/5186"}],"wp:attachment":[{"href":"https:\/\/macronaturalsshop.com\/index.php?rest_route=%2Fwp%2Fv2%2Fmedia&parent=3953"}],"wp:term":[{"taxonomy":"product_brand","embeddable":true,"href":"https:\/\/macronaturalsshop.com\/index.php?rest_route=%2Fwp%2Fv2%2Fproduct_brand&post=3953"},{"taxonomy":"product_cat","embeddable":true,"href":"https:\/\/macronaturalsshop.com\/index.php?rest_route=%2Fwp%2Fv2%2Fproduct_cat&post=3953"},{"taxonomy":"product_tag","embeddable":true,"href":"https:\/\/macronaturalsshop.com\/index.php?rest_route=%2Fwp%2Fv2%2Fproduct_tag&post=3953"}],"curies":[{"name":"wp","href":"https:\/\/api.w.org\/{rel}","templated":true}]}}