{"id":3985,"date":"2025-08-22T01:55:34","date_gmt":"2025-08-22T01:55:34","guid":{"rendered":"https:\/\/macronaturalsshop.com\/?post_type=product&#038;p=3985"},"modified":"2025-08-23T04:02:25","modified_gmt":"2025-08-23T04:02:25","slug":"ortiga-90cap","status":"publish","type":"product","link":"https:\/\/macronaturalsshop.com\/?product=ortiga-90cap","title":{"rendered":"C\u00e1psulas de Ortiga 90 c\u00e1p"},"content":{"rendered":"<div class=\"WaaZC\">\n<div class=\"RJPOee EIJn2\">\n<div class=\"rPeykc uP58nb\" data-hveid=\"CAwQAQ\" data-ved=\"2ahUKEwj9592uhKCPAxVhSTABHTEfEqgQo_EKegQIDBAB\"><span data-huuid=\"3386801470334973761\"><span role=\"heading\" aria-level=\"2\">Usos y beneficios principales:<\/span><\/span><\/div>\n<\/div>\n<\/div>\n<div class=\"WaaZC\">\n<div class=\"RJPOee EIJn2\">\n<ul data-hveid=\"CCsQAQ\" data-ved=\"2ahUKEwj9592uhKCPAxVhSTABHTEfEqgQm_YKegQIKxAB\">\n<li class=\"K3KsMc\">\n<div class=\"zMgcWd dSKvsb\" data-il=\"\">\n<div data-crb-p=\"\">\n<div class=\"xFTqob\">\n<div class=\"Gur8Ad\"><span data-huuid=\"3386801470334972216\"><strong>Salud respiratoria:<\/strong><\/span><\/div>\n<div class=\"vM0jzc\">\n<p><span data-huuid=\"3386801470334975797\">Ayudan a apoyar los niveles saludables de histamina y a mantener las v\u00edas respiratorias despejadas durante la temporada de alergias.<span class=\"pjBG2e\" data-cid=\"2355001c-91d6-4672-8687-d9a790486e05\"><span class=\"UV3uM\">\u00a0<\/span><\/span><\/span><\/p>\n<div class=\"NPrrbc\" data-cid=\"2355001c-91d6-4672-8687-d9a790486e05\" data-uuids=\"3386801470334972216,3386801470334975797\">\n<div class=\"BMebGe btku5b fCrZyc LwdV0e FR7ZSc qVhvac OJeuxf\" tabindex=\"0\" role=\"button\" aria-label=\"View related links\" data-hveid=\"CBQQAQ\" data-ved=\"2ahUKEwj9592uhKCPAxVhSTABHTEfEqgQ3fYKegQIFBAB\">\n<div class=\"niO4u\">\n<div class=\"kHtcsd\"><\/div>\n<\/div>\n<\/div>\n<\/div>\n<\/div>\n<\/div>\n<\/div>\n<\/div>\n<\/li>\n<li class=\"K3KsMc\">\n<div class=\"zMgcWd dSKvsb\" data-il=\"\">\n<div data-crb-p=\"\">\n<div class=\"xFTqob\">\n<div class=\"Gur8Ad\"><span data-huuid=\"3386801470334974767\"><strong>Salud del tracto urinario y pr\u00f3stata:<\/strong><\/span><\/div>\n<div class=\"vM0jzc\">\n<p><span data-huuid=\"3386801470334974252\">Son beneficiosas para la funci\u00f3n urinaria y para aliviar las molestias asociadas con la\u00a0<span class=\"M5tQyf\"><a class=\"DTlJ6d\" href=\"https:\/\/www.google.com\/search?sca_esv=9901bfe849116af8&amp;cs=1&amp;sxsrf=AE3TifNXZRAniG_E42AQCaBtxLbjGkyqCA%3A1755921242096&amp;q=hipertrofia+benigna+de+pr%C3%B3stata&amp;sa=X&amp;ved=2ahUKEwj9592uhKCPAxVhSTABHTEfEqgQxccNegQIJRAB&amp;mstk=AUtExfCI_KFtC-dggdBPL9-36ntMiSiYPxoQ_kYJkx-XVzCmMDnjrJqbYscSyafnQdqGy0GO_ogDw41lOsz2b1vqHMkijcPEhqn_PFnwgnSW4NRG9T9BNWTxNqaVGo2VVXMFBiwmvNbSh8b4U30gBMWb_cXfhgNxXxB5Kc7iXzyrjtLzczY&amp;csui=3\" target=\"_blank\" rel=\"noopener\" data-hveid=\"CCUQAQ\">hipertrofia benigna de pr\u00f3stata<\/a>.<\/span><span class=\"pjBG2e\" data-cid=\"01ca5505-09e8-4769-878b-57a5cd816f23\"><span class=\"UV3uM\">\u00a0<\/span><\/span><\/span><\/p>\n<div class=\"NPrrbc\" data-cid=\"01ca5505-09e8-4769-878b-57a5cd816f23\" data-uuids=\"3386801470334974767,3386801470334974252\">\n<div class=\"BMebGe btku5b fCrZyc LwdV0e FR7ZSc qVhvac OJeuxf\" tabindex=\"0\" role=\"button\" aria-label=\"View related links\" data-hveid=\"CCUQAg\" data-ved=\"2ahUKEwj9592uhKCPAxVhSTABHTEfEqgQ3fYKegQIJRAC\">\n<div class=\"niO4u\">\n<div class=\"kHtcsd\"><\/div>\n<\/div>\n<\/div>\n<\/div>\n<\/div>\n<\/div>\n<\/div>\n<\/div>\n<\/li>\n<li class=\"K3KsMc\">\n<div class=\"zMgcWd dSKvsb\" data-il=\"\">\n<div data-crb-p=\"\">\n<div class=\"xFTqob\">\n<div class=\"Gur8Ad\"><span data-huuid=\"3386801470334973222\"><strong>Propiedades diur\u00e9ticas y depurativas:<\/strong><\/span><\/div>\n<div class=\"vM0jzc\">\n<p><span data-huuid=\"3386801470334972707\">La ortiga act\u00faa como diur\u00e9tico, ayudando al cuerpo a eliminar el exceso de l\u00edquidos y toxinas, y tiene propiedades depurativas y alcalinizantes.<span class=\"pjBG2e\" data-cid=\"74015c1a-5c56-40c3-86b3-f0c4f6bf91b1\"><span class=\"UV3uM\">\u00a0<\/span><\/span><\/span><\/p>\n<div class=\"NPrrbc\" data-cid=\"74015c1a-5c56-40c3-86b3-f0c4f6bf91b1\" data-uuids=\"3386801470334973222,3386801470334972707\">\n<div class=\"BMebGe btku5b fCrZyc LwdV0e FR7ZSc qVhvac OJeuxf\" tabindex=\"0\" role=\"button\" aria-label=\"View related links\" data-hveid=\"CCcQAQ\" data-ved=\"2ahUKEwj9592uhKCPAxVhSTABHTEfEqgQ3fYKegQIJxAB\">\n<div class=\"niO4u\">\n<div class=\"kHtcsd\"><\/div>\n<\/div>\n<\/div>\n<\/div>\n<\/div>\n<\/div>\n<\/div>\n<\/div>\n<\/li>\n<li class=\"K3KsMc\">\n<div class=\"zMgcWd dSKvsb\" data-il=\"\">\n<div data-crb-p=\"\">\n<div class=\"xFTqob\">\n<div class=\"Gur8Ad\"><span data-huuid=\"3386801470334975773\"><strong>Fortalecimiento del sistema inmune y antioxidante:<\/strong><\/span><\/div>\n<div class=\"vM0jzc\">\n<p><span data-huuid=\"3386801470334975258\">Su rico perfil nutricional, con vitaminas y minerales, refuerza el sistema inmunol\u00f3gico y aporta antioxidantes al cuerpo.<span class=\"pjBG2e\" data-cid=\"4439b29c-4981-4301-bf0c-7f817eacb2b9\"><span class=\"UV3uM\">\u00a0<\/span><\/span><\/span><\/p>\n<div class=\"NPrrbc\" data-cid=\"4439b29c-4981-4301-bf0c-7f817eacb2b9\" data-uuids=\"3386801470334975773,3386801470334975258\">\n<div class=\"BMebGe btku5b fCrZyc LwdV0e FR7ZSc qVhvac OJeuxf\" tabindex=\"0\" role=\"button\" aria-label=\"View related links\" data-hveid=\"CB8QAQ\" data-ved=\"2ahUKEwj9592uhKCPAxVhSTABHTEfEqgQ3fYKegQIHxAB\">\n<div class=\"niO4u\">\n<div class=\"kHtcsd\"><\/div>\n<\/div>\n<\/div>\n<\/div>\n<\/div>\n<\/div>\n<\/div>\n<\/div>\n<\/li>\n<li class=\"K3KsMc\">\n<div class=\"zMgcWd dSKvsb\" data-il=\"\">\n<div data-crb-p=\"\">\n<div class=\"xFTqob\">\n<div class=\"Gur8Ad\"><span data-huuid=\"3386801470334974228\"><strong>Salud de la piel y el cabello:<\/strong><\/span><\/div>\n<div class=\"vM0jzc\">\n<p><span data-huuid=\"3386801470334973713\">Por sus propiedades astringentes y emolientes, se utiliza para aliviar problemas cr\u00f3nicos de la piel como eccemas, acn\u00e9 y erupciones, y tambi\u00e9n para fortalecer el cabello.<span class=\"pjBG2e\" data-cid=\"94739ec9-c4d2-4222-91f8-4e65e6e02284\"><span class=\"UV3uM\">\u00a0<\/span><\/span><\/span><\/p>\n<div class=\"NPrrbc\" data-cid=\"94739ec9-c4d2-4222-91f8-4e65e6e02284\" data-uuids=\"3386801470334974228,3386801470334973713\">\n<div class=\"BMebGe btku5b fCrZyc LwdV0e FR7ZSc qVhvac OJeuxf\" tabindex=\"0\" role=\"button\" aria-label=\"View related links\" data-hveid=\"CCYQAQ\" data-ved=\"2ahUKEwj9592uhKCPAxVhSTABHTEfEqgQ3fYKegQIJhAB\">\n<div class=\"niO4u\">\n<div class=\"kHtcsd\"><\/div>\n<\/div>\n<\/div>\n<\/div>\n<\/div>\n<\/div>\n<\/div>\n<\/div>\n<\/li>\n<li class=\"K3KsMc\">\n<div class=\"zMgcWd dSKvsb\" data-il=\"\">\n<div data-crb-p=\"\">\n<div class=\"xFTqob\">\n<div class=\"Gur8Ad\"><span data-huuid=\"3386801470334972683\"><strong>Nutrici\u00f3n:<\/strong><\/span><\/div>\n<div class=\"vM0jzc\"><span data-huuid=\"3386801470334972168\">Es una fuente importante de vitaminas (como la C, A, K y varias B) y minerales (hierro, calcio, s\u00edlice, potasio, entre otros) que nutren el organismo.<span class=\"pjBG2e\" data-cid=\"48a51ec6-881a-4911-aa4f-bfce72d620ee\"><span class=\"UV3uM\">\u00a0<\/span><\/span><\/span><\/div>\n<\/div>\n<\/div>\n<\/div>\n<\/li>\n<\/ul>\n<\/div>\n<\/div>\n","protected":false},"excerpt":{"rendered":"<p>Sus propiedades nutritivas y diur\u00e9ticas, ayudando a aliviar s\u00edntomas de alergias respiratorias, problemas del tracto urinario y de pr\u00f3stata, al tiempo que act\u00faan como un refuerzo inmunitario, antioxidante y pueden mejorar la salud de la piel y el cabello.<\/p>\n","protected":false},"featured_media":3986,"comment_status":"open","ping_status":"closed","template":"","meta":[],"product_brand":[461],"product_cat":[396,379],"product_tag":[502,500,501,520,538,503],"class_list":{"0":"post-3985","1":"product","2":"type-product","3":"status-publish","4":"has-post-thumbnail","6":"product_brand-distrisalud","7":"product_cat-sistema-digestivo","8":"product_cat-sistema-inmunologico","9":"product_tag-heredia","10":"product_tag-macrobiotica","11":"product_tag-natural","12":"product_tag-natural-shop","13":"product_tag-prostata","14":"product_tag-san-pablo","16":"first","17":"instock","18":"shipping-taxable","19":"purchasable","20":"product-type-simple"},"jetpack_sharing_enabled":true,"_links":{"self":[{"href":"https:\/\/macronaturalsshop.com\/index.php?rest_route=\/wp\/v2\/product\/3985"}],"collection":[{"href":"https:\/\/macronaturalsshop.com\/index.php?rest_route=\/wp\/v2\/product"}],"about":[{"href":"https:\/\/macronaturalsshop.com\/index.php?rest_route=\/wp\/v2\/types\/product"}],"replies":[{"embeddable":true,"href":"https:\/\/macronaturalsshop.com\/index.php?rest_route=%2Fwp%2Fv2%2Fcomments&post=3985"}],"wp:featuredmedia":[{"embeddable":true,"href":"https:\/\/macronaturalsshop.com\/index.php?rest_route=\/wp\/v2\/media\/3986"}],"wp:attachment":[{"href":"https:\/\/macronaturalsshop.com\/index.php?rest_route=%2Fwp%2Fv2%2Fmedia&parent=3985"}],"wp:term":[{"taxonomy":"product_brand","embeddable":true,"href":"https:\/\/macronaturalsshop.com\/index.php?rest_route=%2Fwp%2Fv2%2Fproduct_brand&post=3985"},{"taxonomy":"product_cat","embeddable":true,"href":"https:\/\/macronaturalsshop.com\/index.php?rest_route=%2Fwp%2Fv2%2Fproduct_cat&post=3985"},{"taxonomy":"product_tag","embeddable":true,"href":"https:\/\/macronaturalsshop.com\/index.php?rest_route=%2Fwp%2Fv2%2Fproduct_tag&post=3985"}],"curies":[{"name":"wp","href":"https:\/\/api.w.org\/{rel}","templated":true}]}}