{"id":4042,"date":"2025-08-23T01:15:14","date_gmt":"2025-08-23T01:15:14","guid":{"rendered":"https:\/\/macronaturalsshop.com\/?post_type=product&#038;p=4042"},"modified":"2025-08-23T21:51:11","modified_gmt":"2025-08-23T21:51:11","slug":"curcuma-jengibre-moringa-120-caps","status":"publish","type":"product","link":"https:\/\/macronaturalsshop.com\/?product=curcuma-jengibre-moringa-120-caps","title":{"rendered":"C\u00farcuma, Jengibre y Moringa 120 c\u00e1ps"},"content":{"rendered":"<p>Las c\u00e1psulas de c\u00farcuma, jengibre y moringa sirven como un suplemento natural para el bienestar general, ya que combinan sus propiedades para reducir la inflamaci\u00f3n, fortalecer el sistema inmunol\u00f3gico, mejorar la digesti\u00f3n y brindar apoyo a las articulaciones. Tambi\u00e9n aportan antioxidantes para combatir el estr\u00e9s oxidativo y pueden tener efectos positivos en la salud cardiovascular y el estado de \u00e1nimo.<\/p>\n","protected":false},"excerpt":{"rendered":"<p>Reduce el dolor e inflamaci\u00f3n<br \/>\nAyuda a reducir dolencias digestivas y h\u00e9paticas.<br \/>\nTiene efecto antiinflmatorio en articulaciones.<br \/>\nTratamiento para el s\u00edndrome del intestino irritable.<\/p>\n","protected":false},"featured_media":4043,"comment_status":"open","ping_status":"closed","template":"","meta":[],"product_brand":[461],"product_cat":[430,396],"product_tag":[615,558,502,500,501,520,503],"class_list":{"0":"post-4042","1":"product","2":"type-product","3":"status-publish","4":"has-post-thumbnail","6":"product_brand-distrisalud","7":"product_cat-antinflamatorio-y-dolores","8":"product_cat-sistema-digestivo","9":"product_tag-antiinflamatorio","10":"product_tag-articulaciones","11":"product_tag-heredia","12":"product_tag-macrobiotica","13":"product_tag-natural","14":"product_tag-natural-shop","15":"product_tag-san-pablo","17":"first","18":"instock","19":"shipping-taxable","20":"purchasable","21":"product-type-simple"},"jetpack_sharing_enabled":true,"_links":{"self":[{"href":"https:\/\/macronaturalsshop.com\/index.php?rest_route=\/wp\/v2\/product\/4042"}],"collection":[{"href":"https:\/\/macronaturalsshop.com\/index.php?rest_route=\/wp\/v2\/product"}],"about":[{"href":"https:\/\/macronaturalsshop.com\/index.php?rest_route=\/wp\/v2\/types\/product"}],"replies":[{"embeddable":true,"href":"https:\/\/macronaturalsshop.com\/index.php?rest_route=%2Fwp%2Fv2%2Fcomments&post=4042"}],"wp:featuredmedia":[{"embeddable":true,"href":"https:\/\/macronaturalsshop.com\/index.php?rest_route=\/wp\/v2\/media\/4043"}],"wp:attachment":[{"href":"https:\/\/macronaturalsshop.com\/index.php?rest_route=%2Fwp%2Fv2%2Fmedia&parent=4042"}],"wp:term":[{"taxonomy":"product_brand","embeddable":true,"href":"https:\/\/macronaturalsshop.com\/index.php?rest_route=%2Fwp%2Fv2%2Fproduct_brand&post=4042"},{"taxonomy":"product_cat","embeddable":true,"href":"https:\/\/macronaturalsshop.com\/index.php?rest_route=%2Fwp%2Fv2%2Fproduct_cat&post=4042"},{"taxonomy":"product_tag","embeddable":true,"href":"https:\/\/macronaturalsshop.com\/index.php?rest_route=%2Fwp%2Fv2%2Fproduct_tag&post=4042"}],"curies":[{"name":"wp","href":"https:\/\/api.w.org\/{rel}","templated":true}]}}