{"id":4051,"date":"2025-08-13T02:35:07","date_gmt":"2025-08-13T02:35:07","guid":{"rendered":"https:\/\/macronaturalsshop.com\/?post_type=product&#038;p=4051"},"modified":"2025-08-13T21:50:38","modified_gmt":"2025-08-13T21:50:38","slug":"cloruro-de-magnesio-120-caps","status":"publish","type":"product","link":"https:\/\/macronaturalsshop.com\/?product=cloruro-de-magnesio-120-caps","title":{"rendered":"Cloruro de Magnesio"},"content":{"rendered":"<p>Las c\u00e1psulas de cloruro de magnesio se utilizan principalmente para ayudar a mantener la funci\u00f3n muscular y nerviosa normal, fortalecer los huesos y mejorar la salud cardiovascular. Tambi\u00e9n pueden ayudar a aliviar el estre\u00f1imiento, mejorar la digesti\u00f3n y apoyar un sistema inmunol\u00f3gico saludable.<\/p>\n","protected":false},"excerpt":{"rendered":"<p>Ayudar a mantener la funci\u00f3n muscular y nerviosa normal, fortalecer los huesos y mejorar la salud cardiovascular. <\/p>\n","protected":false},"featured_media":4052,"comment_status":"open","ping_status":"closed","template":"","meta":[],"product_brand":[461],"product_cat":[386],"product_tag":[583,502,563,500,561,501,520,503],"class_list":{"0":"post-4051","1":"product","2":"type-product","3":"status-publish","4":"has-post-thumbnail","6":"product_brand-distrisalud","7":"product_cat-magnesio","8":"product_tag-cardiovascular","9":"product_tag-heredia","10":"product_tag-huesos","11":"product_tag-macrobiotica","12":"product_tag-musculos","13":"product_tag-natural","14":"product_tag-natural-shop","15":"product_tag-san-pablo","17":"first","18":"instock","19":"shipping-taxable","20":"purchasable","21":"product-type-simple"},"jetpack_sharing_enabled":true,"_links":{"self":[{"href":"https:\/\/macronaturalsshop.com\/index.php?rest_route=\/wp\/v2\/product\/4051"}],"collection":[{"href":"https:\/\/macronaturalsshop.com\/index.php?rest_route=\/wp\/v2\/product"}],"about":[{"href":"https:\/\/macronaturalsshop.com\/index.php?rest_route=\/wp\/v2\/types\/product"}],"replies":[{"embeddable":true,"href":"https:\/\/macronaturalsshop.com\/index.php?rest_route=%2Fwp%2Fv2%2Fcomments&post=4051"}],"wp:featuredmedia":[{"embeddable":true,"href":"https:\/\/macronaturalsshop.com\/index.php?rest_route=\/wp\/v2\/media\/4052"}],"wp:attachment":[{"href":"https:\/\/macronaturalsshop.com\/index.php?rest_route=%2Fwp%2Fv2%2Fmedia&parent=4051"}],"wp:term":[{"taxonomy":"product_brand","embeddable":true,"href":"https:\/\/macronaturalsshop.com\/index.php?rest_route=%2Fwp%2Fv2%2Fproduct_brand&post=4051"},{"taxonomy":"product_cat","embeddable":true,"href":"https:\/\/macronaturalsshop.com\/index.php?rest_route=%2Fwp%2Fv2%2Fproduct_cat&post=4051"},{"taxonomy":"product_tag","embeddable":true,"href":"https:\/\/macronaturalsshop.com\/index.php?rest_route=%2Fwp%2Fv2%2Fproduct_tag&post=4051"}],"curies":[{"name":"wp","href":"https:\/\/api.w.org\/{rel}","templated":true}]}}