{"id":4159,"date":"2025-09-14T05:20:36","date_gmt":"2025-09-14T05:20:36","guid":{"rendered":"https:\/\/macronaturalsshop.com\/?post_type=product&#038;p=4159"},"modified":"2025-09-15T01:02:21","modified_gmt":"2025-09-15T01:02:21","slug":"champu-solido-cabello-rizado-curly","status":"publish","type":"product","link":"https:\/\/macronaturalsshop.com\/?product=champu-solido-cabello-rizado-curly","title":{"rendered":"Champ\u00fa S\u00f3lido Cabello Rizado 80 g"},"content":{"rendered":"<p>Los champus s\u00f3lidos han venido para quedarse. Por ello, hemos puesto todo el mimo en su formulacion: ingredientes 100% naturales y respetuosos con el cabello y el medioambiente.<\/p>\n","protected":false},"excerpt":{"rendered":"<p>Gracias a la ausencia de ingredientes agresivos, los s\u00f3lidos limpian, sanean y respetan el cuero cabelludo, al tiempo que recuperan su equilibrio evitando irritaciones, picaz\u00f3n, caspa o dermatitis seborreica.<\/p>\n","protected":false},"featured_media":4161,"comment_status":"open","ping_status":"closed","template":"","meta":[],"product_brand":[463],"product_cat":[408],"product_tag":[582,502,500,501,520,503],"class_list":{"0":"post-4159","1":"product","2":"type-product","3":"status-publish","4":"has-post-thumbnail","6":"product_brand-drasanvi","7":"product_cat-cuidado-personal","8":"product_tag-cabello","9":"product_tag-heredia","10":"product_tag-macrobiotica","11":"product_tag-natural","12":"product_tag-natural-shop","13":"product_tag-san-pablo","15":"first","16":"instock","17":"shipping-taxable","18":"purchasable","19":"product-type-simple"},"jetpack_sharing_enabled":true,"_links":{"self":[{"href":"https:\/\/macronaturalsshop.com\/index.php?rest_route=\/wp\/v2\/product\/4159"}],"collection":[{"href":"https:\/\/macronaturalsshop.com\/index.php?rest_route=\/wp\/v2\/product"}],"about":[{"href":"https:\/\/macronaturalsshop.com\/index.php?rest_route=\/wp\/v2\/types\/product"}],"replies":[{"embeddable":true,"href":"https:\/\/macronaturalsshop.com\/index.php?rest_route=%2Fwp%2Fv2%2Fcomments&post=4159"}],"wp:featuredmedia":[{"embeddable":true,"href":"https:\/\/macronaturalsshop.com\/index.php?rest_route=\/wp\/v2\/media\/4161"}],"wp:attachment":[{"href":"https:\/\/macronaturalsshop.com\/index.php?rest_route=%2Fwp%2Fv2%2Fmedia&parent=4159"}],"wp:term":[{"taxonomy":"product_brand","embeddable":true,"href":"https:\/\/macronaturalsshop.com\/index.php?rest_route=%2Fwp%2Fv2%2Fproduct_brand&post=4159"},{"taxonomy":"product_cat","embeddable":true,"href":"https:\/\/macronaturalsshop.com\/index.php?rest_route=%2Fwp%2Fv2%2Fproduct_cat&post=4159"},{"taxonomy":"product_tag","embeddable":true,"href":"https:\/\/macronaturalsshop.com\/index.php?rest_route=%2Fwp%2Fv2%2Fproduct_tag&post=4159"}],"curies":[{"name":"wp","href":"https:\/\/api.w.org\/{rel}","templated":true}]}}