{"id":4177,"date":"2025-09-21T06:35:55","date_gmt":"2025-09-21T06:35:55","guid":{"rendered":"https:\/\/macronaturalsshop.com\/?post_type=product&#038;p=4177"},"modified":"2025-09-22T00:12:55","modified_gmt":"2025-09-22T00:12:55","slug":"collmar-colageno-crema-facial-60ml","status":"publish","type":"product","link":"https:\/\/macronaturalsshop.com\/?product=collmar-colageno-crema-facial-60ml","title":{"rendered":"Collmar Colageno Crema Facial 60ml"},"content":{"rendered":"<p>Collmar crema de acci\u00f3n noche y acci\u00f3n d\u00eda con efecto antiarrugas y reparador celular. La sinergia de sus ingredientes act\u00faa contra los signos de envejecimiento prematuro como son falta de firmeza, arrugas, l\u00edneas de expresi\u00f3n y p\u00e9rdida de hidrataci\u00f3n. La piel, a partir de 30 a\u00f1os, sufre numerosos cambios: arrugas, piel seca, p\u00e9rdida de firmeza y l\u00edneas de expresi\u00f3n. Todos estos cambios son consecuencia del descenso de la s\u00edntesis de col\u00e1geno por parte de nuestra piel. La combinaci\u00f3n de los ingredientes con el Col\u00e1geno marino hidrolizado ayuda a combatir esta problem\u00e1tica, mejorando el aspecto de la piel.<\/p>\n","protected":false},"excerpt":{"rendered":"<p>Ayuda para las arrugas, mantiene la piel hidratada.<br \/>\nUso para d\u00eda y noche.<\/p>\n","protected":false},"featured_media":4178,"comment_status":"open","ping_status":"closed","template":"","meta":[],"product_brand":[463],"product_cat":[389,408],"product_tag":[559,502,500,501,520,503],"class_list":{"0":"post-4177","1":"product","2":"type-product","3":"status-publish","4":"has-post-thumbnail","6":"product_brand-drasanvi","7":"product_cat-colageno","8":"product_cat-cuidado-personal","9":"product_tag-colageno","10":"product_tag-heredia","11":"product_tag-macrobiotica","12":"product_tag-natural","13":"product_tag-natural-shop","14":"product_tag-san-pablo","16":"first","17":"instock","18":"shipping-taxable","19":"purchasable","20":"product-type-simple"},"jetpack_sharing_enabled":true,"_links":{"self":[{"href":"https:\/\/macronaturalsshop.com\/index.php?rest_route=\/wp\/v2\/product\/4177"}],"collection":[{"href":"https:\/\/macronaturalsshop.com\/index.php?rest_route=\/wp\/v2\/product"}],"about":[{"href":"https:\/\/macronaturalsshop.com\/index.php?rest_route=\/wp\/v2\/types\/product"}],"replies":[{"embeddable":true,"href":"https:\/\/macronaturalsshop.com\/index.php?rest_route=%2Fwp%2Fv2%2Fcomments&post=4177"}],"wp:featuredmedia":[{"embeddable":true,"href":"https:\/\/macronaturalsshop.com\/index.php?rest_route=\/wp\/v2\/media\/4178"}],"wp:attachment":[{"href":"https:\/\/macronaturalsshop.com\/index.php?rest_route=%2Fwp%2Fv2%2Fmedia&parent=4177"}],"wp:term":[{"taxonomy":"product_brand","embeddable":true,"href":"https:\/\/macronaturalsshop.com\/index.php?rest_route=%2Fwp%2Fv2%2Fproduct_brand&post=4177"},{"taxonomy":"product_cat","embeddable":true,"href":"https:\/\/macronaturalsshop.com\/index.php?rest_route=%2Fwp%2Fv2%2Fproduct_cat&post=4177"},{"taxonomy":"product_tag","embeddable":true,"href":"https:\/\/macronaturalsshop.com\/index.php?rest_route=%2Fwp%2Fv2%2Fproduct_tag&post=4177"}],"curies":[{"name":"wp","href":"https:\/\/api.w.org\/{rel}","templated":true}]}}