{"id":4187,"date":"2025-08-23T02:25:28","date_gmt":"2025-08-23T02:25:28","guid":{"rendered":"https:\/\/macronaturalsshop.com\/?post_type=product&#038;p=4187"},"modified":"2025-08-23T23:24:20","modified_gmt":"2025-08-23T23:24:20","slug":"gomitas-collmar-beauty-40-unidades","status":"publish","type":"product","link":"https:\/\/macronaturalsshop.com\/?product=gomitas-collmar-beauty-40-unidades","title":{"rendered":"Collmar Beauty en Gomitas"},"content":{"rendered":"<p>La nueva f\u00f3rmula Vitamolas Beauty de Drasanvi ofrece un complemento a base de col\u00e1geno marino hidrolizado con muy bajo peso molecular (2000 Da), coenzyma Q10, \u00e1cido hialur\u00f3nico y biotina en formato gummy. Sin az\u00facares y sin al\u00e9rgenos.<\/p>\n","protected":false},"excerpt":{"rendered":"<p>Mejora la salud de la piel.<br \/>\nContiene Biotina por lo tanto le ayudar\u00e1 a tener un mejor aspecto en cuanto a cabello, u\u00f1as y piel.<br \/>\nTiene un sabor a frambuesa<\/p>\n","protected":false},"featured_media":5208,"comment_status":"open","ping_status":"closed","template":"","meta":[],"product_brand":[463],"product_cat":[389],"product_tag":[523,524,502,500,501,520,503,581],"class_list":{"0":"post-4187","1":"product","2":"type-product","3":"status-publish","4":"has-post-thumbnail","6":"product_brand-drasanvi","7":"product_cat-colageno","8":"product_tag-cuidado-de-cabello","9":"product_tag-cuidado-de-piel","10":"product_tag-heredia","11":"product_tag-macrobiotica","12":"product_tag-natural","13":"product_tag-natural-shop","14":"product_tag-san-pablo","15":"product_tag-unas","17":"first","18":"instock","19":"shipping-taxable","20":"purchasable","21":"product-type-simple"},"jetpack_sharing_enabled":true,"_links":{"self":[{"href":"https:\/\/macronaturalsshop.com\/index.php?rest_route=\/wp\/v2\/product\/4187"}],"collection":[{"href":"https:\/\/macronaturalsshop.com\/index.php?rest_route=\/wp\/v2\/product"}],"about":[{"href":"https:\/\/macronaturalsshop.com\/index.php?rest_route=\/wp\/v2\/types\/product"}],"replies":[{"embeddable":true,"href":"https:\/\/macronaturalsshop.com\/index.php?rest_route=%2Fwp%2Fv2%2Fcomments&post=4187"}],"wp:featuredmedia":[{"embeddable":true,"href":"https:\/\/macronaturalsshop.com\/index.php?rest_route=\/wp\/v2\/media\/5208"}],"wp:attachment":[{"href":"https:\/\/macronaturalsshop.com\/index.php?rest_route=%2Fwp%2Fv2%2Fmedia&parent=4187"}],"wp:term":[{"taxonomy":"product_brand","embeddable":true,"href":"https:\/\/macronaturalsshop.com\/index.php?rest_route=%2Fwp%2Fv2%2Fproduct_brand&post=4187"},{"taxonomy":"product_cat","embeddable":true,"href":"https:\/\/macronaturalsshop.com\/index.php?rest_route=%2Fwp%2Fv2%2Fproduct_cat&post=4187"},{"taxonomy":"product_tag","embeddable":true,"href":"https:\/\/macronaturalsshop.com\/index.php?rest_route=%2Fwp%2Fv2%2Fproduct_tag&post=4187"}],"curies":[{"name":"wp","href":"https:\/\/api.w.org\/{rel}","templated":true}]}}