{"id":4203,"date":"2025-09-14T06:05:54","date_gmt":"2025-09-14T06:05:54","guid":{"rendered":"https:\/\/macronaturalsshop.com\/?post_type=product&#038;p=4203"},"modified":"2025-09-15T02:58:53","modified_gmt":"2025-09-15T02:58:53","slug":"omepur-45sg","status":"publish","type":"product","link":"https:\/\/macronaturalsshop.com\/?product=omepur-45sg","title":{"rendered":"Omepur 3"},"content":{"rendered":"<p>Omepur 3<sup>\u00ae<\/sup>\u00a0es un complemento alimenticio rico en \u00e1cidos grasos del tipo Omega 3, concretamente DHA y EPA. Posee una alta pureza de estas sustancias, tal es as\u00ed, que se alcanza una gran concentraci\u00f3n de Omega 3 por c\u00e1psula de 480 mg de EPA, 340 mg de DHA y 180 mg de otro tipos de Omega 3. Se trata de sustancias con importantes propiedades: el DHA contribuye al mantenimiento de la visi\u00f3n y el cerebro en condiciones normales. El EPA y DHA contribuyen al funcionamiento normal del coraz\u00f3n. El aceite de pescado utilizado se extrae de anchoas y sardinas \u00a0de las Costas del \u00cdndico, asegurando un ambiente limpio y poco contaminado. Adem\u00e1s de la alta calidad del aceite utilizado, este complemento presenta una tecnolog\u00eda muy innovadora: la c\u00e1psula posee un recubrimiento especial que la convierte en gastroprotegida, es decir, atraviesa la barrera g\u00e1strica del est\u00f3mago deshaci\u00e9ndose, directamente, en el intestino.<\/p>\n","protected":false},"excerpt":{"rendered":"<p>Complemento alimenticio a base de aceite de pescado y vitamina E.<\/p>\n<p>Ayuda a bajar el colesterol y trigliceridos.<br \/>\nContribuye al funcionamiento normal del cerebro, de la sivi\u00f3n y del coraz\u00f3n.<br \/>\nTomar dos comprimidos al d\u00eda con las comidas principales.<\/p>\n","protected":false},"featured_media":5458,"comment_status":"open","ping_status":"closed","template":"","meta":[],"product_brand":[463],"product_cat":[395,437],"product_tag":[546,502,500,501,520,503,547,568],"class_list":{"0":"post-4203","1":"product","2":"type-product","3":"status-publish","4":"has-post-thumbnail","6":"product_brand-drasanvi","7":"product_cat-trigliceridos","8":"product_cat-presion","9":"product_tag-colesterol","10":"product_tag-heredia","11":"product_tag-macrobiotica","12":"product_tag-natural","13":"product_tag-natural-shop","14":"product_tag-san-pablo","15":"product_tag-trigliceridos","16":"product_tag-vitaminas","18":"first","19":"instock","20":"shipping-taxable","21":"purchasable","22":"product-type-simple"},"jetpack_sharing_enabled":true,"_links":{"self":[{"href":"https:\/\/macronaturalsshop.com\/index.php?rest_route=\/wp\/v2\/product\/4203"}],"collection":[{"href":"https:\/\/macronaturalsshop.com\/index.php?rest_route=\/wp\/v2\/product"}],"about":[{"href":"https:\/\/macronaturalsshop.com\/index.php?rest_route=\/wp\/v2\/types\/product"}],"replies":[{"embeddable":true,"href":"https:\/\/macronaturalsshop.com\/index.php?rest_route=%2Fwp%2Fv2%2Fcomments&post=4203"}],"wp:featuredmedia":[{"embeddable":true,"href":"https:\/\/macronaturalsshop.com\/index.php?rest_route=\/wp\/v2\/media\/5458"}],"wp:attachment":[{"href":"https:\/\/macronaturalsshop.com\/index.php?rest_route=%2Fwp%2Fv2%2Fmedia&parent=4203"}],"wp:term":[{"taxonomy":"product_brand","embeddable":true,"href":"https:\/\/macronaturalsshop.com\/index.php?rest_route=%2Fwp%2Fv2%2Fproduct_brand&post=4203"},{"taxonomy":"product_cat","embeddable":true,"href":"https:\/\/macronaturalsshop.com\/index.php?rest_route=%2Fwp%2Fv2%2Fproduct_cat&post=4203"},{"taxonomy":"product_tag","embeddable":true,"href":"https:\/\/macronaturalsshop.com\/index.php?rest_route=%2Fwp%2Fv2%2Fproduct_tag&post=4203"}],"curies":[{"name":"wp","href":"https:\/\/api.w.org\/{rel}","templated":true}]}}