{"id":4218,"date":"2025-09-14T06:30:56","date_gmt":"2025-09-14T06:30:56","guid":{"rendered":"https:\/\/macronaturalsshop.com\/?post_type=product&#038;p=4218"},"modified":"2025-09-15T03:40:03","modified_gmt":"2025-09-15T03:40:03","slug":"serum-arbol-del-te-30ml","status":"publish","type":"product","link":"https:\/\/macronaturalsshop.com\/?product=serum-arbol-del-te-30ml","title":{"rendered":"Serum \u00c1rbol del t\u00e9 BIO"},"content":{"rendered":"<p>El S\u00e9rum de \u00c1rbol del T\u00e9 de Drasanvi, est\u00e1 formulado para proporcionarla hidrataci\u00f3n que necesitan las pieles mixtas y grasas con tendenciaacneica. Nos hidrata a la vez que nos reduce los porosvisiblemente.Gracias a su formulaci\u00f3n rica en aceite esencial quimiotipadode \u00c1rbol del T\u00e9.<\/p>\n","protected":false},"excerpt":{"rendered":"<p>Hidrata la piel.<br \/>\nAyuda a que los poros se reduzcan.<\/p>\n","protected":false},"featured_media":5471,"comment_status":"open","ping_status":"closed","template":"","meta":[],"product_brand":[463],"product_cat":[408],"product_tag":[524,502,500,501,520,503],"class_list":{"0":"post-4218","1":"product","2":"type-product","3":"status-publish","4":"has-post-thumbnail","6":"product_brand-drasanvi","7":"product_cat-cuidado-personal","8":"product_tag-cuidado-de-piel","9":"product_tag-heredia","10":"product_tag-macrobiotica","11":"product_tag-natural","12":"product_tag-natural-shop","13":"product_tag-san-pablo","15":"first","16":"instock","17":"shipping-taxable","18":"purchasable","19":"product-type-simple"},"jetpack_sharing_enabled":true,"_links":{"self":[{"href":"https:\/\/macronaturalsshop.com\/index.php?rest_route=\/wp\/v2\/product\/4218"}],"collection":[{"href":"https:\/\/macronaturalsshop.com\/index.php?rest_route=\/wp\/v2\/product"}],"about":[{"href":"https:\/\/macronaturalsshop.com\/index.php?rest_route=\/wp\/v2\/types\/product"}],"replies":[{"embeddable":true,"href":"https:\/\/macronaturalsshop.com\/index.php?rest_route=%2Fwp%2Fv2%2Fcomments&post=4218"}],"wp:featuredmedia":[{"embeddable":true,"href":"https:\/\/macronaturalsshop.com\/index.php?rest_route=\/wp\/v2\/media\/5471"}],"wp:attachment":[{"href":"https:\/\/macronaturalsshop.com\/index.php?rest_route=%2Fwp%2Fv2%2Fmedia&parent=4218"}],"wp:term":[{"taxonomy":"product_brand","embeddable":true,"href":"https:\/\/macronaturalsshop.com\/index.php?rest_route=%2Fwp%2Fv2%2Fproduct_brand&post=4218"},{"taxonomy":"product_cat","embeddable":true,"href":"https:\/\/macronaturalsshop.com\/index.php?rest_route=%2Fwp%2Fv2%2Fproduct_cat&post=4218"},{"taxonomy":"product_tag","embeddable":true,"href":"https:\/\/macronaturalsshop.com\/index.php?rest_route=%2Fwp%2Fv2%2Fproduct_tag&post=4218"}],"curies":[{"name":"wp","href":"https:\/\/api.w.org\/{rel}","templated":true}]}}