{"id":4225,"date":"2025-08-15T07:00:50","date_gmt":"2025-08-15T07:00:50","guid":{"rendered":"https:\/\/macronaturalsshop.com\/?post_type=product&#038;p=4225"},"modified":"2025-08-15T22:05:50","modified_gmt":"2025-08-15T22:05:50","slug":"vitamina-d3-2400ui-90comp","status":"publish","type":"product","link":"https:\/\/macronaturalsshop.com\/?product=vitamina-d3-2400ui-90comp","title":{"rendered":"Vitamina D3 2400UI"},"content":{"rendered":"<p>La vitamina D3 es una vitamina soluble en grasa que nuestra piel sintetiza al exponerse a la luz solar o a trav\u00e9s de una correcta alimentaci\u00f3n o complementaci\u00f3n.  Afecta a nuestro estado de \u00e1nimo y a nuestro bienestar as\u00ed como a la salud de los huesos y de las articulaciones. Para poder disponer de ella es necesario el correcto aporte de Vitamina y la correcta exposici\u00f3n solar. Si no disponemos de alguna de las dos fuentes podemos desarrollar un estado carencial<\/p>\n","protected":false},"excerpt":{"rendered":"<p>Contribuye al mantenimiento de los huesos en condicions normales.<br \/>\nAyuda al funcionamiento normal de los m\u00fasculos.<\/p>\n","protected":false},"featured_media":5032,"comment_status":"open","ping_status":"closed","template":"","meta":[],"product_brand":[463],"product_cat":[398],"product_tag":[502,563,500,561,501,520,503],"class_list":{"0":"post-4225","1":"product","2":"type-product","3":"status-publish","4":"has-post-thumbnail","6":"product_brand-drasanvi","7":"product_cat-vit-y-min","8":"product_tag-heredia","9":"product_tag-huesos","10":"product_tag-macrobiotica","11":"product_tag-musculos","12":"product_tag-natural","13":"product_tag-natural-shop","14":"product_tag-san-pablo","16":"first","17":"instock","18":"shipping-taxable","19":"purchasable","20":"product-type-simple"},"jetpack_sharing_enabled":true,"_links":{"self":[{"href":"https:\/\/macronaturalsshop.com\/index.php?rest_route=\/wp\/v2\/product\/4225"}],"collection":[{"href":"https:\/\/macronaturalsshop.com\/index.php?rest_route=\/wp\/v2\/product"}],"about":[{"href":"https:\/\/macronaturalsshop.com\/index.php?rest_route=\/wp\/v2\/types\/product"}],"replies":[{"embeddable":true,"href":"https:\/\/macronaturalsshop.com\/index.php?rest_route=%2Fwp%2Fv2%2Fcomments&post=4225"}],"wp:featuredmedia":[{"embeddable":true,"href":"https:\/\/macronaturalsshop.com\/index.php?rest_route=\/wp\/v2\/media\/5032"}],"wp:attachment":[{"href":"https:\/\/macronaturalsshop.com\/index.php?rest_route=%2Fwp%2Fv2%2Fmedia&parent=4225"}],"wp:term":[{"taxonomy":"product_brand","embeddable":true,"href":"https:\/\/macronaturalsshop.com\/index.php?rest_route=%2Fwp%2Fv2%2Fproduct_brand&post=4225"},{"taxonomy":"product_cat","embeddable":true,"href":"https:\/\/macronaturalsshop.com\/index.php?rest_route=%2Fwp%2Fv2%2Fproduct_cat&post=4225"},{"taxonomy":"product_tag","embeddable":true,"href":"https:\/\/macronaturalsshop.com\/index.php?rest_route=%2Fwp%2Fv2%2Fproduct_tag&post=4225"}],"curies":[{"name":"wp","href":"https:\/\/api.w.org\/{rel}","templated":true}]}}