{"id":4342,"date":"2025-09-15T01:01:47","date_gmt":"2025-09-15T01:01:47","guid":{"rendered":"https:\/\/macronaturalsshop.com\/?post_type=product&#038;p=4342"},"modified":"2025-09-15T14:57:46","modified_gmt":"2025-09-15T14:57:46","slug":"ashwagandha-con-hierro-y-vit-b6-90-caps","status":"publish","type":"product","link":"https:\/\/macronaturalsshop.com\/?product=ashwagandha-con-hierro-y-vit-b6-90-caps","title":{"rendered":"Ashwagandha con Hierro y Vitamina B6"},"content":{"rendered":"<p>Se usa com\u00fanmente para el estr\u00e9s. Ashwagandha contiene sustancias qu\u00edmicas que pueden ayudar a calmar el cerebro, reducir la hinchaz\u00f3n, disminuir la presi\u00f3n arterial y alterar el sistema inmunol\u00f3gico.<\/p>\n","protected":false},"excerpt":{"rendered":"<p>Ayuda a bajar los niveles de estr\u00e9s y ansiedad.<\/p>\n","protected":false},"featured_media":4343,"comment_status":"open","ping_status":"closed","template":"","meta":[],"product_brand":[468],"product_cat":[404],"product_tag":[532,530,502,500,501,520,503],"class_list":{"0":"post-4342","1":"product","2":"type-product","3":"status-publish","4":"has-post-thumbnail","6":"product_brand-herbarium","7":"product_cat-ansiedad-y-estres","8":"product_tag-ansiedad","9":"product_tag-control-de-estres","10":"product_tag-heredia","11":"product_tag-macrobiotica","12":"product_tag-natural","13":"product_tag-natural-shop","14":"product_tag-san-pablo","16":"first","17":"instock","18":"shipping-taxable","19":"purchasable","20":"product-type-simple"},"jetpack_sharing_enabled":true,"_links":{"self":[{"href":"https:\/\/macronaturalsshop.com\/index.php?rest_route=\/wp\/v2\/product\/4342"}],"collection":[{"href":"https:\/\/macronaturalsshop.com\/index.php?rest_route=\/wp\/v2\/product"}],"about":[{"href":"https:\/\/macronaturalsshop.com\/index.php?rest_route=\/wp\/v2\/types\/product"}],"replies":[{"embeddable":true,"href":"https:\/\/macronaturalsshop.com\/index.php?rest_route=%2Fwp%2Fv2%2Fcomments&post=4342"}],"wp:featuredmedia":[{"embeddable":true,"href":"https:\/\/macronaturalsshop.com\/index.php?rest_route=\/wp\/v2\/media\/4343"}],"wp:attachment":[{"href":"https:\/\/macronaturalsshop.com\/index.php?rest_route=%2Fwp%2Fv2%2Fmedia&parent=4342"}],"wp:term":[{"taxonomy":"product_brand","embeddable":true,"href":"https:\/\/macronaturalsshop.com\/index.php?rest_route=%2Fwp%2Fv2%2Fproduct_brand&post=4342"},{"taxonomy":"product_cat","embeddable":true,"href":"https:\/\/macronaturalsshop.com\/index.php?rest_route=%2Fwp%2Fv2%2Fproduct_cat&post=4342"},{"taxonomy":"product_tag","embeddable":true,"href":"https:\/\/macronaturalsshop.com\/index.php?rest_route=%2Fwp%2Fv2%2Fproduct_tag&post=4342"}],"curies":[{"name":"wp","href":"https:\/\/api.w.org\/{rel}","templated":true}]}}