{"id":4430,"date":"2025-08-25T01:25:43","date_gmt":"2025-08-25T01:25:43","guid":{"rendered":"https:\/\/macronaturalsshop.com\/?post_type=product&#038;p=4430"},"modified":"2025-08-26T02:25:40","modified_gmt":"2025-08-26T02:25:40","slug":"jarabe-diente-de-leon-una-de-gato-y-te-verde","status":"publish","type":"product","link":"https:\/\/macronaturalsshop.com\/?product=jarabe-diente-de-leon-una-de-gato-y-te-verde","title":{"rendered":"Jarabe Diente de Leon, U\u00f1a de Gato y T\u00e9 Verde"},"content":{"rendered":"<p>El Diente de Le\u00f3n es un desintoxicante y diur\u00e9tico natural que apoya la funci\u00f3n del h\u00edgado y los ri\u00f1ones.<\/p>\n<p>La U\u00f1a de Gato se asocia con la estimulaci\u00f3n del sistema inmunitario.<\/p>\n<p>El T\u00e9 Verde es conocido por su alto contenido de antioxidantes y sus posibles efectos beneficiosos sobre la salud de la piel y la reducci\u00f3n de los niveles de az\u00facar en sangre.<\/p>\n","protected":false},"excerpt":{"rendered":"<p>Mejorar la salud digestiva e hep\u00e1tica, aumentar las defensas del organismo y como antioxidante.<\/p>\n","protected":false},"featured_media":4427,"comment_status":"open","ping_status":"closed","template":"","meta":[],"product_brand":[468],"product_cat":[379],"product_tag":[564,612,603,502,500,501,520,503],"class_list":{"0":"post-4430","1":"product","2":"type-product","3":"status-publish","4":"has-post-thumbnail","6":"product_brand-herbarium","7":"product_cat-sistema-inmunologico","8":"product_tag-antioxidante","9":"product_tag-defensas","10":"product_tag-diuretico","11":"product_tag-heredia","12":"product_tag-macrobiotica","13":"product_tag-natural","14":"product_tag-natural-shop","15":"product_tag-san-pablo","17":"first","18":"instock","19":"shipping-taxable","20":"purchasable","21":"product-type-simple"},"jetpack_sharing_enabled":true,"_links":{"self":[{"href":"https:\/\/macronaturalsshop.com\/index.php?rest_route=\/wp\/v2\/product\/4430"}],"collection":[{"href":"https:\/\/macronaturalsshop.com\/index.php?rest_route=\/wp\/v2\/product"}],"about":[{"href":"https:\/\/macronaturalsshop.com\/index.php?rest_route=\/wp\/v2\/types\/product"}],"replies":[{"embeddable":true,"href":"https:\/\/macronaturalsshop.com\/index.php?rest_route=%2Fwp%2Fv2%2Fcomments&post=4430"}],"wp:featuredmedia":[{"embeddable":true,"href":"https:\/\/macronaturalsshop.com\/index.php?rest_route=\/wp\/v2\/media\/4427"}],"wp:attachment":[{"href":"https:\/\/macronaturalsshop.com\/index.php?rest_route=%2Fwp%2Fv2%2Fmedia&parent=4430"}],"wp:term":[{"taxonomy":"product_brand","embeddable":true,"href":"https:\/\/macronaturalsshop.com\/index.php?rest_route=%2Fwp%2Fv2%2Fproduct_brand&post=4430"},{"taxonomy":"product_cat","embeddable":true,"href":"https:\/\/macronaturalsshop.com\/index.php?rest_route=%2Fwp%2Fv2%2Fproduct_cat&post=4430"},{"taxonomy":"product_tag","embeddable":true,"href":"https:\/\/macronaturalsshop.com\/index.php?rest_route=%2Fwp%2Fv2%2Fproduct_tag&post=4430"}],"curies":[{"name":"wp","href":"https:\/\/api.w.org\/{rel}","templated":true}]}}