{"id":4442,"date":"2025-08-27T01:10:05","date_gmt":"2025-08-27T01:10:05","guid":{"rendered":"https:\/\/macronaturalsshop.com\/?post_type=product&#038;p=4442"},"modified":"2025-08-28T03:28:39","modified_gmt":"2025-08-28T03:28:39","slug":"korean-gingseng-60-caps","status":"publish","type":"product","link":"https:\/\/macronaturalsshop.com\/?product=korean-gingseng-60-caps","title":{"rendered":"Korean Ging Seng 60 c\u00e1ps"},"content":{"rendered":"<p>Las c\u00e1psulas de ginseng coreano sirven para\u00a0aumentar la energ\u00eda y resistencia, mejorar el rendimiento f\u00edsico y mental, fortalecer el sistema inmunol\u00f3gico, ayudar a controlar el az\u00facar en sangre y combatir el estr\u00e9s y la fatiga.\u00a0Tambi\u00e9n se ha usado para mejorar la funci\u00f3n sexual y como apoyo en algunas enfermedades cr\u00f3nicas.<\/p>\n","protected":false},"excerpt":{"rendered":"<p>Aumentar la energ\u00eda y resistencia, mejorar el rendimiento f\u00edsico y mental, fortalecer el sistema inmunol\u00f3gico, ayudar a controlar el az\u00facar en sangre y combatir el estr\u00e9s y la fatiga.<\/p>\n","protected":false},"featured_media":4443,"comment_status":"open","ping_status":"closed","template":"","meta":[],"product_brand":[468],"product_cat":[379],"product_tag":[605,530,560,613,502,500,501,520,503],"class_list":{"0":"post-4442","1":"product","2":"type-product","3":"status-publish","4":"has-post-thumbnail","6":"product_brand-herbarium","7":"product_cat-sistema-inmunologico","8":"product_tag-azucar-en-la-sangre","9":"product_tag-control-de-estres","10":"product_tag-energia","11":"product_tag-fatiga","12":"product_tag-heredia","13":"product_tag-macrobiotica","14":"product_tag-natural","15":"product_tag-natural-shop","16":"product_tag-san-pablo","18":"first","19":"instock","20":"shipping-taxable","21":"purchasable","22":"product-type-simple"},"jetpack_sharing_enabled":true,"_links":{"self":[{"href":"https:\/\/macronaturalsshop.com\/index.php?rest_route=\/wp\/v2\/product\/4442"}],"collection":[{"href":"https:\/\/macronaturalsshop.com\/index.php?rest_route=\/wp\/v2\/product"}],"about":[{"href":"https:\/\/macronaturalsshop.com\/index.php?rest_route=\/wp\/v2\/types\/product"}],"replies":[{"embeddable":true,"href":"https:\/\/macronaturalsshop.com\/index.php?rest_route=%2Fwp%2Fv2%2Fcomments&post=4442"}],"wp:featuredmedia":[{"embeddable":true,"href":"https:\/\/macronaturalsshop.com\/index.php?rest_route=\/wp\/v2\/media\/4443"}],"wp:attachment":[{"href":"https:\/\/macronaturalsshop.com\/index.php?rest_route=%2Fwp%2Fv2%2Fmedia&parent=4442"}],"wp:term":[{"taxonomy":"product_brand","embeddable":true,"href":"https:\/\/macronaturalsshop.com\/index.php?rest_route=%2Fwp%2Fv2%2Fproduct_brand&post=4442"},{"taxonomy":"product_cat","embeddable":true,"href":"https:\/\/macronaturalsshop.com\/index.php?rest_route=%2Fwp%2Fv2%2Fproduct_cat&post=4442"},{"taxonomy":"product_tag","embeddable":true,"href":"https:\/\/macronaturalsshop.com\/index.php?rest_route=%2Fwp%2Fv2%2Fproduct_tag&post=4442"}],"curies":[{"name":"wp","href":"https:\/\/api.w.org\/{rel}","templated":true}]}}