{"id":4452,"date":"2025-08-27T01:15:12","date_gmt":"2025-08-27T01:15:12","guid":{"rendered":"https:\/\/macronaturalsshop.com\/?post_type=product&#038;p=4452"},"modified":"2025-08-28T03:33:39","modified_gmt":"2025-08-28T03:33:39","slug":"nopal-90-capsulas","status":"publish","type":"product","link":"https:\/\/macronaturalsshop.com\/?product=nopal-90-capsulas","title":{"rendered":"C\u00e1psulas de Nopal"},"content":{"rendered":"<div class=\"WaaZC\">\n<div class=\"RJPOee EIJn2\">\n<div class=\"rPeykc uP58nb\" data-hveid=\"CA8QAQ\" data-ved=\"2ahUKEwjGpNK9yKyPAxXVRjABHRVCF7UQo_EKegQIDxAB\"><span data-huuid=\"4765093299122085501\"><span role=\"heading\" aria-level=\"2\">Beneficios principales:<\/span><\/span><\/div>\n<\/div>\n<\/div>\n<div class=\"WaaZC\">\n<div class=\"RJPOee EIJn2\">\n<ul data-hveid=\"CC8QAQ\" data-ved=\"2ahUKEwjGpNK9yKyPAxXVRjABHRVCF7UQm_YKegQILxAB\">\n<li class=\"K3KsMc\">\n<div class=\"zMgcWd dSKvsb\" data-il=\"\">\n<div data-crb-p=\"\">\n<div class=\"xFTqob\">\n<div class=\"Gur8Ad\"><span data-huuid=\"4765093299122084006\"><strong>Control de peso:<\/strong><\/span><\/div>\n<div class=\"vM0jzc\"><span data-huuid=\"4765093299122084873\">El nopal es rico en fibra, lo que genera sensaci\u00f3n de saciedad y puede ser un complemento en dietas para perder peso.<span class=\"pjBG2e\" data-cid=\"40cc9e3e-ab7c-4c05-af91-b612705cbd04\"><span class=\"UV3uM\">\u00a0<\/span><\/span><\/span><\/p>\n<div class=\"NPrrbc\" data-cid=\"40cc9e3e-ab7c-4c05-af91-b612705cbd04\" data-uuids=\"4765093299122084006,4765093299122084873\">\n<div class=\"BMebGe btku5b fCrZyc LwdV0e FR7ZSc qVhvac OJeuxf\" tabindex=\"0\" role=\"button\" aria-label=\"Ver v\u00ednculos relacionados\" data-hveid=\"CCMQAQ\" data-ved=\"2ahUKEwjGpNK9yKyPAxXVRjABHRVCF7UQ3fYKegQIIxAB\">\n<div class=\"niO4u\">\n<div class=\"kHtcsd\"><\/div>\n<\/div>\n<\/div>\n<\/div>\n<\/div>\n<\/div>\n<\/div>\n<\/div>\n<\/li>\n<li class=\"K3KsMc\">\n<div class=\"zMgcWd dSKvsb\" data-il=\"\">\n<div data-crb-p=\"\">\n<div class=\"xFTqob\">\n<div class=\"Gur8Ad\"><span data-huuid=\"4765093299122082511\"><strong>Salud digestiva:<\/strong><\/span><\/div>\n<div class=\"vM0jzc\"><span data-huuid=\"4765093299122083378\">Su alto contenido de fibra ayuda a mejorar la digesti\u00f3n, limpiar el colon y aliviar el estre\u00f1imiento.<span class=\"pjBG2e\" data-cid=\"1442c988-103e-4ab2-8110-01a7886c202f\"><span class=\"UV3uM\">\u00a0<\/span><\/span><\/span><\/p>\n<div class=\"NPrrbc\" data-cid=\"1442c988-103e-4ab2-8110-01a7886c202f\" data-uuids=\"4765093299122082511,4765093299122083378\">\n<div class=\"BMebGe btku5b fCrZyc LwdV0e FR7ZSc qVhvac OJeuxf\" tabindex=\"0\" role=\"button\" aria-label=\"Ver v\u00ednculos relacionados\" data-hveid=\"CCAQAQ\" data-ved=\"2ahUKEwjGpNK9yKyPAxXVRjABHRVCF7UQ3fYKegQIIBAB\">\n<div class=\"niO4u\">\n<div class=\"kHtcsd\"><\/div>\n<\/div>\n<\/div>\n<\/div>\n<\/div>\n<\/div>\n<\/div>\n<\/div>\n<\/li>\n<li class=\"K3KsMc\">\n<div class=\"zMgcWd dSKvsb\" data-il=\"\">\n<div data-crb-p=\"\">\n<div class=\"xFTqob\">\n<div class=\"Gur8Ad\"><span data-huuid=\"4765093299122085112\"><strong>Regulaci\u00f3n del az\u00facar en la sangre:<\/strong><\/span><\/div>\n<div class=\"vM0jzc\"><span data-huuid=\"4765093299122081883\">Puede ayudar a controlar los niveles de glucosa, lo cual es beneficioso para personas con diabetes, aunque no sustituye el tratamiento m\u00e9dico.<span class=\"pjBG2e\" data-cid=\"c19ee07d-4448-436f-b7f0-6af4c120af5d\"><span class=\"UV3uM\">\u00a0<\/span><\/span><\/span><\/p>\n<div class=\"NPrrbc\" data-cid=\"c19ee07d-4448-436f-b7f0-6af4c120af5d\" data-uuids=\"4765093299122085112,4765093299122081883\">\n<div class=\"BMebGe btku5b fCrZyc LwdV0e FR7ZSc qVhvac OJeuxf\" tabindex=\"0\" role=\"button\" aria-label=\"Ver v\u00ednculos relacionados\" data-hveid=\"CCcQAQ\" data-ved=\"2ahUKEwjGpNK9yKyPAxXVRjABHRVCF7UQ3fYKegQIJxAB\">\n<div class=\"niO4u\">\n<div class=\"kHtcsd\"><\/div>\n<\/div>\n<\/div>\n<\/div>\n<\/div>\n<\/div>\n<\/div>\n<\/div>\n<\/li>\n<li class=\"K3KsMc\">\n<div class=\"zMgcWd dSKvsb\" data-il=\"\">\n<div data-crb-p=\"\">\n<div class=\"xFTqob\">\n<div class=\"Gur8Ad\"><span data-huuid=\"4765093299122083617\"><strong>Reducci\u00f3n del colesterol:<\/strong><\/span><\/div>\n<div class=\"vM0jzc\"><span data-huuid=\"4765093299122084484\">El nopal se ha asociado con la capacidad de disminuir los niveles de colesterol.<span class=\"pjBG2e\" data-cid=\"c61d890d-c142-4413-b33b-9f2a9b044a71\"><span class=\"UV3uM\">\u00a0<\/span><\/span><\/span><\/p>\n<div class=\"NPrrbc\" data-cid=\"c61d890d-c142-4413-b33b-9f2a9b044a71\" data-uuids=\"4765093299122083617,4765093299122084484\">\n<div class=\"BMebGe btku5b fCrZyc LwdV0e FR7ZSc qVhvac OJeuxf\" tabindex=\"0\" role=\"button\" aria-label=\"Ver v\u00ednculos relacionados\" data-hveid=\"CCoQAQ\" data-ved=\"2ahUKEwjGpNK9yKyPAxXVRjABHRVCF7UQ3fYKegQIKhAB\">\n<div class=\"niO4u\">\n<div class=\"kHtcsd\"><\/div>\n<\/div>\n<\/div>\n<\/div>\n<\/div>\n<\/div>\n<\/div>\n<\/div>\n<\/li>\n<li class=\"K3KsMc\">\n<div class=\"zMgcWd dSKvsb\" data-il=\"\">\n<div data-crb-p=\"\">\n<div class=\"xFTqob\">\n<div class=\"Gur8Ad\"><span data-huuid=\"4765093299122082122\"><strong>Efecto desintoxicante:<\/strong><\/span><\/div>\n<div class=\"vM0jzc\"><span data-huuid=\"4765093299122082989\">Contiene vitaminas, minerales y amino\u00e1cidos que contribuyen a la eliminaci\u00f3n de toxinas del organismo.<span class=\"pjBG2e\" data-cid=\"63afcf25-cdbe-437b-983d-09a324e06bf1\"><span class=\"UV3uM\">\u00a0<\/span><\/span><\/span><\/p>\n<div class=\"NPrrbc\" data-cid=\"63afcf25-cdbe-437b-983d-09a324e06bf1\" data-uuids=\"4765093299122082122,4765093299122082989\">\n<div class=\"BMebGe btku5b fCrZyc LwdV0e FR7ZSc qVhvac OJeuxf\" tabindex=\"0\" role=\"button\" aria-label=\"Ver v\u00ednculos relacionados\" data-hveid=\"CCkQAQ\" data-ved=\"2ahUKEwjGpNK9yKyPAxXVRjABHRVCF7UQ3fYKegQIKRAB\">\n<div class=\"niO4u\">\n<div class=\"kHtcsd\"><\/div>\n<\/div>\n<\/div>\n<\/div>\n<\/div>\n<\/div>\n<\/div>\n<\/div>\n<\/li>\n<li class=\"K3KsMc\">\n<div class=\"zMgcWd dSKvsb\" data-il=\"\">\n<div data-crb-p=\"\">\n<div class=\"xFTqob\">\n<div class=\"Gur8Ad\"><span data-huuid=\"4765093299122084723\"><strong>Protecci\u00f3n g\u00e1strica:<\/strong><\/span><\/div>\n<div class=\"vM0jzc\"><span data-huuid=\"4765093299122085590\">Puede ayudar a controlar el exceso de \u00e1cidos g\u00e1stricos y proteger la mucosa del est\u00f3mago, previniendo \u00falceras.<span class=\"pjBG2e\" data-cid=\"b3906b87-952a-4af6-94c3-f75f5ee03563\"><span class=\"UV3uM\">\u00a0<\/span><\/span><\/span><\/div>\n<\/div>\n<\/div>\n<\/div>\n<\/li>\n<\/ul>\n<\/div>\n<\/div>\n","protected":false},"excerpt":{"rendered":"<p>Suplemento alimenticio para controlar el peso gracias a su efecto saciante y fibra. Tambi\u00e9n son \u00fatiles para la salud digestiva, ya que la fibra ayuda a regular el tr\u00e1nsito intestinal y puede aliviar el estre\u00f1imiento. Adem\u00e1s, el nopal contiene nutrientes como vitaminas, minerales y amino\u00e1cidos que ayudan a eliminar toxinas, y se ha sugerido que puede contribuir a regular los niveles de az\u00facar en la sangre y reducir el colesterol.<\/p>\n","protected":false},"featured_media":4453,"comment_status":"open","ping_status":"closed","template":"","meta":[],"product_brand":[468],"product_cat":[398],"product_tag":[546,584,502,500,501,520,503,547],"class_list":{"0":"post-4452","1":"product","2":"type-product","3":"status-publish","4":"has-post-thumbnail","6":"product_brand-herbarium","7":"product_cat-vit-y-min","8":"product_tag-colesterol","9":"product_tag-control-de-peso","10":"product_tag-heredia","11":"product_tag-macrobiotica","12":"product_tag-natural","13":"product_tag-natural-shop","14":"product_tag-san-pablo","15":"product_tag-trigliceridos","17":"first","18":"instock","19":"shipping-taxable","20":"purchasable","21":"product-type-simple"},"jetpack_sharing_enabled":true,"_links":{"self":[{"href":"https:\/\/macronaturalsshop.com\/index.php?rest_route=\/wp\/v2\/product\/4452"}],"collection":[{"href":"https:\/\/macronaturalsshop.com\/index.php?rest_route=\/wp\/v2\/product"}],"about":[{"href":"https:\/\/macronaturalsshop.com\/index.php?rest_route=\/wp\/v2\/types\/product"}],"replies":[{"embeddable":true,"href":"https:\/\/macronaturalsshop.com\/index.php?rest_route=%2Fwp%2Fv2%2Fcomments&post=4452"}],"wp:featuredmedia":[{"embeddable":true,"href":"https:\/\/macronaturalsshop.com\/index.php?rest_route=\/wp\/v2\/media\/4453"}],"wp:attachment":[{"href":"https:\/\/macronaturalsshop.com\/index.php?rest_route=%2Fwp%2Fv2%2Fmedia&parent=4452"}],"wp:term":[{"taxonomy":"product_brand","embeddable":true,"href":"https:\/\/macronaturalsshop.com\/index.php?rest_route=%2Fwp%2Fv2%2Fproduct_brand&post=4452"},{"taxonomy":"product_cat","embeddable":true,"href":"https:\/\/macronaturalsshop.com\/index.php?rest_route=%2Fwp%2Fv2%2Fproduct_cat&post=4452"},{"taxonomy":"product_tag","embeddable":true,"href":"https:\/\/macronaturalsshop.com\/index.php?rest_route=%2Fwp%2Fv2%2Fproduct_tag&post=4452"}],"curies":[{"name":"wp","href":"https:\/\/api.w.org\/{rel}","templated":true}]}}