{"id":4530,"date":"2025-09-15T03:01:53","date_gmt":"2025-09-15T03:01:53","guid":{"rendered":"https:\/\/macronaturalsshop.com\/?post_type=product&#038;p=4530"},"modified":"2025-09-15T17:32:11","modified_gmt":"2025-09-15T17:32:11","slug":"aceite-de-calendula-60ml","status":"publish","type":"product","link":"https:\/\/macronaturalsshop.com\/?product=aceite-de-calendula-60ml","title":{"rendered":"Aceite de Cal\u00e9ndula 60ml"},"content":{"rendered":"<p>El aceite de cal\u00e9ndula tiene un gran efecto antiinflamatorio.<br \/>\nEs ideal para el tratamiento de heridas persistentes, \u00falceras y venas varicosas.<br \/>\nAdicionalmente, se utiliza para aliviar la picaz\u00f3n, el dolor y la inflamaci\u00f3n por afecciones en la piel.<br \/>\nTambi\u00e9n es muy \u00fatil para las patolog\u00edas infecciosas o al\u00e9rgicas<\/p>\n","protected":false},"excerpt":{"rendered":"<p>El aceite de cal\u00e9ndula tiene un gran efecto antiinflamatorio.<br \/>\nEs ideal para el tratamiento de heridas persistentes, \u00falceras y venas varicosas.<br \/>\nAdicionalmente, se utiliza para aliviar la picaz\u00f3n, el dolor y la inflamaci\u00f3n por afecciones en la piel.<br \/>\nTambi\u00e9n es muy \u00fatil para las patolog\u00edas infecciosas o al\u00e9rgicas<\/p>\n","protected":false},"featured_media":4531,"comment_status":"open","ping_status":"closed","template":"","meta":[],"product_brand":[469],"product_cat":[374,430],"product_tag":[642,502,500,501,520,503],"class_list":{"0":"post-4530","1":"product","2":"type-product","3":"status-publish","4":"has-post-thumbnail","6":"product_brand-herbax","7":"product_cat-aceites-esenciales","8":"product_cat-antinflamatorio-y-dolores","9":"product_tag-aceite-essencial","10":"product_tag-heredia","11":"product_tag-macrobiotica","12":"product_tag-natural","13":"product_tag-natural-shop","14":"product_tag-san-pablo","16":"first","17":"instock","18":"shipping-taxable","19":"purchasable","20":"product-type-simple"},"jetpack_sharing_enabled":true,"_links":{"self":[{"href":"https:\/\/macronaturalsshop.com\/index.php?rest_route=\/wp\/v2\/product\/4530"}],"collection":[{"href":"https:\/\/macronaturalsshop.com\/index.php?rest_route=\/wp\/v2\/product"}],"about":[{"href":"https:\/\/macronaturalsshop.com\/index.php?rest_route=\/wp\/v2\/types\/product"}],"replies":[{"embeddable":true,"href":"https:\/\/macronaturalsshop.com\/index.php?rest_route=%2Fwp%2Fv2%2Fcomments&post=4530"}],"wp:featuredmedia":[{"embeddable":true,"href":"https:\/\/macronaturalsshop.com\/index.php?rest_route=\/wp\/v2\/media\/4531"}],"wp:attachment":[{"href":"https:\/\/macronaturalsshop.com\/index.php?rest_route=%2Fwp%2Fv2%2Fmedia&parent=4530"}],"wp:term":[{"taxonomy":"product_brand","embeddable":true,"href":"https:\/\/macronaturalsshop.com\/index.php?rest_route=%2Fwp%2Fv2%2Fproduct_brand&post=4530"},{"taxonomy":"product_cat","embeddable":true,"href":"https:\/\/macronaturalsshop.com\/index.php?rest_route=%2Fwp%2Fv2%2Fproduct_cat&post=4530"},{"taxonomy":"product_tag","embeddable":true,"href":"https:\/\/macronaturalsshop.com\/index.php?rest_route=%2Fwp%2Fv2%2Fproduct_tag&post=4530"}],"curies":[{"name":"wp","href":"https:\/\/api.w.org\/{rel}","templated":true}]}}