{"id":4677,"date":"2025-09-21T02:10:34","date_gmt":"2025-09-21T02:10:34","guid":{"rendered":"https:\/\/macronaturalsshop.com\/?post_type=product&#038;p=4677"},"modified":"2025-09-21T20:28:19","modified_gmt":"2025-09-21T20:28:19","slug":"te-verde-60-cap-therap","status":"publish","type":"product","link":"https:\/\/macronaturalsshop.com\/?product=te-verde-60-cap-therap","title":{"rendered":"Te Verde con Vitamina C"},"content":{"rendered":"<p>Aportar una alta concentraci\u00f3n de antioxidantes, ayudar a acelerar el metabolismo y promover la quema de grasas como parte de un plan de p\u00e9rdida de peso.\u00a0Tambi\u00e9n pueden aumentar la energ\u00eda y la concentraci\u00f3n debido a su contenido natural de cafe\u00edna y contribuir a la salud del coraz\u00f3n, aunque es importante consultar con un profesional de la salud antes de tomar suplementos.<\/p>\n","protected":false},"excerpt":{"rendered":"<p>Coadyudante del sistema cardiovascular.<br \/>\nAyuda a la p\u00e9rdida de peso.<br \/>\nPromueve una buena salud digestiva.<\/p>\n","protected":false},"featured_media":4678,"comment_status":"open","ping_status":"closed","template":"","meta":[],"product_brand":[469],"product_cat":[388],"product_tag":[584,541,502,500,501,520,503],"class_list":{"0":"post-4677","1":"product","2":"type-product","3":"status-publish","4":"has-post-thumbnail","6":"product_brand-herbax","7":"product_cat-control-de-peso","8":"product_tag-control-de-peso","9":"product_tag-digestion","10":"product_tag-heredia","11":"product_tag-macrobiotica","12":"product_tag-natural","13":"product_tag-natural-shop","14":"product_tag-san-pablo","16":"first","17":"instock","18":"shipping-taxable","19":"purchasable","20":"product-type-simple"},"jetpack_sharing_enabled":true,"_links":{"self":[{"href":"https:\/\/macronaturalsshop.com\/index.php?rest_route=\/wp\/v2\/product\/4677"}],"collection":[{"href":"https:\/\/macronaturalsshop.com\/index.php?rest_route=\/wp\/v2\/product"}],"about":[{"href":"https:\/\/macronaturalsshop.com\/index.php?rest_route=\/wp\/v2\/types\/product"}],"replies":[{"embeddable":true,"href":"https:\/\/macronaturalsshop.com\/index.php?rest_route=%2Fwp%2Fv2%2Fcomments&post=4677"}],"wp:featuredmedia":[{"embeddable":true,"href":"https:\/\/macronaturalsshop.com\/index.php?rest_route=\/wp\/v2\/media\/4678"}],"wp:attachment":[{"href":"https:\/\/macronaturalsshop.com\/index.php?rest_route=%2Fwp%2Fv2%2Fmedia&parent=4677"}],"wp:term":[{"taxonomy":"product_brand","embeddable":true,"href":"https:\/\/macronaturalsshop.com\/index.php?rest_route=%2Fwp%2Fv2%2Fproduct_brand&post=4677"},{"taxonomy":"product_cat","embeddable":true,"href":"https:\/\/macronaturalsshop.com\/index.php?rest_route=%2Fwp%2Fv2%2Fproduct_cat&post=4677"},{"taxonomy":"product_tag","embeddable":true,"href":"https:\/\/macronaturalsshop.com\/index.php?rest_route=%2Fwp%2Fv2%2Fproduct_tag&post=4677"}],"curies":[{"name":"wp","href":"https:\/\/api.w.org\/{rel}","templated":true}]}}