{"id":4778,"date":"2025-07-22T21:24:33","date_gmt":"2025-07-22T21:24:33","guid":{"rendered":"https:\/\/macronaturalsshop.com\/?post_type=product&#038;p=4778"},"modified":"2025-07-23T03:53:04","modified_gmt":"2025-07-23T03:53:04","slug":"aceite-cremoso-para-masaje-naranja-200ml","status":"publish","type":"product","link":"https:\/\/macronaturalsshop.com\/?product=aceite-cremoso-para-masaje-naranja-200ml","title":{"rendered":"Aceite Cremoso Para Masaje Naranja 200ml"},"content":{"rendered":"<p>Una de las propiedades m\u00e1s importantes del aceite de naranja es que es un potente antidepresivo y relajante. Es muy usado en aromaterapia para ayudar a calmar el estr\u00e9s, favorecer la relajaci\u00f3n del cuerpo y la mente y dejar una sensaci\u00f3n muy agradable en aquellos pacientes que sufren de ansiedad o cuadros depresivos en su d\u00eda a d\u00eda.<br \/>\nComo aceite de masaje o empleado en ba\u00f1os de inmersi\u00f3n, este aceite destaca por su acci\u00f3n diur\u00e9tica. As\u00ed, favorece la estimulaci\u00f3n del sistema linf\u00e1tico, ayuda a eliminar toxinas del cuerpo, combatir la retenci\u00f3n de l\u00edquidos, desinflamar las piernas hinchadas liber\u00e1ndonos de la sensaci\u00f3n de pesadez y rigidez.<\/p>\n","protected":false},"excerpt":{"rendered":"<p>Una de las propiedades m\u00e1s importantes del aceite de naranja es que es un potente antidepresivo y relajante<\/p>\n","protected":false},"featured_media":4779,"comment_status":"open","ping_status":"closed","template":"","meta":[],"product_brand":[472],"product_cat":[374,408,413],"product_tag":[530,502,500,501,520,535,503],"class_list":{"0":"post-4778","1":"product","2":"type-product","3":"status-publish","4":"has-post-thumbnail","6":"product_brand-jhomi","7":"product_cat-aceites-esenciales","8":"product_cat-cuidado-personal","9":"product_cat-unguento","10":"product_tag-control-de-estres","11":"product_tag-heredia","12":"product_tag-macrobiotica","13":"product_tag-natural","14":"product_tag-natural-shop","15":"product_tag-relajante","16":"product_tag-san-pablo","18":"first","19":"instock","20":"shipping-taxable","21":"purchasable","22":"product-type-simple"},"jetpack_sharing_enabled":true,"_links":{"self":[{"href":"https:\/\/macronaturalsshop.com\/index.php?rest_route=\/wp\/v2\/product\/4778"}],"collection":[{"href":"https:\/\/macronaturalsshop.com\/index.php?rest_route=\/wp\/v2\/product"}],"about":[{"href":"https:\/\/macronaturalsshop.com\/index.php?rest_route=\/wp\/v2\/types\/product"}],"replies":[{"embeddable":true,"href":"https:\/\/macronaturalsshop.com\/index.php?rest_route=%2Fwp%2Fv2%2Fcomments&post=4778"}],"wp:featuredmedia":[{"embeddable":true,"href":"https:\/\/macronaturalsshop.com\/index.php?rest_route=\/wp\/v2\/media\/4779"}],"wp:attachment":[{"href":"https:\/\/macronaturalsshop.com\/index.php?rest_route=%2Fwp%2Fv2%2Fmedia&parent=4778"}],"wp:term":[{"taxonomy":"product_brand","embeddable":true,"href":"https:\/\/macronaturalsshop.com\/index.php?rest_route=%2Fwp%2Fv2%2Fproduct_brand&post=4778"},{"taxonomy":"product_cat","embeddable":true,"href":"https:\/\/macronaturalsshop.com\/index.php?rest_route=%2Fwp%2Fv2%2Fproduct_cat&post=4778"},{"taxonomy":"product_tag","embeddable":true,"href":"https:\/\/macronaturalsshop.com\/index.php?rest_route=%2Fwp%2Fv2%2Fproduct_tag&post=4778"}],"curies":[{"name":"wp","href":"https:\/\/api.w.org\/{rel}","templated":true}]}}